fd45fa76-ee44-4d42-b2fa-89d70d957482	2024-09-01	35	6	1		2024-09-01 11:00:00+08	2024-09-02 11:00:00+08	1.0	\N	\N	\N	\N	f	9	\N	0	1	{"duration": {"duration": 43200.0, "workday": 1.0, "hours": 12.0, "minutes": 720.0}}
44a1c269-86dc-4f94-810d-2459827058d5	2024-09-02	36	0	1		2024-09-02 11:00:00+08	2024-09-03 11:00:00+08	1.0	2024-09-02 19:55:58+08	2024-09-03 05:01:02+08	\N	\N	f	9	\N	0	1	{"paycode_1": {"duration": 32700, "workday": 0.8, "hours": 9.1, "minutes": 545.0}, "duration": {"duration": 43200.0, "workday": 1.0, "hours": 12.0, "minutes": 720.0}, "total_hrs": {"duration": 32700, "workday": 0.8, "hours": 9.1, "minutes": 545.0}, "worked_hrs": {"duration": 32700, "workday": 0.8, "hours": 9.1, "minutes": 545.0}}
9856faa3-4622-49a7-bf4b-148ab5c41b26	2024-09-03	36	1	1		2024-09-03 11:00:00+08	2024-09-04 11:00:00+08	1.0	2024-09-03 19:52:02+08	2024-09-04 05:36:54+08	\N	\N	f	9	\N	0	1	{"paycode_1": {"duration": 35040, "workday": 0.8, "hours": 9.7, "minutes": 584.0}, "duration": {"duration": 43200.0, "workday": 1.0, "hours": 12.0, "minutes": 720.0}, "total_hrs": {"duration": 35040, "workday": 0.8, "hours": 9.7, "minutes": 584.0}, "worked_hrs": {"duration": 35040, "workday": 0.8, "hours": 9.7, "minutes": 584.0}}
2b67ab47-c978-411b-a521-e426f4a6568a	2024-09-04	36	2	1		2024-09-04 11:00:00+08	2024-09-05 11:00:00+08	1.0	2024-09-04 20:08:11+08	2024-09-05 05:03:49+08	\N	\N	f	9	\N	0	1	{"paycode_1": {"duration": 32100, "workday": 0.7, "hours": 8.9, "minutes": 535.0}, "duration": {"duration": 43200.0, "workday": 1.0, "hours": 12.0, "minutes": 720.0}, "total_hrs": {"duration": 32100, "workday": 0.7, "hours": 8.9, "minutes": 535.0}, "worked_hrs": {"duration": 32100, "workday": 0.7, "hours": 8.9, "minutes": 535.0}}
d74c03fa-25e1-46cd-938d-3978e4799c46	2024-09-05	36	3	1		2024-09-05 11:00:00+08	2024-09-06 11:00:00+08	1.0	2024-09-05 20:17:05+08	2024-09-06 05:02:00+08	\N	\N	f	9	\N	0	1	{"paycode_1": {"duration": 31440, "workday": 0.7, "hours": 8.7, "minutes": 524.0}, "duration": {"duration": 43200.0, "workday": 1.0, "hours": 12.0, "minutes": 720.0}, "total_hrs": {"duration": 31440, "workday": 0.7, "hours": 8.7, "minutes": 524.0}, "worked_hrs": {"duration": 31440, "workday": 0.7, "hours": 8.7, "minutes": 524.0}}
10e1a8ee-6ac1-4ef0-9557-b8646b56ff68	2024-09-06	36	4	1		2024-09-06 11:00:00+08	2024-09-07 11:00:00+08	1.0	2024-09-06 19:56:56+08	2024-09-07 02:52:38+08	\N	\N	f	9	\N	0	1	{"paycode_1": {"duration": 24900, "workday": 0.6, "hours": 6.9, "minutes": 415.0}, "duration": {"duration": 43200.0, "workday": 1.0, "hours": 12.0, "minutes": 720.0}, "total_hrs": {"duration": 24900, "workday": 0.6, "hours": 6.9, "minutes": 415.0}, "worked_hrs": {"duration": 24900, "workday": 0.6, "hours": 6.9, "minutes": 415.0}}
9476170e-2ab6-4ae7-9ec4-d90ec47dc1c2	2024-09-07	36	5	1		2024-09-07 11:00:00+08	2024-09-08 11:00:00+08	1.0	\N	\N	\N	\N	f	9	\N	0	1	{"duration": {"duration": 43200.0, "workday": 1.0, "hours": 12.0, "minutes": 720.0}}
958eaf3e-bb98-4cbe-8b0e-f32b0d0fea83	2024-09-08	36	6	1		2024-09-08 11:00:00+08	2024-09-09 11:00:00+08	1.0	\N	\N	\N	\N	f	9	\N	0	1	{"duration": {"duration": 43200.0, "workday": 1.0, "hours": 12.0, "minutes": 720.0}}
565df9c3-b759-4963-892e-9f22c0ccd411	2024-09-09	37	0	1		2024-09-09 11:00:00+08	2024-09-10 11:00:00+08	1.0	2024-09-09 19:59:27+08	2024-09-10 05:00:58+08	\N	\N	f	9	\N	0	1	{"paycode_1": {"duration": 32460, "workday": 0.8, "hours": 9.0, "minutes": 541.0}, "duration": {"duration": 43200.0, "workday": 1.0, "hours": 12.0, "minutes": 720.0}, "total_hrs": {"duration": 32460, "workday": 0.8, "hours": 9.0, "minutes": 541.0}, "worked_hrs": {"duration": 32460, "workday": 0.8, "hours": 9.0, "minutes": 541.0}}
e8407c44-d22d-4c50-a967-4574596899fe	2024-09-10	37	1	1		2024-09-10 11:00:00+08	2024-09-11 11:00:00+08	1.0	2024-09-10 19:59:00+08	2024-09-11 00:22:57+08	\N	\N	f	9	\N	0	1	{"paycode_1": {"duration": 15780, "workday": 0.4, "hours": 4.4, "minutes": 263.0}, "duration": {"duration": 43200.0, "workday": 1.0, "hours": 12.0, "minutes": 720.0}, "total_hrs": {"duration": 15780, "workday": 0.4, "hours": 4.4, "minutes": 263.0}, "worked_hrs": {"duration": 15780, "workday": 0.4, "hours": 4.4, "minutes": 263.0}}
b6e5223a-a0ab-4db3-bee3-3378ac197540	2024-09-11	37	2	1		2024-09-11 11:00:00+08	2024-09-12 11:00:00+08	1.0	2024-09-11 19:59:05+08	2024-09-12 05:03:49+08	\N	\N	f	9	\N	0	1	{"paycode_1": {"duration": 32640, "workday": 0.8, "hours": 9.1, "minutes": 544.0}, "duration": {"duration": 43200.0, "workday": 1.0, "hours": 12.0, "minutes": 720.0}, "total_hrs": {"duration": 32640, "workday": 0.8, "hours": 9.1, "minutes": 544.0}, "worked_hrs": {"duration": 32640, "workday": 0.8, "hours": 9.1, "minutes": 544.0}}
494689a5-7947-4018-afba-589e5dc16d13	2024-09-12	37	3	1		2024-09-12 11:00:00+08	2024-09-13 11:00:00+08	1.0	2024-09-12 19:55:16+08	2024-09-13 05:01:07+08	\N	\N	f	9	\N	0	1	{"paycode_1": {"duration": 32700, "workday": 0.8, "hours": 9.1, "minutes": 545.0}, "duration": {"duration": 43200.0, "workday": 1.0, "hours": 12.0, "minutes": 720.0}, "total_hrs": {"duration": 32700, "workday": 0.8, "hours": 9.1, "minutes": 545.0}, "worked_hrs": {"duration": 32700, "workday": 0.8, "hours": 9.1, "minutes": 545.0}}
3cb436fe-87a1-478f-8b93-275d7c82d37e	2024-09-13	37	4	1		2024-09-13 11:00:00+08	2024-09-14 11:00:00+08	1.0	\N	\N	\N	\N	f	9	\N	0	1	{"duration": {"duration": 43200.0, "workday": 1.0, "hours": 12.0, "minutes": 720.0}}
a565a827-e178-4e13-8d45-8b6100e351a3	2024-09-14	37	5	1		2024-09-14 11:00:00+08	2024-09-15 11:00:00+08	1.0	2024-09-14 22:08:58+08	2024-09-15 05:08:37+08	\N	\N	f	9	\N	0	1	{"paycode_1": {"duration": 25140, "workday": 0.6, "hours": 7.0, "minutes": 419.0}, "duration": {"duration": 43200.0, "workday": 1.0, "hours": 12.0, "minutes": 720.0}, "total_hrs": {"duration": 25140, "workday": 0.6, "hours": 7.0, "minutes": 419.0}, "worked_hrs": {"duration": 25140, "workday": 0.6, "hours": 7.0, "minutes": 419.0}}
c244b625-3e2d-4e45-8393-907ab232154b	2024-09-15	37	6	1		2024-09-15 11:00:00+08	2024-09-16 11:00:00+08	1.0	\N	\N	\N	\N	f	9	\N	0	1	{"duration": {"duration": 43200.0, "workday": 1.0, "hours": 12.0, "minutes": 720.0}}
0894a72d-f269-4df0-a1df-36c02cfb3654	2024-09-16	38	0	1		2024-09-16 11:00:00+08	2024-09-17 11:00:00+08	1.0	\N	\N	\N	\N	f	9	\N	0	1	{"duration": {"duration": 43200.0, "workday": 1.0, "hours": 12.0, "minutes": 720.0}}
a7ead62c-0974-4683-8651-62450100d5fc	2024-09-17	38	1	1		2024-09-17 11:00:00+08	2024-09-18 11:00:00+08	1.0	\N	\N	\N	\N	f	1	\N	0	1	{"duration": {"duration": 43200.0, "workday": 1.0, "hours": 12.0, "minutes": 720.0}}
593f03b2-8dde-46f2-bb12-5469a89b628f	2024-09-17	38	1	1		2024-09-17 11:00:00+08	2024-09-18 11:00:00+08	1.0	\N	\N	\N	\N	f	10	\N	0	1	{"duration": {"duration": 43200.0, "workday": 1.0, "hours": 12.0, "minutes": 720.0}}
30eacb7f-1511-4730-8685-4934f22ae0f6	2024-09-17	38	1	1		2024-09-17 11:00:00+08	2024-09-18 11:00:00+08	1.0	\N	\N	\N	\N	f	11	\N	0	1	{"duration": {"duration": 43200.0, "workday": 1.0, "hours": 12.0, "minutes": 720.0}}
e54d6191-2af5-478e-aa59-1d1526aa9424	2024-09-17	38	1	1		2024-09-17 11:00:00+08	2024-09-18 11:00:00+08	1.0	\N	\N	\N	\N	f	12	\N	0	1	{"duration": {"duration": 43200.0, "workday": 1.0, "hours": 12.0, "minutes": 720.0}}
12896a41-67b2-421e-a069-7a58a8d6ba37	2024-09-17	38	1	1		2024-09-17 11:00:00+08	2024-09-18 11:00:00+08	1.0	\N	\N	\N	\N	f	13	\N	0	1	{"duration": {"duration": 43200.0, "workday": 1.0, "hours": 12.0, "minutes": 720.0}}
1d721d67-0544-4777-b290-0d96047ac3c7	2024-09-17	38	1	1		2024-09-17 11:00:00+08	2024-09-18 11:00:00+08	1.0	\N	\N	\N	\N	f	14	\N	0	1	{"duration": {"duration": 43200.0, "workday": 1.0, "hours": 12.0, "minutes": 720.0}}
99d1c1e7-188d-4cfa-95e1-ab3e29b6f75d	2024-09-17	38	1	1		2024-09-17 11:00:00+08	2024-09-18 11:00:00+08	1.0	\N	\N	\N	\N	f	15	\N	0	1	{"duration": {"duration": 43200.0, "workday": 1.0, "hours": 12.0, "minutes": 720.0}}
84b8472f-3cac-4f33-90d1-580d729f4b56	2024-09-17	38	1	1		2024-09-17 11:00:00+08	2024-09-18 11:00:00+08	1.0	\N	\N	\N	\N	f	16	\N	0	1	{"duration": {"duration": 43200.0, "workday": 1.0, "hours": 12.0, "minutes": 720.0}}
e9764853-ac77-411a-b866-e79f4be73a00	2024-09-17	38	1	1		2024-09-17 11:00:00+08	2024-09-18 11:00:00+08	1.0	\N	\N	\N	\N	f	17	\N	0	1	{"duration": {"duration": 43200.0, "workday": 1.0, "hours": 12.0, "minutes": 720.0}}
58507d55-439b-4a8d-9f3d-05bf1154581f	2024-09-17	38	1	1		2024-09-17 11:00:00+08	2024-09-18 11:00:00+08	1.0	\N	\N	\N	\N	f	18	\N	0	1	{"duration": {"duration": 43200.0, "workday": 1.0, "hours": 12.0, "minutes": 720.0}}
b44b43f4-5874-4e36-965e-10483903fee1	2024-09-17	38	1	1		2024-09-17 11:00:00+08	2024-09-18 11:00:00+08	1.0	\N	\N	\N	\N	f	19	\N	0	1	{"duration": {"duration": 43200.0, "workday": 1.0, "hours": 12.0, "minutes": 720.0}}
87d03f83-0ae5-4dc7-bade-d7541a48dd5e	2024-09-17	38	1	1		2024-09-17 11:00:00+08	2024-09-18 11:00:00+08	1.0	\N	\N	\N	\N	f	2	\N	0	1	{"duration": {"duration": 43200.0, "workday": 1.0, "hours": 12.0, "minutes": 720.0}}
f4b709d5-a334-47d9-bd94-9158b1a51d42	2024-09-17	38	1	1		2024-09-17 11:00:00+08	2024-09-18 11:00:00+08	1.0	\N	\N	\N	\N	f	20	\N	0	1	{"duration": {"duration": 43200.0, "workday": 1.0, "hours": 12.0, "minutes": 720.0}}
cc1d056c-f049-415f-9d61-d0f3570a218a	2024-09-17	38	1	1		2024-09-17 11:00:00+08	2024-09-18 11:00:00+08	1.0	\N	\N	\N	\N	f	21	\N	0	1	{"duration": {"duration": 43200.0, "workday": 1.0, "hours": 12.0, "minutes": 720.0}}
01faf66d-bf6f-499f-b7ac-683bc2949e0e	2024-09-17	38	1	1		2024-09-17 11:00:00+08	2024-09-18 11:00:00+08	1.0	\N	\N	\N	\N	f	22	\N	0	1	{"duration": {"duration": 43200.0, "workday": 1.0, "hours": 12.0, "minutes": 720.0}}
19f199c8-14dc-43c1-91d5-2bd7a1b5baed	2024-09-17	38	1	1		2024-09-17 11:00:00+08	2024-09-18 11:00:00+08	1.0	\N	\N	\N	\N	f	23	\N	0	1	{"duration": {"duration": 43200.0, "workday": 1.0, "hours": 12.0, "minutes": 720.0}}
00d1753d-b5bc-46d9-bfc0-fb791cd46fbb	2024-09-17	38	1	1		2024-09-17 11:00:00+08	2024-09-18 11:00:00+08	1.0	\N	\N	\N	\N	f	24	\N	0	1	{"duration": {"duration": 43200.0, "workday": 1.0, "hours": 12.0, "minutes": 720.0}}
413203c8-ec9d-4ad0-a585-756f3f90dbfb	2024-09-17	38	1	1		2024-09-17 11:00:00+08	2024-09-18 11:00:00+08	1.0	\N	\N	\N	\N	f	25	\N	0	1	{"duration": {"duration": 43200.0, "workday": 1.0, "hours": 12.0, "minutes": 720.0}}
e7196910-6ac5-420d-ae43-8f19fdae545e	2024-09-17	38	1	1		2024-09-17 11:00:00+08	2024-09-18 11:00:00+08	1.0	\N	\N	\N	\N	f	26	\N	0	1	{"duration": {"duration": 43200.0, "workday": 1.0, "hours": 12.0, "minutes": 720.0}}
425ece40-e09c-41a3-9a43-92871431059a	2024-09-17	38	1	1		2024-09-17 11:00:00+08	2024-09-18 11:00:00+08	1.0	\N	\N	\N	\N	f	27	\N	0	1	{"duration": {"duration": 43200.0, "workday": 1.0, "hours": 12.0, "minutes": 720.0}}
e3e1c845-c6b1-4904-bda2-f1020fca0d72	2024-09-17	38	1	1		2024-09-17 11:00:00+08	2024-09-18 11:00:00+08	1.0	\N	\N	\N	\N	f	28	\N	0	1	{"duration": {"duration": 43200.0, "workday": 1.0, "hours": 12.0, "minutes": 720.0}}
111e6e3f-74f5-4113-aa7a-97f4ef10a9ff	2024-09-17	38	1	1		2024-09-17 11:00:00+08	2024-09-18 11:00:00+08	1.0	\N	\N	\N	\N	f	29	\N	0	1	{"duration": {"duration": 43200.0, "workday": 1.0, "hours": 12.0, "minutes": 720.0}}
00b26939-bc99-46c9-9afd-d88400c40166	2024-09-17	38	1	1		2024-09-17 11:00:00+08	2024-09-18 11:00:00+08	1.0	\N	\N	\N	\N	f	3	\N	0	1	{"duration": {"duration": 43200.0, "workday": 1.0, "hours": 12.0, "minutes": 720.0}}
2a3c3208-dabf-45af-a75b-dba969957b8f	2024-09-17	38	1	1		2024-09-17 11:00:00+08	2024-09-18 11:00:00+08	1.0	\N	\N	\N	\N	f	30	\N	0	1	{"duration": {"duration": 43200.0, "workday": 1.0, "hours": 12.0, "minutes": 720.0}}
f9419d0b-4f51-4472-8be9-43e2683f02be	2024-09-17	38	1	1		2024-09-17 11:00:00+08	2024-09-18 11:00:00+08	1.0	\N	\N	\N	\N	f	31	\N	0	1	{"duration": {"duration": 43200.0, "workday": 1.0, "hours": 12.0, "minutes": 720.0}}
943c8c67-ba30-4a31-8ffa-205877ba850a	2024-09-17	38	1	1		2024-09-17 11:00:00+08	2024-09-18 11:00:00+08	1.0	\N	\N	\N	\N	f	32	\N	0	1	{"duration": {"duration": 43200.0, "workday": 1.0, "hours": 12.0, "minutes": 720.0}}
c8f0c6bb-b883-4884-9918-993c667f0be4	2024-09-17	38	1	1		2024-09-17 11:00:00+08	2024-09-18 11:00:00+08	1.0	\N	\N	\N	\N	f	33	\N	0	1	{"duration": {"duration": 43200.0, "workday": 1.0, "hours": 12.0, "minutes": 720.0}}
315f714b-5f8b-40ca-a696-44682b56582c	2024-09-17	38	1	1		2024-09-17 11:00:00+08	2024-09-18 11:00:00+08	1.0	\N	\N	\N	\N	f	34	\N	0	1	{"duration": {"duration": 43200.0, "workday": 1.0, "hours": 12.0, "minutes": 720.0}}
12eacba8-2ee5-4ff7-9837-7b39bfbad122	2024-09-17	38	1	1		2024-09-17 11:00:00+08	2024-09-18 11:00:00+08	1.0	\N	\N	\N	\N	f	35	\N	0	1	{"duration": {"duration": 43200.0, "workday": 1.0, "hours": 12.0, "minutes": 720.0}}
a873e233-c6ce-474c-aa05-1315b8a5158d	2024-09-17	38	1	1		2024-09-17 11:00:00+08	2024-09-18 11:00:00+08	1.0	\N	\N	\N	\N	f	36	\N	0	1	{"duration": {"duration": 43200.0, "workday": 1.0, "hours": 12.0, "minutes": 720.0}}
b58c1588-2714-49c4-bfc2-b4e1905bca2a	2024-09-17	38	1	1		2024-09-17 11:00:00+08	2024-09-18 11:00:00+08	1.0	\N	\N	\N	\N	f	37	\N	0	1	{"duration": {"duration": 43200.0, "workday": 1.0, "hours": 12.0, "minutes": 720.0}}
736d1335-04c0-4c9e-a4ad-0defd6c45673	2024-09-17	38	1	1		2024-09-17 11:00:00+08	2024-09-18 11:00:00+08	1.0	\N	\N	\N	\N	f	38	\N	0	1	{"duration": {"duration": 43200.0, "workday": 1.0, "hours": 12.0, "minutes": 720.0}}
22f06306-a4c7-459e-a1e8-2c497594d6fa	2024-09-17	38	1	1		2024-09-17 11:00:00+08	2024-09-18 11:00:00+08	1.0	\N	\N	\N	\N	f	4	\N	0	1	{"duration": {"duration": 43200.0, "workday": 1.0, "hours": 12.0, "minutes": 720.0}}
959d3b47-858f-4b84-8cbc-3005904a684e	2024-09-17	38	1	1		2024-09-17 11:00:00+08	2024-09-18 11:00:00+08	1.0	\N	\N	\N	\N	f	40	\N	0	1	{"duration": {"duration": 43200.0, "workday": 1.0, "hours": 12.0, "minutes": 720.0}}
680ae44b-533a-42cb-a2fe-d55d16635fe9	2024-09-17	38	1	1		2024-09-17 11:00:00+08	2024-09-18 11:00:00+08	1.0	\N	\N	\N	\N	f	41	\N	0	1	{"duration": {"duration": 43200.0, "workday": 1.0, "hours": 12.0, "minutes": 720.0}}
fd7567fa-3f8d-4108-8d4f-61869fad8e8d	2024-09-17	38	1	1		2024-09-17 11:00:00+08	2024-09-18 11:00:00+08	1.0	\N	\N	\N	\N	f	42	\N	0	1	{"duration": {"duration": 43200.0, "workday": 1.0, "hours": 12.0, "minutes": 720.0}}
640aefbf-e0ce-47f2-a1ee-84c18b506aff	2024-09-17	38	1	1		2024-09-17 11:00:00+08	2024-09-18 11:00:00+08	1.0	\N	\N	\N	\N	f	43	\N	0	1	{"duration": {"duration": 43200.0, "workday": 1.0, "hours": 12.0, "minutes": 720.0}}
e9d8a3cf-6944-415b-9204-c5d4a713bc4e	2024-09-17	38	1	1		2024-09-17 11:00:00+08	2024-09-18 11:00:00+08	1.0	\N	\N	\N	\N	f	45	\N	0	1	{"duration": {"duration": 43200.0, "workday": 1.0, "hours": 12.0, "minutes": 720.0}}
908cc337-d097-4fe2-a454-3be1903a7b92	2024-09-17	38	1	1		2024-09-17 11:00:00+08	2024-09-18 11:00:00+08	1.0	\N	\N	\N	\N	f	46	\N	0	1	{"duration": {"duration": 43200.0, "workday": 1.0, "hours": 12.0, "minutes": 720.0}}
0647321c-9432-4e8d-998f-024a4ee98098	2024-09-17	38	1	1		2024-09-17 11:00:00+08	2024-09-18 11:00:00+08	1.0	\N	\N	\N	\N	f	47	\N	0	1	{"duration": {"duration": 43200.0, "workday": 1.0, "hours": 12.0, "minutes": 720.0}}
7dd1fb65-75b0-4161-a94e-80b5db9ba320	2024-09-28	39	5	1		2024-09-28 11:00:00+08	2024-09-29 11:00:00+08	1.0	\N	\N	\N	\N	f	1	\N	0	1	{"duration": {"duration": 43200.0, "workday": 1.0, "hours": 12.0, "minutes": 720.0}}
0e811636-85cd-4919-85ff-828db6497c22	2024-09-17	38	1	1		2024-09-17 11:00:00+08	2024-09-18 11:00:00+08	1.0	\N	\N	\N	\N	f	49	\N	0	1	{"duration": {"duration": 43200.0, "workday": 1.0, "hours": 12.0, "minutes": 720.0}}
c426a97c-c493-4253-b382-4193a67c26da	2024-09-17	38	1	1		2024-09-17 11:00:00+08	2024-09-18 11:00:00+08	1.0	\N	\N	\N	\N	f	5	\N	0	1	{"duration": {"duration": 43200.0, "workday": 1.0, "hours": 12.0, "minutes": 720.0}}
c5bf4bdb-fb8d-46bf-8491-0e3386a0226c	2024-09-17	38	1	1		2024-09-17 11:00:00+08	2024-09-18 11:00:00+08	1.0	\N	\N	\N	\N	f	50	\N	0	1	{"duration": {"duration": 43200.0, "workday": 1.0, "hours": 12.0, "minutes": 720.0}}
c26f96e8-6f2d-41f4-9fef-9b6297e34124	2024-09-17	38	1	1		2024-09-17 11:00:00+08	2024-09-18 11:00:00+08	1.0	\N	\N	\N	\N	f	51	\N	0	1	{"duration": {"duration": 43200.0, "workday": 1.0, "hours": 12.0, "minutes": 720.0}}
3b46274c-73ee-4eb1-a7ae-6820a43c7210	2024-09-17	38	1	1		2024-09-17 11:00:00+08	2024-09-18 11:00:00+08	1.0	\N	\N	\N	\N	f	52	\N	0	1	{"duration": {"duration": 43200.0, "workday": 1.0, "hours": 12.0, "minutes": 720.0}}
81bb3300-1019-4edd-9e4d-589b55b34287	2024-09-17	38	1	1		2024-09-17 11:00:00+08	2024-09-18 11:00:00+08	1.0	\N	\N	\N	\N	f	53	\N	0	1	{"duration": {"duration": 43200.0, "workday": 1.0, "hours": 12.0, "minutes": 720.0}}
e9518e32-b757-49dd-a16b-bd6563bc4130	2024-09-17	38	1	1		2024-09-17 11:00:00+08	2024-09-18 11:00:00+08	1.0	\N	\N	\N	\N	f	55	\N	0	1	{"duration": {"duration": 43200.0, "workday": 1.0, "hours": 12.0, "minutes": 720.0}}
1d46afe7-eb2d-4095-b304-7581a5e0937c	2024-09-17	38	1	1		2024-09-17 11:00:00+08	2024-09-18 11:00:00+08	1.0	\N	\N	\N	\N	f	56	\N	0	1	{"duration": {"duration": 43200.0, "workday": 1.0, "hours": 12.0, "minutes": 720.0}}
a2b5a4ea-2073-4c43-a320-f5ace6370984	2024-09-17	38	1	1		2024-09-17 11:00:00+08	2024-09-18 11:00:00+08	1.0	\N	\N	\N	\N	f	6	\N	0	1	{"duration": {"duration": 43200.0, "workday": 1.0, "hours": 12.0, "minutes": 720.0}}
ed7bd191-1f83-4275-9854-58db7232f3c7	2024-09-29	39	6	1		2024-09-29 11:00:00+08	2024-09-30 11:00:00+08	1.0	\N	\N	\N	\N	f	1	\N	0	1	{"duration": {"duration": 43200.0, "workday": 1.0, "hours": 12.0, "minutes": 720.0}}
cf33f60d-62e6-4a91-b0cc-072ee179ed1f	2024-09-17	38	1	1		2024-09-17 11:00:00+08	2024-09-18 11:00:00+08	1.0	\N	\N	\N	\N	f	8	\N	0	1	{"duration": {"duration": 43200.0, "workday": 1.0, "hours": 12.0, "minutes": 720.0}}
98449882-726c-42d2-99d0-b530710e56c7	2024-09-17	38	1	1		2024-09-17 11:00:00+08	2024-09-18 11:00:00+08	1.0	\N	\N	\N	\N	f	9	\N	0	1	{"duration": {"duration": 43200.0, "workday": 1.0, "hours": 12.0, "minutes": 720.0}}
6e509f13-b7cc-4024-8cc1-0ad1c744eafd	2024-09-18	38	2	1		2024-09-18 11:00:00+08	2024-09-19 11:00:00+08	1.0	\N	\N	\N	\N	f	1	\N	0	1	{"duration": {"duration": 43200.0, "workday": 1.0, "hours": 12.0, "minutes": 720.0}}
433e3570-e664-47fb-b84b-12d130508556	2024-09-19	38	3	1		2024-09-19 11:00:00+08	2024-09-20 11:00:00+08	1.0	\N	\N	\N	\N	f	1	\N	0	1	{"duration": {"duration": 43200.0, "workday": 1.0, "hours": 12.0, "minutes": 720.0}}
d72fcb94-ed8a-46a8-9cbb-5f2c66dc3ac4	2024-09-20	38	4	1		2024-09-20 11:00:00+08	2024-09-21 11:00:00+08	1.0	\N	\N	\N	\N	f	1	\N	0	1	{"duration": {"duration": 43200.0, "workday": 1.0, "hours": 12.0, "minutes": 720.0}}
0ff47444-306b-4488-bb4a-1b95167612e6	2024-09-21	38	5	1		2024-09-21 11:00:00+08	2024-09-22 11:00:00+08	1.0	\N	\N	\N	\N	f	1	\N	0	1	{"duration": {"duration": 43200.0, "workday": 1.0, "hours": 12.0, "minutes": 720.0}}
b1099a9b-b0bc-4763-b551-ccff1852f9bc	2024-09-22	38	6	1		2024-09-22 11:00:00+08	2024-09-23 11:00:00+08	1.0	\N	\N	\N	\N	f	1	\N	0	1	{"duration": {"duration": 43200.0, "workday": 1.0, "hours": 12.0, "minutes": 720.0}}
9b77b984-b557-4fe6-80f2-edcb1606e0fc	2024-09-23	39	0	1		2024-09-23 11:00:00+08	2024-09-24 11:00:00+08	1.0	\N	\N	\N	\N	f	1	\N	0	1	{"duration": {"duration": 43200.0, "workday": 1.0, "hours": 12.0, "minutes": 720.0}}
51e69e7a-f9b5-4c6a-a363-4edeac95db88	2024-09-24	39	1	1		2024-09-24 11:00:00+08	2024-09-25 11:00:00+08	1.0	\N	\N	\N	\N	f	1	\N	0	1	{"duration": {"duration": 43200.0, "workday": 1.0, "hours": 12.0, "minutes": 720.0}}
2c7491ee-5000-4643-960a-0e7f23c8a499	2024-09-25	39	2	1		2024-09-25 11:00:00+08	2024-09-26 11:00:00+08	1.0	\N	\N	\N	\N	f	1	\N	0	1	{"duration": {"duration": 43200.0, "workday": 1.0, "hours": 12.0, "minutes": 720.0}}
f8793323-8b3a-4c2b-b2e0-d0bcc033ed99	2024-09-26	39	3	1		2024-09-26 11:00:00+08	2024-09-27 11:00:00+08	1.0	\N	\N	\N	\N	f	1	\N	0	1	{"duration": {"duration": 43200.0, "workday": 1.0, "hours": 12.0, "minutes": 720.0}}
49ae0c83-26c7-440d-a093-5c0d33ca8eff	2024-09-27	39	4	1		2024-09-27 11:00:00+08	2024-09-28 11:00:00+08	1.0	\N	\N	\N	\N	f	1	\N	0	1	{"duration": {"duration": 43200.0, "workday": 1.0, "hours": 12.0, "minutes": 720.0}}
7cd82636-13e8-40b2-8bcd-dfd847967dbd	2024-09-30	40	0	1		2024-09-30 11:00:00+08	2024-10-01 11:00:00+08	1.0	\N	\N	\N	\N	f	1	\N	0	1	{"duration": {"duration": 43200.0, "workday": 1.0, "hours": 12.0, "minutes": 720.0}}
943eec48-1731-42cb-a573-9af2cfa4a625	2024-10-01	40	1	1		2024-10-01 11:00:00+08	2024-10-02 11:00:00+08	1.0	\N	\N	\N	\N	f	1	\N	0	1	{"duration": {"duration": 43200.0, "workday": 1.0, "hours": 12.0, "minutes": 720.0}}
6653735f-da6e-4fa8-95f6-f52a2b6e4e9e	2024-10-02	40	2	1		2024-10-02 11:00:00+08	2024-10-03 11:00:00+08	1.0	\N	\N	\N	\N	f	1	\N	0	1	{"duration": {"duration": 43200.0, "workday": 1.0, "hours": 12.0, "minutes": 720.0}}
57fe8927-0a1e-4abe-bd0e-ed772e440370	2024-10-03	40	3	1		2024-10-03 11:00:00+08	2024-10-04 11:00:00+08	1.0	\N	\N	\N	\N	f	1	\N	0	1	{"duration": {"duration": 43200.0, "workday": 1.0, "hours": 12.0, "minutes": 720.0}}
3c085897-282c-423b-9315-00c24a415206	2024-10-04	40	4	1		2024-10-04 11:00:00+08	2024-10-05 11:00:00+08	1.0	\N	\N	\N	\N	f	1	\N	0	1	{"duration": {"duration": 43200.0, "workday": 1.0, "hours": 12.0, "minutes": 720.0}}
e878015e-a090-4abc-a535-c5f3ac9f817a	2024-10-05	40	5	1		2024-10-05 11:00:00+08	2024-10-06 11:00:00+08	1.0	\N	\N	\N	\N	f	1	\N	0	1	{"duration": {"duration": 43200.0, "workday": 1.0, "hours": 12.0, "minutes": 720.0}}
94dd5742-3289-49aa-9790-abbc6a59fbd2	2024-10-06	40	6	1		2024-10-06 11:00:00+08	2024-10-07 11:00:00+08	1.0	\N	\N	\N	\N	f	1	\N	0	1	{"duration": {"duration": 43200.0, "workday": 1.0, "hours": 12.0, "minutes": 720.0}}
b9dd53d8-5050-4bc4-8c09-4585be4e0b3e	2024-10-07	41	0	1		2024-10-07 11:00:00+08	2024-10-08 11:00:00+08	1.0	\N	\N	\N	\N	f	1	\N	0	1	{"duration": {"duration": 43200.0, "workday": 1.0, "hours": 12.0, "minutes": 720.0}}
972730e2-1e30-4ed9-af0d-8ef211015501	2024-10-08	41	1	1		2024-10-08 11:00:00+08	2024-10-09 11:00:00+08	1.0	\N	\N	\N	\N	f	1	\N	0	1	{"duration": {"duration": 43200.0, "workday": 1.0, "hours": 12.0, "minutes": 720.0}}
b09e81c0-4000-44c8-8448-7adf308d5fce	2024-10-09	41	2	1		2024-10-09 11:00:00+08	2024-10-10 11:00:00+08	1.0	\N	\N	\N	\N	f	1	\N	0	1	{"duration": {"duration": 43200.0, "workday": 1.0, "hours": 12.0, "minutes": 720.0}}
b3e8b337-04af-4825-966d-ea49fbd75b18	2024-10-10	41	3	1		2024-10-10 11:00:00+08	2024-10-11 11:00:00+08	1.0	\N	\N	\N	\N	f	1	\N	0	1	{"duration": {"duration": 43200.0, "workday": 1.0, "hours": 12.0, "minutes": 720.0}}
fce2543c-e4cf-4773-b856-2390096dd30e	2024-10-11	41	4	1		2024-10-11 11:00:00+08	2024-10-12 11:00:00+08	1.0	\N	\N	\N	\N	f	1	\N	0	1	{"duration": {"duration": 43200.0, "workday": 1.0, "hours": 12.0, "minutes": 720.0}}
aef2160c-b955-4512-b50e-074f4e6d7cd3	2024-10-12	41	5	1		2024-10-12 11:00:00+08	2024-10-13 11:00:00+08	1.0	\N	\N	\N	\N	f	1	\N	0	1	{"duration": {"duration": 43200.0, "workday": 1.0, "hours": 12.0, "minutes": 720.0}}
76269771-4fa5-4aea-b323-0e3207bd273e	2024-10-13	41	6	1		2024-10-13 11:00:00+08	2024-10-14 11:00:00+08	1.0	\N	\N	\N	\N	f	1	\N	0	1	{"duration": {"duration": 43200.0, "workday": 1.0, "hours": 12.0, "minutes": 720.0}}
54db3e25-41f9-4995-a822-8f47a8f22fff	2024-10-14	42	0	1		2024-10-14 11:00:00+08	2024-10-15 11:00:00+08	1.0	\N	\N	\N	\N	f	1	\N	0	1	{"duration": {"duration": 43200.0, "workday": 1.0, "hours": 12.0, "minutes": 720.0}}
fbe05b1c-8b5f-4ecf-bd7f-d2e40381d7e7	2024-10-15	42	1	1		2024-10-15 11:00:00+08	2024-10-16 11:00:00+08	1.0	\N	\N	\N	\N	f	1	\N	0	1	{"duration": {"duration": 43200.0, "workday": 1.0, "hours": 12.0, "minutes": 720.0}}
bb12daeb-dd5a-4af9-a6b6-b610e48b2555	2024-10-16	42	2	1		2024-10-16 11:00:00+08	2024-10-17 11:00:00+08	1.0	\N	\N	\N	\N	f	1	\N	0	1	{"duration": {"duration": 43200.0, "workday": 1.0, "hours": 12.0, "minutes": 720.0}}
026eed2e-eedd-48fe-bc80-51ecd48fc0f0	2024-10-17	42	3	1		2024-10-17 11:00:00+08	2024-10-18 11:00:00+08	1.0	\N	\N	\N	\N	f	1	\N	0	1	{"duration": {"duration": 43200.0, "workday": 1.0, "hours": 12.0, "minutes": 720.0}}
f4700178-c275-4bb5-afcb-9cf2a683ef52	2024-10-18	42	4	1		2024-10-18 11:00:00+08	2024-10-19 11:00:00+08	1.0	\N	\N	\N	\N	f	1	\N	0	1	{"duration": {"duration": 43200.0, "workday": 1.0, "hours": 12.0, "minutes": 720.0}}
87700040-efce-4c2a-bbda-576dce19cc26	2024-10-19	42	5	1		2024-10-19 11:00:00+08	2024-10-20 11:00:00+08	1.0	\N	\N	\N	\N	f	1	\N	0	1	{"duration": {"duration": 43200.0, "workday": 1.0, "hours": 12.0, "minutes": 720.0}}
375a219a-6bcd-4414-a595-3d9d826ef683	2024-10-20	42	6	1		2024-10-20 11:00:00+08	2024-10-21 11:00:00+08	1.0	\N	\N	\N	\N	f	1	\N	0	1	{"duration": {"duration": 43200.0, "workday": 1.0, "hours": 12.0, "minutes": 720.0}}
3190af0e-d0a9-4f22-acd5-8eba06b7332f	2024-10-21	43	0	1		2024-10-21 11:00:00+08	2024-10-22 11:00:00+08	1.0	\N	\N	\N	\N	f	1	\N	0	1	{"duration": {"duration": 43200.0, "workday": 1.0, "hours": 12.0, "minutes": 720.0}}
f7852c57-8276-4858-a1e5-d6cc8aa30b47	2024-10-22	43	1	1		2024-10-22 11:00:00+08	2024-10-23 11:00:00+08	1.0	\N	\N	\N	\N	f	1	\N	0	1	{"duration": {"duration": 43200.0, "workday": 1.0, "hours": 12.0, "minutes": 720.0}}
aacf9d20-3766-418e-8e90-e6be6d5c196b	2024-10-23	43	2	1		2024-10-23 11:00:00+08	2024-10-24 11:00:00+08	1.0	\N	\N	\N	\N	f	1	\N	0	1	{"duration": {"duration": 43200.0, "workday": 1.0, "hours": 12.0, "minutes": 720.0}}
2341dd14-ebad-4e14-aa65-4e45dd56263b	2024-10-24	43	3	1		2024-10-24 11:00:00+08	2024-10-25 11:00:00+08	1.0	\N	\N	\N	\N	f	1	\N	0	1	{"duration": {"duration": 43200.0, "workday": 1.0, "hours": 12.0, "minutes": 720.0}}
3fa8bbc4-d07d-426d-a37f-4c02ca49c96f	2024-10-25	43	4	1		2024-10-25 11:00:00+08	2024-10-26 11:00:00+08	1.0	\N	\N	\N	\N	f	1	\N	0	1	{"duration": {"duration": 43200.0, "workday": 1.0, "hours": 12.0, "minutes": 720.0}}
54887653-7c8d-4147-8930-ae484eb13c2e	2024-10-26	43	5	1		2024-10-26 11:00:00+08	2024-10-27 11:00:00+08	1.0	\N	\N	\N	\N	f	1	\N	0	1	{"duration": {"duration": 43200.0, "workday": 1.0, "hours": 12.0, "minutes": 720.0}}
10c775e4-09fa-49a8-a379-4c5439f65a2e	2024-10-27	43	6	1		2024-10-27 11:00:00+08	2024-10-28 11:00:00+08	1.0	\N	\N	\N	\N	f	1	\N	0	1	{"duration": {"duration": 43200.0, "workday": 1.0, "hours": 12.0, "minutes": 720.0}}
1bc76e47-4acf-42b9-966e-898fd862a5f8	2024-10-28	44	0	1		2024-10-28 11:00:00+08	2024-10-29 11:00:00+08	1.0	\N	\N	\N	\N	f	1	\N	0	1	{"duration": {"duration": 43200.0, "workday": 1.0, "hours": 12.0, "minutes": 720.0}}
3c3b2af5-e6e1-48d1-9fd3-3ca64eefe7a1	2024-10-29	44	1	1		2024-10-29 11:00:00+08	2024-10-30 11:00:00+08	1.0	\N	\N	\N	\N	f	1	\N	0	1	{"duration": {"duration": 43200.0, "workday": 1.0, "hours": 12.0, "minutes": 720.0}}
fed1916d-15ae-4857-89d2-5a3067914bdd	2024-10-30	44	2	1		2024-10-30 11:00:00+08	2024-10-31 11:00:00+08	1.0	\N	\N	\N	\N	f	1	\N	0	1	{"duration": {"duration": 43200.0, "workday": 1.0, "hours": 12.0, "minutes": 720.0}}
816f7993-5969-4af6-ba91-c84789d2c4e3	2024-10-31	44	3	1		2024-10-31 11:00:00+08	2024-11-01 11:00:00+08	1.0	\N	\N	\N	\N	f	1	\N	0	1	{"duration": {"duration": 43200.0, "workday": 1.0, "hours": 12.0, "minutes": 720.0}}
b3f16a74-8a42-481e-92ec-52ba49408a52	2024-11-01	44	4	1		2024-11-01 11:00:00+08	2024-11-02 11:00:00+08	1.0	\N	\N	\N	\N	f	1	\N	0	1	{"duration": {"duration": 43200.0, "workday": 1.0, "hours": 12.0, "minutes": 720.0}}
f43d07f6-9634-4156-ba5f-c059adcbf46c	2024-11-02	44	5	1		2024-11-02 11:00:00+08	2024-11-03 11:00:00+08	1.0	\N	\N	\N	\N	f	1	\N	0	1	{"duration": {"duration": 43200.0, "workday": 1.0, "hours": 12.0, "minutes": 720.0}}
a05b90ad-502b-430c-a1ce-e9c23443e6ce	2024-11-03	44	6	1		2024-11-03 11:00:00+08	2024-11-04 11:00:00+08	1.0	\N	\N	\N	\N	f	1	\N	0	1	{"duration": {"duration": 43200.0, "workday": 1.0, "hours": 12.0, "minutes": 720.0}}
8c88a6ac-36b2-4f0a-93f6-b7db73e76415	2024-11-04	45	0	1		2024-11-04 11:00:00+08	2024-11-05 11:00:00+08	1.0	\N	\N	\N	\N	f	1	\N	0	1	{"duration": {"duration": 43200.0, "workday": 1.0, "hours": 12.0, "minutes": 720.0}}
d1c30b59-3967-446a-8f6a-7b0ec16bf02b	2024-11-05	45	1	1		2024-11-05 11:00:00+08	2024-11-06 11:00:00+08	1.0	\N	\N	\N	\N	f	1	\N	0	1	{"duration": {"duration": 43200.0, "workday": 1.0, "hours": 12.0, "minutes": 720.0}}
307c676b-3c44-4543-867e-2ab49d997bc6	2024-11-06	45	2	1		2024-11-06 11:00:00+08	2024-11-07 11:00:00+08	1.0	\N	\N	\N	\N	f	1	\N	0	1	{"duration": {"duration": 43200.0, "workday": 1.0, "hours": 12.0, "minutes": 720.0}}
2213beeb-ecd8-4dc0-9b95-75cee786b800	2024-11-07	45	3	0	HORARIO GLOBAL	2024-11-07 20:00:00+08	2024-11-08 05:00:00+08	1.0	\N	\N	\N	\N	f	1	1	-1	0	{"paycode_4": {"duration": 28800, "workday": 1.0, "hours": 8.0, "minutes": 480.0}, "duration": {"duration": 32400, "workday": 1.1, "hours": 9.0, "minutes": 540.0}, "duty_duration": {"duration": 28800, "workday": 1.0, "hours": 8.0, "minutes": 480.0}, "remaining": {"duration": 28800, "workday": 1.0, "hours": 8.0, "minutes": 480.0}, "break_duration": {"duration": 3600, "workday": 0.1, "hours": 1.0, "minutes": 60.0}, "break_total_hrs": {"duration": 3600, "workday": 0.1, "hours": 1.0, "minutes": 60.0}, "break_hrs": {"duration": 3600, "workday": 0.1, "hours": 1.0, "minutes": 60.0}}
b3f5dacc-7bbc-4527-bf99-449004b61b58	2024-11-08	45	4	0	HORARIO GLOBAL	2024-11-08 20:00:00+08	2024-11-09 05:00:00+08	1.0	\N	\N	\N	\N	f	1	1	-1	0	{"paycode_4": {"duration": 28800, "workday": 1.0, "hours": 8.0, "minutes": 480.0}, "duration": {"duration": 32400, "workday": 1.1, "hours": 9.0, "minutes": 540.0}, "duty_duration": {"duration": 28800, "workday": 1.0, "hours": 8.0, "minutes": 480.0}, "remaining": {"duration": 28800, "workday": 1.0, "hours": 8.0, "minutes": 480.0}, "break_duration": {"duration": 3600, "workday": 0.1, "hours": 1.0, "minutes": 60.0}, "break_total_hrs": {"duration": 3600, "workday": 0.1, "hours": 1.0, "minutes": 60.0}, "break_hrs": {"duration": 3600, "workday": 0.1, "hours": 1.0, "minutes": 60.0}}
743e05d4-ff0b-4c63-bcbd-d3401f512135	2024-11-09	45	5	1		2024-11-09 11:00:00+08	2024-11-10 11:00:00+08	1.0	\N	\N	\N	\N	f	1	\N	0	1	{"duration": {"duration": 43200.0, "workday": 1.0, "hours": 12.0, "minutes": 720.0}}
e1cb4f59-3da3-419f-9c96-ea55ba6ec74e	2024-11-10	45	6	1		2024-11-10 11:00:00+08	2024-11-11 11:00:00+08	1.0	\N	\N	\N	\N	f	1	\N	0	1	{"duration": {"duration": 43200.0, "workday": 1.0, "hours": 12.0, "minutes": 720.0}}
f83a2c9c-ae2b-4cb7-9ee7-0874ac9b936f	2024-11-11	46	0	0	HORARIO GLOBAL	2024-11-11 20:00:00+08	2024-11-12 05:00:00+08	1.0	\N	\N	\N	\N	f	1	1	-1	0	{"paycode_4": {"duration": 28800, "workday": 1.0, "hours": 8.0, "minutes": 480.0}, "duration": {"duration": 32400, "workday": 1.1, "hours": 9.0, "minutes": 540.0}, "duty_duration": {"duration": 28800, "workday": 1.0, "hours": 8.0, "minutes": 480.0}, "remaining": {"duration": 28800, "workday": 1.0, "hours": 8.0, "minutes": 480.0}, "break_duration": {"duration": 3600, "workday": 0.1, "hours": 1.0, "minutes": 60.0}, "break_total_hrs": {"duration": 3600, "workday": 0.1, "hours": 1.0, "minutes": 60.0}, "break_hrs": {"duration": 3600, "workday": 0.1, "hours": 1.0, "minutes": 60.0}}
b5b822de-a5a8-491e-970d-bab10184a41e	2024-11-12	46	1	0	HORARIO GLOBAL	2024-11-12 20:00:00+08	2024-11-13 05:00:00+08	1.0	\N	\N	\N	\N	f	1	1	-1	0	{"paycode_4": {"duration": 28800, "workday": 1.0, "hours": 8.0, "minutes": 480.0}, "duration": {"duration": 32400, "workday": 1.1, "hours": 9.0, "minutes": 540.0}, "duty_duration": {"duration": 28800, "workday": 1.0, "hours": 8.0, "minutes": 480.0}, "remaining": {"duration": 28800, "workday": 1.0, "hours": 8.0, "minutes": 480.0}, "break_duration": {"duration": 3600, "workday": 0.1, "hours": 1.0, "minutes": 60.0}, "break_total_hrs": {"duration": 3600, "workday": 0.1, "hours": 1.0, "minutes": 60.0}, "break_hrs": {"duration": 3600, "workday": 0.1, "hours": 1.0, "minutes": 60.0}}
3d90f72e-18c3-4dfc-96f4-36781ee93a2e	2024-11-13	46	2	0	HORARIO GLOBAL	2024-11-13 20:00:00+08	2024-11-14 05:00:00+08	1.0	\N	\N	\N	\N	f	1	1	-1	0	{"paycode_4": {"duration": 28800, "workday": 1.0, "hours": 8.0, "minutes": 480.0}, "duration": {"duration": 32400, "workday": 1.1, "hours": 9.0, "minutes": 540.0}, "duty_duration": {"duration": 28800, "workday": 1.0, "hours": 8.0, "minutes": 480.0}, "remaining": {"duration": 28800, "workday": 1.0, "hours": 8.0, "minutes": 480.0}, "break_duration": {"duration": 3600, "workday": 0.1, "hours": 1.0, "minutes": 60.0}, "break_total_hrs": {"duration": 3600, "workday": 0.1, "hours": 1.0, "minutes": 60.0}, "break_hrs": {"duration": 3600, "workday": 0.1, "hours": 1.0, "minutes": 60.0}}
a7de9be8-6bb2-420c-ab02-df23df500eb9	2024-11-14	46	3	0	HORARIO GLOBAL	2024-11-14 20:00:00+08	2024-11-15 05:00:00+08	1.0	\N	\N	\N	\N	f	1	1	-1	0	{"paycode_4": {"duration": 28800, "workday": 1.0, "hours": 8.0, "minutes": 480.0}, "duration": {"duration": 32400, "workday": 1.1, "hours": 9.0, "minutes": 540.0}, "duty_duration": {"duration": 28800, "workday": 1.0, "hours": 8.0, "minutes": 480.0}, "remaining": {"duration": 28800, "workday": 1.0, "hours": 8.0, "minutes": 480.0}, "break_duration": {"duration": 3600, "workday": 0.1, "hours": 1.0, "minutes": 60.0}, "break_total_hrs": {"duration": 3600, "workday": 0.1, "hours": 1.0, "minutes": 60.0}, "break_hrs": {"duration": 3600, "workday": 0.1, "hours": 1.0, "minutes": 60.0}}
f809926f-391a-4a5d-b3f3-8c58fdee9d01	2024-11-15	46	4	0	HORARIO GLOBAL	2024-11-15 20:00:00+08	2024-11-16 05:00:00+08	1.0	\N	\N	\N	\N	f	1	1	-1	0	{"paycode_4": {"duration": 28800, "workday": 1.0, "hours": 8.0, "minutes": 480.0}, "duration": {"duration": 32400, "workday": 1.1, "hours": 9.0, "minutes": 540.0}, "duty_duration": {"duration": 28800, "workday": 1.0, "hours": 8.0, "minutes": 480.0}, "remaining": {"duration": 28800, "workday": 1.0, "hours": 8.0, "minutes": 480.0}, "break_duration": {"duration": 3600, "workday": 0.1, "hours": 1.0, "minutes": 60.0}, "break_total_hrs": {"duration": 3600, "workday": 0.1, "hours": 1.0, "minutes": 60.0}, "break_hrs": {"duration": 3600, "workday": 0.1, "hours": 1.0, "minutes": 60.0}}
eb7a222c-1775-4a17-9ef3-c9d0592ff13f	2024-11-16	46	5	1		2024-11-16 11:00:00+08	2024-11-17 11:00:00+08	1.0	\N	\N	\N	\N	f	1	\N	0	1	{"duration": {"duration": 43200.0, "workday": 1.0, "hours": 12.0, "minutes": 720.0}}
3cdd251a-9e8f-4155-88e3-c4825eed7c93	2024-11-17	46	6	1		2024-11-17 11:00:00+08	2024-11-18 11:00:00+08	1.0	\N	\N	\N	\N	f	1	\N	0	1	{"duration": {"duration": 43200.0, "workday": 1.0, "hours": 12.0, "minutes": 720.0}}
b2fe886d-bbed-4ebd-8de5-08a6e113a1bd	2024-11-18	47	0	0	HORARIO GLOBAL	2024-11-18 20:00:00+08	2024-11-19 05:00:00+08	1.0	\N	\N	\N	\N	f	1	1	-1	0	{"paycode_4": {"duration": 28800, "workday": 1.0, "hours": 8.0, "minutes": 480.0}, "duration": {"duration": 32400, "workday": 1.1, "hours": 9.0, "minutes": 540.0}, "duty_duration": {"duration": 28800, "workday": 1.0, "hours": 8.0, "minutes": 480.0}, "remaining": {"duration": 28800, "workday": 1.0, "hours": 8.0, "minutes": 480.0}, "break_duration": {"duration": 3600, "workday": 0.1, "hours": 1.0, "minutes": 60.0}, "break_total_hrs": {"duration": 3600, "workday": 0.1, "hours": 1.0, "minutes": 60.0}, "break_hrs": {"duration": 3600, "workday": 0.1, "hours": 1.0, "minutes": 60.0}}
a24deed2-97f8-4e9d-b3c5-301f0c7ad9dc	2024-11-19	47	1	0	HORARIO GLOBAL	2024-11-19 20:00:00+08	2024-11-20 05:00:00+08	1.0	\N	\N	\N	\N	f	1	1	-1	0	{"paycode_4": {"duration": 28800, "workday": 1.0, "hours": 8.0, "minutes": 480.0}, "duration": {"duration": 32400, "workday": 1.1, "hours": 9.0, "minutes": 540.0}, "duty_duration": {"duration": 28800, "workday": 1.0, "hours": 8.0, "minutes": 480.0}, "remaining": {"duration": 28800, "workday": 1.0, "hours": 8.0, "minutes": 480.0}, "break_duration": {"duration": 3600, "workday": 0.1, "hours": 1.0, "minutes": 60.0}, "break_total_hrs": {"duration": 3600, "workday": 0.1, "hours": 1.0, "minutes": 60.0}, "break_hrs": {"duration": 3600, "workday": 0.1, "hours": 1.0, "minutes": 60.0}}
f8dd7b3c-0bb9-400f-8a93-c09c6a606b99	2024-11-20	47	2	0	HORARIO GLOBAL	2024-11-20 20:00:00+08	2024-11-21 05:00:00+08	1.0	\N	\N	\N	\N	f	1	1	-1	0	{"paycode_4": {"duration": 28800, "workday": 1.0, "hours": 8.0, "minutes": 480.0}, "duration": {"duration": 32400, "workday": 1.1, "hours": 9.0, "minutes": 540.0}, "duty_duration": {"duration": 28800, "workday": 1.0, "hours": 8.0, "minutes": 480.0}, "remaining": {"duration": 28800, "workday": 1.0, "hours": 8.0, "minutes": 480.0}, "break_duration": {"duration": 3600, "workday": 0.1, "hours": 1.0, "minutes": 60.0}, "break_total_hrs": {"duration": 3600, "workday": 0.1, "hours": 1.0, "minutes": 60.0}, "break_hrs": {"duration": 3600, "workday": 0.1, "hours": 1.0, "minutes": 60.0}}
1d158acd-61a4-43f4-8442-7e6672b34c0a	2024-11-21	47	3	0	HORARIO GLOBAL	2024-11-21 20:00:00+08	2024-11-22 05:00:00+08	1.0	\N	\N	\N	\N	f	1	1	-1	0	{"paycode_4": {"duration": 28800, "workday": 1.0, "hours": 8.0, "minutes": 480.0}, "duration": {"duration": 32400, "workday": 1.1, "hours": 9.0, "minutes": 540.0}, "duty_duration": {"duration": 28800, "workday": 1.0, "hours": 8.0, "minutes": 480.0}, "remaining": {"duration": 28800, "workday": 1.0, "hours": 8.0, "minutes": 480.0}, "break_duration": {"duration": 3600, "workday": 0.1, "hours": 1.0, "minutes": 60.0}, "break_total_hrs": {"duration": 3600, "workday": 0.1, "hours": 1.0, "minutes": 60.0}, "break_hrs": {"duration": 3600, "workday": 0.1, "hours": 1.0, "minutes": 60.0}}
a79e1ead-191e-4552-a00f-482aee14fda8	2024-11-22	47	4	0	HORARIO GLOBAL	2024-11-22 20:00:00+08	2024-11-23 05:00:00+08	1.0	\N	\N	\N	\N	f	1	1	-1	0	{"paycode_4": {"duration": 28800, "workday": 1.0, "hours": 8.0, "minutes": 480.0}, "duration": {"duration": 32400, "workday": 1.1, "hours": 9.0, "minutes": 540.0}, "duty_duration": {"duration": 28800, "workday": 1.0, "hours": 8.0, "minutes": 480.0}, "remaining": {"duration": 28800, "workday": 1.0, "hours": 8.0, "minutes": 480.0}, "break_duration": {"duration": 3600, "workday": 0.1, "hours": 1.0, "minutes": 60.0}, "break_total_hrs": {"duration": 3600, "workday": 0.1, "hours": 1.0, "minutes": 60.0}, "break_hrs": {"duration": 3600, "workday": 0.1, "hours": 1.0, "minutes": 60.0}}
ec231c2e-fd62-4020-a58f-f1032849124f	2024-11-23	47	5	1		2024-11-23 11:00:00+08	2024-11-24 11:00:00+08	1.0	\N	\N	\N	\N	f	1	\N	0	1	{"duration": {"duration": 43200.0, "workday": 1.0, "hours": 12.0, "minutes": 720.0}}
cab278f8-8a87-47de-8b60-c5aab86c0722	2024-11-24	47	6	1		2024-11-24 11:00:00+08	2024-11-25 11:00:00+08	1.0	\N	\N	\N	\N	f	1	\N	0	1	{"duration": {"duration": 43200.0, "workday": 1.0, "hours": 12.0, "minutes": 720.0}}
419fa855-24db-460d-b775-77af38733670	2024-11-25	48	0	0	HORARIO GLOBAL	2024-11-25 20:00:00+08	2024-11-26 05:00:00+08	1.0	\N	\N	\N	\N	f	1	1	-1	0	{"paycode_4": {"duration": 28800, "workday": 1.0, "hours": 8.0, "minutes": 480.0}, "duration": {"duration": 32400, "workday": 1.1, "hours": 9.0, "minutes": 540.0}, "duty_duration": {"duration": 28800, "workday": 1.0, "hours": 8.0, "minutes": 480.0}, "remaining": {"duration": 28800, "workday": 1.0, "hours": 8.0, "minutes": 480.0}, "break_duration": {"duration": 3600, "workday": 0.1, "hours": 1.0, "minutes": 60.0}, "break_total_hrs": {"duration": 3600, "workday": 0.1, "hours": 1.0, "minutes": 60.0}, "break_hrs": {"duration": 3600, "workday": 0.1, "hours": 1.0, "minutes": 60.0}}
902dd80a-d9cf-43be-b68f-03017fb54da9	2024-11-26	48	1	0	HORARIO GLOBAL	2024-11-26 20:00:00+08	2024-11-27 05:00:00+08	1.0	\N	\N	\N	\N	f	1	1	-1	0	{"paycode_4": {"duration": 28800, "workday": 1.0, "hours": 8.0, "minutes": 480.0}, "duration": {"duration": 32400, "workday": 1.1, "hours": 9.0, "minutes": 540.0}, "duty_duration": {"duration": 28800, "workday": 1.0, "hours": 8.0, "minutes": 480.0}, "remaining": {"duration": 28800, "workday": 1.0, "hours": 8.0, "minutes": 480.0}, "break_duration": {"duration": 3600, "workday": 0.1, "hours": 1.0, "minutes": 60.0}, "break_total_hrs": {"duration": 3600, "workday": 0.1, "hours": 1.0, "minutes": 60.0}, "break_hrs": {"duration": 3600, "workday": 0.1, "hours": 1.0, "minutes": 60.0}}
653e48c9-83ad-422f-806a-806a2b4297d7	2024-11-27	48	2	0	HORARIO GLOBAL	2024-11-27 20:00:00+08	2024-11-28 05:00:00+08	1.0	\N	\N	\N	\N	f	1	1	-1	0	{"paycode_4": {"duration": 28800, "workday": 1.0, "hours": 8.0, "minutes": 480.0}, "duration": {"duration": 32400, "workday": 1.1, "hours": 9.0, "minutes": 540.0}, "duty_duration": {"duration": 28800, "workday": 1.0, "hours": 8.0, "minutes": 480.0}, "remaining": {"duration": 28800, "workday": 1.0, "hours": 8.0, "minutes": 480.0}, "break_duration": {"duration": 3600, "workday": 0.1, "hours": 1.0, "minutes": 60.0}, "break_total_hrs": {"duration": 3600, "workday": 0.1, "hours": 1.0, "minutes": 60.0}, "break_hrs": {"duration": 3600, "workday": 0.1, "hours": 1.0, "minutes": 60.0}}
9664eb15-f378-4fe8-9f16-5fb5abd7790e	2024-11-28	48	3	0	HORARIO GLOBAL	2024-11-28 20:00:00+08	2024-11-29 05:00:00+08	1.0	\N	\N	\N	\N	f	1	1	-1	0	{"paycode_4": {"duration": 28800, "workday": 1.0, "hours": 8.0, "minutes": 480.0}, "duration": {"duration": 32400, "workday": 1.1, "hours": 9.0, "minutes": 540.0}, "duty_duration": {"duration": 28800, "workday": 1.0, "hours": 8.0, "minutes": 480.0}, "remaining": {"duration": 28800, "workday": 1.0, "hours": 8.0, "minutes": 480.0}, "break_duration": {"duration": 3600, "workday": 0.1, "hours": 1.0, "minutes": 60.0}, "break_total_hrs": {"duration": 3600, "workday": 0.1, "hours": 1.0, "minutes": 60.0}, "break_hrs": {"duration": 3600, "workday": 0.1, "hours": 1.0, "minutes": 60.0}}
8ba77856-1d2e-440f-9f4d-bc11683844ad	2024-11-29	48	4	0	HORARIO GLOBAL	2024-11-29 20:00:00+08	2024-11-30 05:00:00+08	1.0	\N	\N	\N	\N	f	1	1	-1	0	{"paycode_4": {"duration": 28800, "workday": 1.0, "hours": 8.0, "minutes": 480.0}, "duration": {"duration": 32400, "workday": 1.1, "hours": 9.0, "minutes": 540.0}, "duty_duration": {"duration": 28800, "workday": 1.0, "hours": 8.0, "minutes": 480.0}, "remaining": {"duration": 28800, "workday": 1.0, "hours": 8.0, "minutes": 480.0}, "break_duration": {"duration": 3600, "workday": 0.1, "hours": 1.0, "minutes": 60.0}, "break_total_hrs": {"duration": 3600, "workday": 0.1, "hours": 1.0, "minutes": 60.0}, "break_hrs": {"duration": 3600, "workday": 0.1, "hours": 1.0, "minutes": 60.0}}
f5b892b4-c56b-45f8-b8fe-938948d9e6a9	2024-11-30	48	5	1		2024-11-30 11:00:00+08	2024-12-01 11:00:00+08	1.0	\N	\N	\N	\N	f	1	\N	0	1	{"duration": {"duration": 43200.0, "workday": 1.0, "hours": 12.0, "minutes": 720.0}}
615d60f7-26cd-4935-bcc0-3901962d29f0	2024-12-01	48	6	1		2024-12-01 11:00:00+08	2024-12-02 11:00:00+08	1.0	\N	\N	\N	\N	f	1	\N	0	1	{"duration": {"duration": 43200.0, "workday": 1.0, "hours": 12.0, "minutes": 720.0}}
7724c41f-7901-4d8e-8a1b-971558ca59e3	2024-12-02	49	0	0	HORARIO GLOBAL	2024-12-02 20:00:00+08	2024-12-03 05:00:00+08	1.0	\N	\N	\N	\N	f	1	1	-1	0	{"paycode_4": {"duration": 28800, "workday": 1.0, "hours": 8.0, "minutes": 480.0}, "duration": {"duration": 32400, "workday": 1.1, "hours": 9.0, "minutes": 540.0}, "duty_duration": {"duration": 28800, "workday": 1.0, "hours": 8.0, "minutes": 480.0}, "remaining": {"duration": 28800, "workday": 1.0, "hours": 8.0, "minutes": 480.0}, "break_duration": {"duration": 3600, "workday": 0.1, "hours": 1.0, "minutes": 60.0}, "break_total_hrs": {"duration": 3600, "workday": 0.1, "hours": 1.0, "minutes": 60.0}, "break_hrs": {"duration": 3600, "workday": 0.1, "hours": 1.0, "minutes": 60.0}}
ff57137c-d731-4c94-8fc5-73e51bca7397	2024-12-03	49	1	0	HORARIO GLOBAL	2024-12-03 20:00:00+08	2024-12-04 05:00:00+08	1.0	\N	\N	\N	\N	f	1	1	-1	0	{"paycode_4": {"duration": 28800, "workday": 1.0, "hours": 8.0, "minutes": 480.0}, "duration": {"duration": 32400, "workday": 1.1, "hours": 9.0, "minutes": 540.0}, "duty_duration": {"duration": 28800, "workday": 1.0, "hours": 8.0, "minutes": 480.0}, "remaining": {"duration": 28800, "workday": 1.0, "hours": 8.0, "minutes": 480.0}, "break_duration": {"duration": 3600, "workday": 0.1, "hours": 1.0, "minutes": 60.0}, "break_total_hrs": {"duration": 3600, "workday": 0.1, "hours": 1.0, "minutes": 60.0}, "break_hrs": {"duration": 3600, "workday": 0.1, "hours": 1.0, "minutes": 60.0}}
9a29d89b-27ec-4378-88e9-e4840c67f810	2024-12-04	49	2	0	HORARIO GLOBAL	2024-12-04 20:00:00+08	2024-12-05 05:00:00+08	1.0	\N	\N	\N	\N	f	1	1	-1	0	{"paycode_4": {"duration": 28800, "workday": 1.0, "hours": 8.0, "minutes": 480.0}, "duration": {"duration": 32400, "workday": 1.1, "hours": 9.0, "minutes": 540.0}, "duty_duration": {"duration": 28800, "workday": 1.0, "hours": 8.0, "minutes": 480.0}, "remaining": {"duration": 28800, "workday": 1.0, "hours": 8.0, "minutes": 480.0}, "break_duration": {"duration": 3600, "workday": 0.1, "hours": 1.0, "minutes": 60.0}, "break_total_hrs": {"duration": 3600, "workday": 0.1, "hours": 1.0, "minutes": 60.0}, "break_hrs": {"duration": 3600, "workday": 0.1, "hours": 1.0, "minutes": 60.0}}
d706b413-b799-479e-8c46-273c60b2e2b8	2024-12-05	49	3	0	HORARIO GLOBAL	2024-12-05 20:00:00+08	2024-12-06 05:00:00+08	1.0	\N	\N	\N	\N	f	1	1	-1	0	{"paycode_4": {"duration": 28800, "workday": 1.0, "hours": 8.0, "minutes": 480.0}, "duration": {"duration": 32400, "workday": 1.1, "hours": 9.0, "minutes": 540.0}, "duty_duration": {"duration": 28800, "workday": 1.0, "hours": 8.0, "minutes": 480.0}, "remaining": {"duration": 28800, "workday": 1.0, "hours": 8.0, "minutes": 480.0}, "break_duration": {"duration": 3600, "workday": 0.1, "hours": 1.0, "minutes": 60.0}, "break_total_hrs": {"duration": 3600, "workday": 0.1, "hours": 1.0, "minutes": 60.0}, "break_hrs": {"duration": 3600, "workday": 0.1, "hours": 1.0, "minutes": 60.0}}
1e4009d8-226a-41a6-83c4-72cabcdf0e22	2024-12-06	49	4	0	HORARIO GLOBAL	2024-12-06 20:00:00+08	2024-12-07 05:00:00+08	1.0	\N	\N	\N	\N	f	1	1	-1	0	{"paycode_4": {"duration": 28800, "workday": 1.0, "hours": 8.0, "minutes": 480.0}, "duration": {"duration": 32400, "workday": 1.1, "hours": 9.0, "minutes": 540.0}, "duty_duration": {"duration": 28800, "workday": 1.0, "hours": 8.0, "minutes": 480.0}, "remaining": {"duration": 28800, "workday": 1.0, "hours": 8.0, "minutes": 480.0}, "break_duration": {"duration": 3600, "workday": 0.1, "hours": 1.0, "minutes": 60.0}, "break_total_hrs": {"duration": 3600, "workday": 0.1, "hours": 1.0, "minutes": 60.0}, "break_hrs": {"duration": 3600, "workday": 0.1, "hours": 1.0, "minutes": 60.0}}
abad9a6b-6010-4b57-aa64-a3e46d98e0f4	2024-12-07	49	5	1		2024-12-07 11:00:00+08	2024-12-08 11:00:00+08	1.0	\N	\N	\N	\N	f	1	\N	0	1	{"duration": {"duration": 43200.0, "workday": 1.0, "hours": 12.0, "minutes": 720.0}}
e2dac89f-feb7-4097-995f-5497943b267f	2024-12-08	49	6	1		2024-12-08 11:00:00+08	2024-12-09 11:00:00+08	1.0	\N	\N	\N	\N	f	1	\N	0	1	{"duration": {"duration": 43200.0, "workday": 1.0, "hours": 12.0, "minutes": 720.0}}
3a88edf2-1df0-4fd0-82bc-71a856551b6e	2024-12-09	50	0	0	HORARIO GLOBAL	2024-12-09 20:00:00+08	2024-12-10 05:00:00+08	1.0	\N	\N	\N	\N	f	1	1	-1	0	{"paycode_4": {"duration": 28800, "workday": 1.0, "hours": 8.0, "minutes": 480.0}, "duration": {"duration": 32400, "workday": 1.1, "hours": 9.0, "minutes": 540.0}, "duty_duration": {"duration": 28800, "workday": 1.0, "hours": 8.0, "minutes": 480.0}, "remaining": {"duration": 28800, "workday": 1.0, "hours": 8.0, "minutes": 480.0}, "break_duration": {"duration": 3600, "workday": 0.1, "hours": 1.0, "minutes": 60.0}, "break_total_hrs": {"duration": 3600, "workday": 0.1, "hours": 1.0, "minutes": 60.0}, "break_hrs": {"duration": 3600, "workday": 0.1, "hours": 1.0, "minutes": 60.0}}
\.


--
-- Data for Name: att_reportparam; Type: TABLE DATA; Schema: public; Owner: postgres
--

COPY public.att_reportparam (param_name, param_value) FROM stdin;
report_setting	{"short_date": 1, "short_time": 1, "filter_emp": 1, "multiple_dept": 0, "funckey0": "Entrada", "funckey1": "Salida", "funckey2": "Salida Descanso", "funckey3": "Entrada Descanso", "funckey4": "Entrada Hora Extra", "funckey5": "Salida Hora Extra", "funckey6": "6", "funckey7": "7", "funckey8": "8", "funckey9": "9", "funckey10": "10", "funckey11": "11", "funckey12": "12", "funckey13": "13", "funckey14": "14", "funckey255": "Desconocido", "LeaveClass": [{"RemaindCount": 1, "LeaveId": 1000, "Color": 0, "round_off": 1, "report_symbol": " ", "minimum_unit": 0.5, "IsLeave": 1, "LeaveName": "Tiempo Trabajado", "unit": 3}, {"RemaindCount": 1, "LeaveId": 1001, "Color": 0, "round_off": 2, "report_symbol": " ", "minimum_unit": 1.0, "IsLeave": 1, "LeaveName": "Horas trabajo requeridas/Duraci\\u00f3n ausencia", "unit": 2}, {"RemaindCount": 1, "LeaveId": 1002, "Color": 0, "round_off": 2, "report_symbol": " ", "minimum_unit": 1.0, "IsLeave": 2, "LeaveName": "Tiempo Total / Tiempo Total Trabajado", "unit": 2}, {"RemaindCount": 1, "LeaveId": 1003, "Color": 0, "round_off": 2, "report_symbol": " ", "minimum_unit": 1.0, "IsLeave": 1, "LeaveName": "Descanso / Tiempo de Descanso", "unit": 2}, {"RemaindCount": 1, "LeaveId": 1004, "Color": 0, "round_off": 2, "report_symbol": " ", "minimum_unit": 1.0, "IsLeave": 1, "LeaveName": "Duraci\\u00f3n Horario", "unit": 2}, {"RemaindCount": 1, "LeaveId": 1005, "Color": 0, "round_off": 2, "report_symbol": ">", "minimum_unit": 1.0, "IsLeave": 1, "LeaveName": "Llegadas Tarde", "unit": 2}, {"RemaindCount": 1, "LeaveId": 1006, "Color": 0, "round_off": 2, "report_symbol": "<", "minimum_unit": 1.0, "IsLeave": 1, "LeaveName": "Salidas Temprana", "unit": 2}, {"RemaindCount": 1, "LeaveId": 1007, "Color": 0, "round_off": 1, "report_symbol": "V", "minimum_unit": 1.0, "IsLeave": 1, "LeaveName": "Permiso", "unit": 2}, {"RemaindCount": 1, "LeaveId": 1008, "Color": 0, "round_off": 1, "report_symbol": "A", "minimum_unit": 0.5, "IsLeave": 1, "LeaveName": "Ausencia", "unit": 3}, {"RemaindCount": 1, "LeaveId": 1009, "Color": 0, "round_off": 1, "report_symbol": "+", "minimum_unit": 1.0, "IsLeave": 1, "LeaveName": "Hora Extra", "unit": 1}, {"RemaindCount": 0, "LeaveId": 1010, "Color": 0, "round_off": 2, "report_symbol": "[", "minimum_unit": 1.0, "IsLeave": 1, "LeaveName": "No Marcaci\\u00f3n de Entrada", "unit": 1}, {"RemaindCount": 0, "LeaveId": 1011, "Color": 0, "round_off": 2, "report_symbol": "]", "minimum_unit": 1.0, "IsLeave": 1, "LeaveName": "No Marcaci\\u00f3n de Salida", "unit": 1}, {"RemaindCount": 0, "LeaveId": 1012, "Color": 0, "round_off": 2, "report_symbol": "P", "minimum_unit": 1.0, "IsLeave": 1, "LeaveName": "Asisti\\u00f3", "unit": 1}, {"RemaindCount": 0, "LeaveId": 1013, "Color": 0, "round_off": 2, "report_symbol": "D", "minimum_unit": 1.0, "IsLeave": 1, "LeaveName": "D\\u00eda Libre", "unit": 1}, {"RemaindCount": 0, "LeaveId": 1014, "Color": 0, "round_off": 2, "report_symbol": "W", "minimum_unit": 1.0, "IsLeave": 1, "LeaveName": "Fin de Semana", "unit": 1}, {"RemaindCount": 0, "LeaveId": 1015, "Color": 0, "round_off": 2, "report_symbol": "H", "minimum_unit": 1.0, "IsLeave": 1, "LeaveName": "Festivo", "unit": 1}, {"RemaindCount": 0, "LeaveId": 1016, "Color": 0, "round_off": 2, "report_symbol": "T", "minimum_unit": 1.0, "IsLeave": 1, "LeaveName": "Entrenamiento", "unit": 1}]}
\.


--
-- Data for Name: att_reporttemplate; Type: TABLE DATA; Schema: public; Owner: postgres
--

COPY public.att_reporttemplate (id, report, template_name, template_value, is_share, is_auto_export, builder_id, change_time, change_user, create_time, create_user, fixed_date_period, language, status, employee_id) FROM stdin;
1	timeCardReport	REPORTE	{"org_type":1,"orgs":[],"employees":"10","start_date":"2024-09-01","end_date":"2024-09-17","disable_fields":["emp_code","nick_name","gender","dept_code","dept_name","position_code","position_name"],"column_order":["emp_code","first_name","last_name","nick_name","gender","dept_code","dept_name","position_code","position_name","att_date","punch_times","punch_set"],"leave_groups":"","year":"","date_period":0}	t	t	4	2024-09-18 00:54:56.684692+08	\N	2024-09-18 00:54:56.684692+08	Recursos	f	es-co	0	\N
\.


--
-- Data for Name: att_shiftdetail; Type: TABLE DATA; Schema: public; Owner: postgres
--

COPY public.att_shiftdetail (id, in_time, out_time, day_index, shift_id, time_interval_id) FROM stdin;
1	09:00:00	00:00:00	1	1	1
2	09:00:00	00:00:00	2	1	1
3	09:00:00	00:00:00	3	1	1
4	09:00:00	00:00:00	4	1	1
5	09:00:00	00:00:00	5	1	1
\.


--
-- Data for Name: att_temporaryschedule; Type: TABLE DATA; Schema: public; Owner: postgres
--

COPY public.att_temporaryschedule (id, create_time, create_user, change_time, change_user, status, att_date, employee_id, time_interval_id) FROM stdin;
\.


--
-- Data for Name: att_tempschedule; Type: TABLE DATA; Schema: public; Owner: postgres
--

COPY public.att_tempschedule (id, att_date, start_time, end_time, rule_flag, work_type, employee_id, time_interval_id) FROM stdin;
\.


--
-- Data for Name: att_timeinterval; Type: TABLE DATA; Schema: public; Owner: postgres
--

COPY public.att_timeinterval (id, alias, use_mode, in_time, in_ahead_margin, in_above_margin, out_ahead_margin, out_above_margin, duration, in_required, out_required, allow_late, allow_leave_early, work_day, early_in, min_early_in, late_out, min_late_out, overtime_lv, overtime_lv1, overtime_lv2, overtime_lv3, multiple_punch, available_interval_type, available_interval, work_time_duration, func_key, work_type, day_change, enable_early_in, enable_late_out, enable_overtime, ot_rule, color_setting, enable_max_ot_limit, max_ot_limit, count_early_in_interval, count_late_out_interval, ot_pay_code_id, overtime_policy) FROM stdin;
1	HORARIO GLOBAL	0	09:00:00	120	60	0	240	540	1	1	0	0	1	0	60	0	60	0	0	0	0	0	0	1	540	0	0	00:00:00	f	f	f	6896f894-9c86-11ef-8378-00155d008401		f	240	t	t	\N	-1
\.


--
-- Data for Name: att_timeinterval_break_time; Type: TABLE DATA; Schema: public; Owner: postgres
--

COPY public.att_timeinterval_break_time (id, timeinterval_id, breaktime_id) FROM stdin;
1	1	1
\.


--
-- Data for Name: att_training; Type: TABLE DATA; Schema: public; Owner: postgres
--

COPY public.att_training (workflowinstance_ptr_id, start_time, end_time, apply_time, apply_reason, attachment, pay_code_id) FROM stdin;
\.


--
-- Data for Name: att_webpunch; Type: TABLE DATA; Schema: public; Owner: postgres
--

COPY public.att_webpunch (workflowinstance_ptr_id, punch_time, punch_state, work_code, apply_reason, apply_time, verify_type) FROM stdin;
\.


--
-- Data for Name: attparam; Type: TABLE DATA; Schema: public; Owner: postgres
--

COPY public.attparam (id, paraname, paratype, paravalue) FROM stdin;
1	ruleID	rule_0	0
2	DeptID	rule_0	0
3	ApplyName	rule_0	Todo
4	ruleName	rule_0	Reglas de asistencia por defecto
5	MinsEarly	rule_0	0
6	MinsLate	rule_0	0
7	MinsNoBreakIn	rule_0	60
8	MinsNoBreakOut	rule_0	60
9	MinsNoIn	rule_0	60
10	MinsNoLeave	rule_0	60
11	MinsNotOverTime	rule_0	60
12	MinsWorkDay	rule_0	480
13	NoBreakIn	rule_0	1012
14	NoBreakOut	rule_0	1012
15	NoIn	rule_0	1001
16	NoLeave	rule_0	1002
17	OutOverTime	rule_0	0
18	TwoDay	rule_0	0
19	CheckInColor	rule_0	16777151
20	CheckOutColor	rule_0	12910591
21	DBVersion		2002
22	InstallDate		8f51vUiQW2sLxiQp3E89aYUXnL82nhMVKv1f3baCc1inr9xyMATL
23	SysDate		8f51vUiQW2sLxiQp3E89aYUXnL82nhMVKv1f3baCc1inr9xyMATL
24	ADMSDBVersion		544;
\.


--
-- Data for Name: auth_group; Type: TABLE DATA; Schema: public; Owner: postgres
--

COPY public.auth_group (id, name) FROM stdin;
\.


--
-- Data for Name: auth_group_permissions; Type: TABLE DATA; Schema: public; Owner: postgres
--

COPY public.auth_group_permissions (id, group_id, permission_id) FROM stdin;
\.


--
-- Data for Name: auth_permission; Type: TABLE DATA; Schema: public; Owner: postgres
--

COPY public.auth_permission (id, name, content_type_id, codename) FROM stdin;
1	Can add permission	1	add_permission
2	Can change permission	1	change_permission
3	Can delete permission	1	delete_permission
4	Can add group	2	add_group
5	Can change group	2	change_group
7	Can view permission	1	view_permission
8	Can view group	2	view_group
9	Can GroupDelete group	2	group_delete_group
10	Can view email_template_setting	3	view_email_template_setting
11	Can view ad_server_setting	3	view_ad_server_setting
12	Can view db_migrate	3	view_db_migrate
13	Can view safe_setting	3	view_safe_setting
14	Can view zoom_setting	3	view_zoom_setting
15	Can view twilio_setting	3	view_twilio_setting
16	Can view system_setting	3	view_system_setting
17	Can view device_config	4	view_device_config
18	Can view psnl_config_setting	5	view_psnl_config_setting
19	Can view employeeschedule_report	6	view_employeeschedule_report
20	Can view transaction_report	6	view_transaction_report
21	Can view time_card_report	6	view_time_card_report
22	Can view first_last_report	6	view_first_last_report
23	Can view first_in_last_out_report	6	view_first_in_last_out_report
24	Can view total_time_card_v2	6	view_total_time_card_v2
25	Can view daily_activity	6	view_daily_activity
26	Can view daily_overtime	6	view_daily_overtime
27	Can view daily_leave	6	view_daily_leave
28	Can view daily_late_in	6	view_daily_late_in
29	Can view daily_early_out	6	view_daily_early_out
30	Can view daily_absent	6	view_daily_absent
31	Can view daily_exception	6	view_daily_exception
32	Can view scheduled_punch_report	6	view_scheduled_punch_report
33	Can view punch_paring	6	view_punch_paring
34	Can view daily_multiple_punch_paring	6	view_daily_multiple_punch_paring
35	Can view daily_multiple_break_paring	6	view_daily_multiple_break_paring
36	Can view weekly_worked_hours	6	view_weekly_worked_hours
37	Can view weekly_overtime	6	view_weekly_overtime
38	Can view monthly_status	6	view_monthly_status
39	Can view monthly_work_hours	6	view_monthly_work_hours
40	Can view monthly_punch	6	view_monthly_punch
41	Can view monthly_overtime	6	view_monthly_overtime
42	Can view monthly_absence	6	view_monthly_absence
43	Can view emp_summary_report	6	view_emp_summary_report
44	Can view employee_overtime	6	view_employee_overtime
45	Can view employee_leave	6	view_employee_leave
46	Can view dept_summary_report	6	view_dept_summary_report
47	Can view department_overtime	6	view_department_overtime
48	Can view group_summary_report	6	view_group_summary_report
49	Can view group_overtime	6	view_group_overtime
50	Can view sage_vip	6	view_sage_vip
51	Can view leave_balance_summary_report	6	view_leave_balance_summary_report
52	Can view staff_transaction_report	6	view_staff_transaction_report
53	Can view staff_scheduledlog_report	6	view_staff_scheduledlog_report
54	Can view staff_attdetail_report	6	view_staff_attdetail_report
55	Can view staff_summary_report	6	view_staff_summary_report
56	Can view staff_multipletransaction_report	6	view_staff_multipletransaction_report
57	Can view staff_breaktime_report	6	view_staff_breaktime_report
58	Can view staff_timecard_report	6	view_staff_timecard_report
59	Can view att_rule_page	7	view_att_rule_page
60	Can view report_setting_page	6	view_report_setting_page
61	Can view calculation_view	6	view_calculation_view
62	Can view view_by_personnel	6	view_view_by_personnel
63	Can view PayrollIncrease	8	view_PayrollIncrease
64	Can view PayrollDeduction	8	view_PayrollDeduction
65	Can view PayrollPayloadDetail	8	view_PayrollPayloadDetail
66	Can view PayrollPayloadCalcParam	8	view_PayrollPayloadCalcParam
67	Can view PayrollSalaryStructure	8	view_PayrollSalaryStructure
68	Can view staff_salarystructure_report	8	view_staff_salarystructure_report
69	Can view payrollincrease_report	8	view_payrollincrease_report
70	Can view payrolldeduction_report	8	view_payrolldeduction_report
71	Can view payrolldetail_report	8	view_payrolldetail_report
72	Can view payrollcalcparam_report	8	view_payrollcalcparam_report
73	Can view payroll_reportcalculator	8	view_payroll_reportcalculator
74	Can view payroll_calculate_setting	8	view_payroll_calculate_setting
75	Can view meeting_attendance_report	9	view_meeting_attendance_report
76	Can view meeting_room_scheduled	9	view_meeting_room_scheduled
77	Can view ep_dashboard	10	view_ep_dashboard
78	Can view daily_detail_report	11	view_daily_detail_report
79	Can view department_summary_report	11	view_department_summary_report
80	Can view unusual_employees_report	11	view_unusual_employees_report
81	Can view ep_real_time_monitoring	10	view_ep_real_time_monitoring
82	Can add content type	125	add_contenttype
83	Can change content type	125	change_contenttype
84	Can delete content type	125	delete_contenttype
85	Can view contenttype	125	view_contenttype
86	Can add log entry	126	add_logentry
87	Can change log entry	126	change_logentry
88	Can delete log entry	126	delete_logentry
89	Can view logentry	126	view_logentry
90	Can add session	127	add_session
91	Can change session	127	change_session
92	Can delete session	127	delete_session
93	Can view session	127	view_session
94	Can add Token	128	add_token
95	Can change Token	128	change_token
96	Can delete Token	128	delete_token
97	Can view token	128	view_token
98	Can add API Request Log	13	add_apirequestlog
99	Can change API Request Log	13	change_apirequestlog
100	Can delete API Request Log	13	delete_apirequestlog
101	Can view apirequestlog	13	view_apirequestlog
102	Can add group object permission	129	add_groupobjectpermission
103	Can change group object permission	129	change_groupobjectpermission
104	Can delete group object permission	129	delete_groupobjectpermission
105	Can add user object permission	130	add_userobjectpermission
106	Can change user object permission	130	change_userobjectpermission
107	Can delete user object permission	130	delete_userobjectpermission
108	Can view userobjectpermission	130	view_userobjectpermission
109	Can view groupobjectpermission	129	view_groupobjectpermission
110	Can add crontab	131	add_crontabschedule
111	Can change crontab	131	change_crontabschedule
112	Can delete crontab	131	delete_crontabschedule
113	Can add interval	132	add_intervalschedule
114	Can change interval	132	change_intervalschedule
115	Can delete interval	132	delete_intervalschedule
116	Can add periodic task	133	add_periodictask
117	Can change periodic task	133	change_periodictask
118	Can delete periodic task	133	delete_periodictask
119	Can add periodic tasks	134	add_periodictasks
120	Can change periodic tasks	134	change_periodictasks
121	Can delete periodic tasks	134	delete_periodictasks
122	Can add solar event	135	add_solarschedule
123	Can change solar event	135	change_solarschedule
124	Can delete solar event	135	delete_solarschedule
125	Can add clocked	136	add_clockedschedule
126	Can change clocked	136	change_clockedschedule
127	Can delete clocked	136	delete_clockedschedule
128	Can view solarschedule	135	view_solarschedule
129	Can view intervalschedule	132	view_intervalschedule
130	Can view clockedschedule	136	view_clockedschedule
131	Can view crontabschedule	131	view_crontabschedule
132	Can view periodictasks	134	view_periodictasks
133	Can view periodictask	133	view_periodictask
134	Can view base.models.adminLog	12	view_adminlog
135	Can add attendance rule	137	add_attparam
136	Can change attendance rule	137	change_attparam
137	Can delete attendance rule	137	delete_attparam
138	Can add attParamDepts	138	add_attparamdepts
139	Can change attParamDepts	138	change_attparamdepts
140	Can delete attParamDepts	138	delete_attparamdepts
141	Can add base_model_autoAttExportTask	15	add_autoattexporttask
142	Can change base_model_autoAttExportTask	15	change_autoattexporttask
143	Can delete base_model_autoAttExportTask	15	delete_autoattexporttask
144	Can add base_model_autoExportTask	16	add_autoexporttask
145	Can change base_model_autoExportTask	16	change_autoexporttask
146	Can delete base_model_autoExportTask	16	delete_autoexporttask
147	Can delete base_model_bookmark	18	delete_bookmark
148	Can change base_model_bookmark	18	change_bookmark
149	Can add base_model_lineNotifySetting	22	add_linenotifysetting
150	Can change base_model_lineNotifySetting	22	change_linenotifysetting
151	Can delete base_model_lineNotifySetting	22	delete_linenotifysetting
152	Can add base.models.securityPolicy	27	add_securitypolicy
153	Can change base.models.securityPolicy	27	change_securitypolicy
154	Can delete base.models.securityPolicy	27	delete_securitypolicy
155	Can add model_send_email	139	add_sendemail
156	Can change model_send_email	139	change_sendemail
157	Can delete model_send_email	139	delete_sendemail
158	Can add sftp_setting	28	add_sftpsetting
159	Can change sftp_setting	28	change_sftpsetting
160	Can delete sftp_setting	28	delete_sftpsetting
161	Can view base_integrationTable_area	26	view_syncarea
162	Can view base_integrationTable_department	23	view_syncdepartment
163	Can view base_integrationTable_employee	25	view_syncemployee
164	Can view base_integrationTable_position	24	view_syncjob
165	Can add System Rule	140	add_sysparam
166	Can change System Rule	140	change_sysparam
167	Can delete System Rule	140	delete_sysparam
168	Can add System Parameter related to Department	141	add_sysparamdept
169	Can change System Parameter related to Department	141	change_sysparamdept
170	Can delete System Parameter related to Department	141	delete_sysparamdept
171	Can view base.models.systemLog	29	view_systemlog
172	Can add base.model.systemSetting	142	add_systemsetting
173	Can change base.model.systemSetting	142	change_systemsetting
174	Can delete base.model.systemSetting	142	delete_systemsetting
175	Can add Abstract Permission	1	add_abstractpermission
176	Can change Abstract Permission	1	change_abstractpermission
177	Can delete Abstract Permission	1	delete_abstractpermission
178	Can add System Setting Permission	1	add_systemsettingpermission
179	Can change System Setting Permission	1	change_systemsettingpermission
180	Can delete System Setting Permission	1	delete_systemsettingpermission
181	Can add base.model.emailTemplate	20	add_emailtemplate
182	Can change base.model.emailTemplate	20	change_emailtemplate
183	Can delete base.model.emailTemplate	20	delete_emailtemplate
184	Can add base.models.eventAlertSetting	21	add_eventalertsetting
185	Can change base.models.eventAlertSetting	21	change_eventalertsetting
186	Can delete base.models.eventAlertSetting	21	delete_eventalertsetting
187	Can delete base_model_autoImportTask	17	delete_autoimporttask
188	Can change base_model_autoImportTask	17	change_autoimporttask
189	Can view base_model_autoImportTask	17	view_autoimporttask
190	Can view sendemail	139	view_sendemail
191	Can view sysparam	140	view_sysparam
192	Can view sftpsetting	28	view_sftpsetting
193	Can view linenotifysetting	22	view_linenotifysetting
194	Can view abstractpermission	143	view_abstractpermission
195	Can view systemsettingpermission	144	view_systemsettingpermission
196	Can view sysparamdept	141	view_sysparamdept
197	Can view attparam	137	view_attparam
198	Can view attparamdepts	138	view_attparamdepts
199	Can view systemsetting	142	view_systemsetting
200	Can view autoexporttask	16	view_autoexporttask
201	Can ManualExport autoexporttask	16	manual_export_autoexporttask
202	Can EnableTask autoexporttask	16	enable_task_autoexporttask
203	Can DisableTask autoexporttask	16	disable_task_autoexporttask
204	Can AddDefault autoimporttask	17	add_default_autoimporttask
205	Can AddUserDefine autoimporttask	17	add_user_define_autoimporttask
206	Can ManualImport autoimporttask	17	manual_import_autoimporttask
207	Can EnableTask autoimporttask	17	enable_task_autoimporttask
208	Can DisableTask autoimporttask	17	disable_task_autoimporttask
209	Can view autoattexporttask	15	view_autoattexporttask
210	Can ManualAttExport autoattexporttask	15	manual_att_export_autoattexporttask
211	Can DBBackupAuto dbbackuplog	19	d_b_backup_auto_dbbackuplog
212	Can DBBackupManually dbbackuplog	19	d_b_backup_manually_dbbackuplog
213	Can DBRestoreManually dbbackuplog	19	d_b_restore_manually_dbbackuplog
214	Can view securitypolicy	27	view_securitypolicy
215	Can view emailtemplate	20	view_emailtemplate
216	Can view eventalertsetting	21	view_eventalertsetting
217	Can view bookmark	18	view_bookmark
218	Can add iclock_model_bioData	46	add_biodata
219	Can change iclock_model_bioData	46	change_biodata
220	Can delete iclock_model_bioData	46	delete_biodata
221	Can delete iclock_model_bioPhoto	51	delete_biophoto
222	Can view iclock_model_bioPhoto	51	view_biophoto
223	Can add iclock_model_deviceConfig	50	add_devicemoduleconfig
224	Can change iclock_model_deviceConfig	50	change_devicemoduleconfig
225	Can delete iclock_model_deviceConfig	50	delete_devicemoduleconfig
226	Can add terminal_model_errorCommandLog	52	add_errorcommandlog
227	Can change terminal_model_errorCommandLog	52	change_errorcommandlog
228	Can delete terminal_model_errorCommandLog	52	delete_errorcommandlog
229	Can delete iclock_model_privateMessage	47	delete_privatemessage
230	Can change iclock_model_privateMessage	47	change_privatemessage
231	Can view iclock_model_privateMessage	47	view_privatemessage
232	Can delete iclock_model_publicMessage	48	delete_publicmessage
233	Can change iclock_model_publicMessage	48	change_publicmessage
234	Can view iclock_model_publicMessage	48	view_publicmessage
235	Can add terminal.models.shortMessage	145	add_shortmessage
236	Can change terminal.models.shortMessage	145	change_shortmessage
237	Can delete terminal.models.shortMessage	145	delete_shortmessage
238	Can add iclock_model_terminal	40	add_terminal
239	Can change iclock_model_terminal	40	change_terminal
240	Can delete iclock_model_terminal	40	delete_terminal
241	Can add iclock_model_terminalCommand	44	add_terminalcommand
242	Can change iclock_model_terminalCommand	44	change_terminalcommand
243	Can delete iclock_model_terminalCommand	44	delete_terminalcommand
244	Can add iclock_model_terminalEmployee	146	add_terminalemployee
245	Can change iclock_model_terminalEmployee	146	change_terminalemployee
246	Can delete iclock_model_terminalEmployee	146	delete_terminalemployee
247	Can add iclock_model_terminalLog	42	add_terminallog
248	Can change iclock_model_terminalLog	42	change_terminallog
249	Can delete iclock_model_terminalLog	42	delete_terminallog
250	Can add iclock_model_terminalParameter	53	add_terminalparameter
251	Can change iclock_model_terminalParameter	53	change_terminalparameter
252	Can delete iclock_model_terminalParameter	53	delete_terminalparameter
253	Can add iclock_model_terminalUploadLog	43	add_terminaluploadlog
254	Can change iclock_model_terminalUploadLog	43	change_terminaluploadlog
255	Can delete iclock_model_terminalUploadLog	43	delete_terminaluploadlog
256	Can add iclock_model_terminalWorkCode	49	add_terminalworkcode
257	Can change iclock_model_terminalWorkCode	49	change_terminalworkcode
258	Can delete iclock_model_terminalWorkCode	49	delete_terminalworkcode
259	Can view iclock_model_transaction	41	view_transaction
260	Can add transaction.proof.command	147	add_transactionproofcmd
261	Can change transaction.proof.command	147	change_transactionproofcmd
262	Can delete transaction.proof.command	147	delete_transactionproofcmd
263	Can add iclock.models.terminalCommandLog	45	add_terminalcommandlog
264	Can change iclock.models.terminalCommandLog	45	change_terminalcommandlog
265	Can delete iclock.models.terminalCommandLog	45	delete_terminalcommandlog
266	Can add Device Setting Permission	1	add_devicesettingpermission
267	Can change Device Setting Permission	1	change_devicesettingpermission
268	Can delete Device Setting Permission	1	delete_devicesettingpermission
269	Can view terminal	40	view_terminal
270	Can TerminalNewArea terminal	40	terminal_new_area_terminal
271	Can TerminalClearCommand terminal	40	terminal_clear_command_terminal
272	Can TerminalClearAttendanceData terminal	40	terminal_clear_attendance_data_terminal
273	Can TerminalDeleteCapture terminal	40	terminal_delete_capture_terminal
274	Can TerminalClearAll terminal	40	terminal_clear_all_terminal
275	Can TerminalReUploadData terminal	40	terminal_re_upload_data_terminal
276	Can TerminalReUploadTransaction terminal	40	terminal_re_upload_transaction_terminal
277	Can TerminalReloadData terminal	40	terminal_reload_data_terminal
278	Can TerminalDataCompare terminal	40	terminal_data_compare_terminal
279	Can TerminalManualSync terminal	40	terminal_manual_sync_terminal
280	Can TerminalReboot terminal	40	terminal_reboot_terminal
281	Can TerminalReadInformation terminal	40	terminal_read_information_terminal
282	Can TerminalEnrollRemotely terminal	40	terminal_enroll_remotely_terminal
283	Can TerminalDuplicatePunchPeriod terminal	40	terminal_duplicate_punch_period_terminal
284	Can TerminalCapture terminal	40	terminal_capture_terminal
285	Can TerminalUpgradeFirmware terminal	40	terminal_upgrade_firmware_terminal
286	Can TerminalDaylightSavingTime terminal	40	terminal_daylight_saving_time_terminal
287	Can TerminalPullFile terminal	40	terminal_pull_file_terminal
288	Can TerminalSetOption terminal	40	terminal_set_option_terminal
289	Can USBDataUpload transaction	41	u_s_b_data_upload_transaction
290	Can AttCaptureDownload transaction	41	att_capture_download_transaction
291	Can view terminallog	42	view_terminallog
292	Can view terminaluploadlog	43	view_terminaluploadlog
293	Can TerminalUploadLogBulkDelete terminaluploadlog	43	terminal_upload_log_bulk_delete_terminaluploadlog
294	Can view terminalcommand	44	view_terminalcommand
295	Can TerminalCommandBulkDelete terminalcommand	44	terminal_command_bulk_delete_terminalcommand
296	Can view terminalcommandlog	45	view_terminalcommandlog
297	Can TerminalCommandLogBulkDelete terminalcommandlog	45	terminal_command_log_bulk_delete_terminalcommandlog
298	Can view terminalparameter	53	view_terminalparameter
299	Can view terminalemployee	146	view_terminalemployee
300	Can view shortmessage	145	view_shortmessage
301	Can AddPublicMessage publicmessage	48	add_public_message_publicmessage
302	Can SendPublicMessage publicmessage	48	send_public_message_publicmessage
303	Can AddPrivateMessage privatemessage	47	add_private_message_privatemessage
304	Can SendPrivateMessage privatemessage	47	send_private_message_privatemessage
305	Can view terminalworkcode	49	view_terminalworkcode
306	Can SendWorkCode terminalworkcode	49	send_work_code_terminalworkcode
307	Can RemoveWorkCode terminalworkcode	49	remove_work_code_terminalworkcode
308	Can view transactionproofcmd	147	view_transactionproofcmd
309	Can view biodata	46	view_biodata
310	Can view devicemoduleconfig	50	view_devicemoduleconfig
311	Can BioPhotoApprove biophoto	51	bio_photo_approve_biophoto
312	Can BioPhotoQRCode biophoto	51	bio_photo_q_r_code_biophoto
313	Can ImportBioPhoto biophoto	51	import_bio_photo_biophoto
314	Can view errorcommandlog	52	view_errorcommandlog
315	Can view deviceemployee	149	view_deviceemployee
316	Can change model_deviceemployee	149	change_deviceemployee
317	Can AreaTransfer deviceemployee	149	area_transfer_deviceemployee
318	Can ReSync2Device deviceemployee	149	re_sync2_device_deviceemployee
319	Can ReUpload deviceemployee	149	re_upload_deviceemployee
320	Can DeleteBioData deviceemployee	149	delete_bio_data_deviceemployee
321	Can EnrollFingerprint deviceemployee	149	enroll_fingerprint_deviceemployee
322	Can EnrollPalm deviceemployee	149	enroll_palm_deviceemployee
323	Can EnrollFacePhoto deviceemployee	149	enroll_face_photo_deviceemployee
324	Can view devicesettingpermission	148	view_devicesettingpermission
325	Can add psnl_model_area	32	add_area
326	Can change psnl_model_area	32	change_area
327	Can delete psnl_model_area	32	delete_area
328	Can add model_assign_area_to_employee	150	add_assignareaemployee
329	Can change model_assign_area_to_employee	150	change_assignareaemployee
330	Can delete model_assign_area_to_employee	150	delete_assignareaemployee
331	Can add psnl_model_certification	33	add_certification
332	Can change psnl_model_certification	33	change_certification
333	Can delete psnl_model_certification	33	delete_certification
334	Can add psnl_model_department	34	add_department
335	Can change psnl_model_department	34	change_department
336	Can delete psnl_model_department	34	delete_department
337	Can add model_employee	35	add_employee
338	Can change model_employee	35	change_employee
339	Can delete model_employee	35	delete_employee
340	Can delete employee certification	38	delete_employeecertification
341	Can change employee certification	38	change_employeecertification
342	Can view employee certification	38	view_employeecertification
343	Can add pnsl_model_empProfile	151	add_employeeprofile
344	Can change pnsl_model_empProfile	151	change_employeeprofile
345	Can delete pnsl_model_empProfile	151	delete_employeeprofile
346	Can add psnl.models.employment	152	add_employment
347	Can change psnl.models.employment	152	change_employment
348	Can delete psnl.models.employment	152	delete_employment
349	Can add psnl_model_position	36	add_position
350	Can change psnl_model_position	36	change_position
351	Can delete psnl_model_position	36	delete_position
352	Can delete psnl_model_resign	37	delete_resign
353	Can change psnl_model_resign	37	change_resign
354	Can view psnl_model_resign	37	view_resign
355	Can add employee calendar	153	add_employeecalendar
356	Can change employee calendar	153	change_employeecalendar
357	Can delete employee calendar	153	delete_employeecalendar
358	Can add personnel.models.employeeCustomAttribute	39	add_employeecustomattribute
359	Can change personnel.models.employeeCustomAttribute	39	change_employeecustomattribute
360	Can delete personnel.models.employeeCustomAttribute	39	delete_employeecustomattribute
361	Can add personnel.models.employeeExtraInfo	154	add_employeeextrainfo
362	Can change personnel.models.employeeExtraInfo	154	change_employeeextrainfo
363	Can delete personnel.models.employeeExtraInfo	154	delete_employeeextrainfo
364	Can add psnl.model.company	31	add_company
365	Can change psnl.model.company	31	change_company
366	Can delete psnl.model.company	31	delete_company
367	Can add Personnel Setting Permission	1	add_personnelsettingpermission
368	Can change Personnel Setting Permission	1	change_personnelsettingpermission
369	Can delete Personnel Setting Permission	1	delete_personnelsettingpermission
370	Can view company	31	view_company
371	Can view department	34	view_department
372	Can Import department	34	import_department
373	Can SetDepartment department	34	set_department_department
374	Can view position	36	view_position
375	Can Import position	36	import_position
376	Can SetPosition position	36	set_position_position
377	Can view area	32	view_area
378	Can Import area	32	import_area
379	Can SetArea area	32	set_area_area
380	Can view certification	33	view_certification
381	Can Import certification	33	import_certification
382	Can view employee	35	view_employee
383	Can ImportEmployee employee	35	import_employee_employee
384	Can ImportDocument employee	35	import_document_employee
385	Can ImportPhoto employee	35	import_photo_employee
386	Can ImportUSBData employee	35	import_u_s_b_data_employee
387	Can AdjustDepartment employee	35	adjust_department_employee
388	Can PositionTransfer employee	35	position_transfer_employee
389	Can AdjustArea employee	35	adjust_area_employee
390	Can PassProbation employee	35	pass_probation_employee
391	Can Resignation employee	35	resignation_employee
392	Can EnableApp employee	35	enable_app_employee
393	Can DisableApp employee	35	disable_app_employee
394	Can ResynchronizeDevice employee	35	resynchronize_device_employee
395	Can ReUploadFromDevice employee	35	re_upload_from_device_employee
396	Can DeleteBiometricTemplates employee	35	delete_biometric_templates_employee
397	Can ExportUSBData employee	35	export_u_s_b_data_employee
398	Can view employment	152	view_employment
399	Can view assignareaemployee	150	view_assignareaemployee
400	Can AddEmployeeResign resign	37	add_employee_resign_resign
401	Can Reinstatement resign	37	reinstatement_resign
402	Can Import resign	37	import_resign
403	Can DisableAttendanceFunction resign	37	disable_attendance_function_resign
404	Can AddEmployeeCert employeecertification	38	add_employee_cert_employeecertification
405	Can Import employeecertification	38	import_employeecertification
406	Can view employeeprofile	151	view_employeeprofile
407	Can view employeecalendar	153	view_employeecalendar
408	Can view employeecustomattribute	39	view_employeecustomattribute
409	Can view employeeextrainfo	154	view_employeeextrainfo
410	Can view personnelsettingpermission	155	view_personnelsettingpermission
411	Can add workflow_node_instance	156	add_nodeinstance
412	Can change workflow_node_instance	156	change_nodeinstance
413	Can delete workflow_node_instance	156	delete_nodeinstance
414	Can add workflow_model_workflowEngine	55	add_workflowengine
415	Can change workflow_model_workflowEngine	55	change_workflowengine
416	Can delete workflow_model_workflowEngine	55	delete_workflowengine
417	Can add workflow instance	157	add_workflowinstance
418	Can change workflow instance	157	change_workflowinstance
419	Can delete workflow instance	157	delete_workflowinstance
420	Can add workflow_model_workflowNode	56	add_workflownode
421	Can change workflow_model_workflowNode	56	change_workflownode
422	Can delete workflow_model_workflowNode	56	delete_workflownode
423	Can add workflow_model_workflowRole	54	add_workflowrole
424	Can change workflow_model_workflowRole	54	change_workflowrole
425	Can delete workflow_model_workflowRole	54	delete_workflowrole
426	Can view workflowrole	54	view_workflowrole
427	Can WorkFlowRoleAssignEmployee workflowrole	54	work_flow_role_assign_employee_workflowrole
428	Can view workflowengine	55	view_workflowengine
429	Can WorkFlowSetupForDepartment workflowengine	55	work_flow_setup_for_department_workflowengine
430	Can WorkFlowSetupForPosition workflowengine	55	work_flow_setup_for_position_workflowengine
431	Can WorkFlowSetupForEmployee workflowengine	55	work_flow_setup_for_employee_workflowengine
432	Can view workflownode	56	view_workflownode
433	Can view nodeinstance	156	view_nodeinstance
434	Can view workflowinstance	157	view_workflowinstance
435	Can add att_calc_log	158	add_attcalclog
436	Can change att_calc_log	158	change_attcalclog
437	Can delete att_calc_log	158	delete_attcalclog
438	Can change att.models.attCode	58	change_attcode
439	Can view att.models.attCode	58	view_attcode
440	Can add att.models.attEmployee	159	add_attemployee
441	Can change att.models.attEmployee	159	change_attemployee
442	Can delete att.models.attEmployee	159	delete_attemployee
443	Can add att.models.attGroup	59	add_attgroup
444	Can change att.models.attGroup	59	change_attgroup
445	Can delete att.models.attGroup	59	delete_attgroup
446	Can add att.models.attPolicy	60	add_attpolicy
447	Can change att.models.attPolicy	60	change_attpolicy
448	Can delete att.models.attPolicy	60	delete_attpolicy
449	Can add att.model.calculateItem	80	add_attreportsetting
450	Can change att.model.calculateItem	80	change_attreportsetting
451	Can delete att.model.calculateItem	80	delete_attreportsetting
452	Can add att_model_attRule	63	add_attrule
453	Can change att_model_attRule	63	change_attrule
454	Can delete att_model_attRule	63	delete_attrule
455	Can delete att_model_schedule	68	delete_attschedule
456	Can change att_model_schedule	68	change_attschedule
457	Can view att_model_schedule	68	view_attschedule
458	Can add att_model_shift	67	add_attshift
459	Can change att_model_shift	67	change_attshift
460	Can delete att_model_shift	67	delete_attshift
461	Can add att_model_breakTime	76	add_breaktime
462	Can change att_model_breakTime	76	change_breaktime
463	Can delete att_model_breakTime	76	delete_breaktime
464	Can add att_model_changeSchedule	77	add_changeschedule
465	Can change att_model_changeSchedule	77	change_changeschedule
466	Can delete att_model_changeSchedule	77	delete_changeschedule
467	Can add att.models.departmentPolicy	61	add_departmentpolicy
468	Can change att.models.departmentPolicy	61	change_departmentpolicy
469	Can delete att.models.departmentPolicy	61	delete_departmentpolicy
470	Can delete att_model_deptSchedule	78	delete_departmentschedule
471	Can change att_model_deptSchedule	78	change_departmentschedule
472	Can view att_model_deptSchedule	78	view_departmentschedule
473	Can delete att_model_deptAttRule	75	delete_deptattrule
474	Can change att_model_deptAttRule	75	change_deptattrule
475	Can view att_model_deptAttRule	75	view_deptattrule
476	Can add att.models.groupPolicy	62	add_grouppolicy
477	Can change att.models.groupPolicy	62	change_grouppolicy
478	Can delete att.models.groupPolicy	62	delete_grouppolicy
479	Can add att.models.groupSchedule	79	add_groupschedule
480	Can change att.models.groupSchedule	79	change_groupschedule
481	Can delete att.models.groupSchedule	79	delete_groupschedule
482	Can delete att_model_holiday	74	delete_holiday
483	Can change att_model_holiday	74	change_holiday
484	Can view att_model_holiday	74	view_holiday
485	Can delete att_model_leave	71	delete_leave
486	Can change att_model_leave	71	change_leave
487	Can view att_model_leave	71	view_leave
488	Can delete att_model_manualLog	65	delete_manuallog
489	Can change att_model_manualLog	65	change_manuallog
490	Can view att_model_manualLog	65	view_manuallog
491	Can delete att_model_overtime	73	delete_overtime
492	Can change att_model_overtime	73	change_overtime
493	Can view att_model_overtime	73	view_overtime
494	Can add att.models.overtimePolicy	160	add_overtimepolicy
495	Can change att.models.overtimePolicy	160	change_overtimepolicy
496	Can delete att.models.overtimePolicy	160	delete_overtimepolicy
497	Can add att.models.payCode	57	add_paycode
498	Can change att.models.payCode	57	change_paycode
499	Can delete att.models.payCode	57	delete_paycode
500	Can add payload att code	161	add_payloadattcode
501	Can change payload att code	161	change_payloadattcode
502	Can delete payload att code	161	delete_payloadattcode
503	Can add payload base	162	add_payloadbase
504	Can change payload base	162	change_payloadbase
505	Can delete payload base	162	delete_payloadbase
506	Can add payload break	163	add_payloadbreak
507	Can change payload break	163	change_payloadbreak
508	Can delete payload break	163	delete_payloadbreak
509	Can add payload effect punch	164	add_payloadeffectpunch
510	Can change payload effect punch	164	change_payloadeffectpunch
511	Can delete payload effect punch	164	delete_payloadeffectpunch
512	Can add payload exception	165	add_payloadexception
513	Can change payload exception	165	change_payloadexception
514	Can delete payload exception	165	delete_payloadexception
515	Can add payload mul punch set	166	add_payloadmulpunchset
516	Can change payload mul punch set	166	change_payloadmulpunchset
517	Can delete payload mul punch set	166	delete_payloadmulpunchset
518	Can add payload overtime	167	add_payloadovertime
519	Can change payload overtime	167	change_payloadovertime
520	Can delete payload overtime	167	delete_payloadovertime
521	Can add payload paring	168	add_payloadparing
522	Can change payload paring	168	change_payloadparing
523	Can delete payload paring	168	delete_payloadparing
524	Can add payload pay code	169	add_payloadpaycode
525	Can change payload pay code	169	change_payloadpaycode
526	Can delete payload pay code	169	delete_payloadpaycode
527	Can add payload punch	170	add_payloadpunch
528	Can change payload punch	170	change_payloadpunch
529	Can delete payload punch	170	delete_payloadpunch
530	Can add att.models.payloadTimeCard	171	add_payloadtimecard
531	Can change att.models.payloadTimeCard	171	change_payloadtimecard
532	Can delete att.models.payloadTimeCard	171	delete_payloadtimecard
533	Can add att_model_reportParameter	64	add_reportparam
534	Can change att_model_reportParameter	64	change_reportparam
535	Can delete att_model_reportParameter	64	delete_reportparam
536	Can add att_model_reportTemplate	172	add_reporttemplate
537	Can change att_model_reportTemplate	172	change_reporttemplate
538	Can delete att_model_reportTemplate	172	delete_reporttemplate
539	Can add att_model_shiftDetail	173	add_shiftdetail
540	Can change att_model_shiftDetail	173	change_shiftdetail
541	Can delete att_model_shiftDetail	173	delete_shiftdetail
542	Can delete att.models.temporarySchedule	70	delete_temporaryschedule
543	Can change att.models.temporarySchedule	70	change_temporaryschedule
544	Can view att.models.temporarySchedule	70	view_temporaryschedule
545	Can delete att_model_tempSchedule	69	delete_tempschedule
546	Can change att_model_tempSchedule	69	change_tempschedule
547	Can view att_model_tempSchedule	69	view_tempschedule
548	Can delete att_model_timeInterval	66	delete_timeinterval
549	Can change att_model_timeInterval	66	change_timeinterval
550	Can view att_model_timeInterval	66	view_timeinterval
551	Can delete att_model_training	72	delete_training
552	Can change att_model_training	72	change_training
553	Can view att_model_training	72	view_training
554	Can add Att Setting Permission	1	add_attsettingpermission
555	Can change Att Setting Permission	1	change_attsettingpermission
556	Can delete Att Setting Permission	1	delete_attsettingpermission
557	Can add Report Permission	1	add_reportpermission
558	Can change Report Permission	1	change_reportpermission
559	Can delete Report Permission	1	delete_reportpermission
560	Can add menu_att_leavegroup	81	add_leavegroup
561	Can change menu_att_leavegroup	81	change_leavegroup
562	Can delete menu_att_leavegroup	81	delete_leavegroup
563	Can add att_model_leavegroupdetail	82	add_leavegroupdetail
564	Can change att_model_leavegroupdetail	82	change_leavegroupdetail
565	Can delete att_model_leavegroupdetail	82	delete_leavegroupdetail
566	Can add att_model_leaveYearBalance	83	add_leaveyearbalance
567	Can change att_model_leaveYearBalance	83	change_leaveyearbalance
568	Can delete att_model_leaveYearBalance	83	delete_leaveyearbalance
569	Can add att.models.webPunch	174	add_webpunch
570	Can change att.models.webPunch	174	change_webpunch
571	Can delete att.models.webPunch	174	delete_webpunch
572	Can add calculate last date	175	add_calculatelastdate
573	Can change calculate last date	175	change_calculatelastdate
574	Can delete calculate last date	175	delete_calculatelastdate
575	Can add calculate task	176	add_calculatetask
576	Can change calculate task	176	change_calculatetask
577	Can delete calculate task	176	delete_calculatetask
578	Can view paycode	57	view_paycode
579	Can view attgroup	59	view_attgroup
580	Can SetGroup attgroup	59	set_group_attgroup
581	Can view attpolicy	60	view_attpolicy
582	Can view departmentpolicy	61	view_departmentpolicy
583	Can AddDepartmentPolicy departmentpolicy	61	add_department_policy_departmentpolicy
584	Can view grouppolicy	62	view_grouppolicy
585	Can AddGroupPolicy grouppolicy	62	add_group_policy_grouppolicy
586	Can view attrule	63	view_attrule
587	Can view attemployee	159	view_attemployee
588	Can view attshift	67	view_attshift
589	Can AddAttSchedule attschedule	68	add_att_schedule_attschedule
590	Can Import attschedule	68	import_attschedule
591	Can view breaktime	76	view_breaktime
592	Can AddDepartmentHoliday holiday	74	add_department_holiday_holiday
593	Can AddLeave leave	71	add_leave_leave
594	Can BulkAddLeave leave	71	bulk_add_leave_leave
595	Can ApproveLeave leave	71	approve_leave_leave
596	Can Reject leave	71	reject_leave
597	Can Revoke leave	71	revoke_leave
598	Can Import leave	71	import_leave
599	Can AddManualLog manuallog	65	add_manual_log_manuallog
600	Can BulkAddManualLog manuallog	65	bulk_add_manual_log_manuallog
601	Can Approve manuallog	65	approve_manuallog
602	Can Reject manuallog	65	reject_manuallog
603	Can Revoke manuallog	65	revoke_manuallog
604	Can Import manuallog	65	import_manuallog
605	Can AddOvertime overtime	73	add_overtime_overtime
606	Can BulkAddOvertime overtime	73	bulk_add_overtime_overtime
607	Can Approve overtime	73	approve_overtime
608	Can Reject overtime	73	reject_overtime
609	Can Revoke overtime	73	revoke_overtime
610	Can Import overtime	73	import_overtime
611	Can view reportparam	64	view_reportparam
612	Can view attreportsetting	80	view_attreportsetting
613	Can AddNormalTimetable timeinterval	66	add_normal_timetable_timeinterval
614	Can AddFlexibleTimetable timeinterval	66	add_flexible_timetable_timeinterval
615	Can view shiftdetail	173	view_shiftdetail
616	Can AddTempSchedule tempschedule	69	add_temp_schedule_tempschedule
617	Can Import tempschedule	69	import_tempschedule
618	Can AddTemporarySchedule temporaryschedule	70	add_temporary_schedule_temporaryschedule
619	Can ImportTemporarySchedule temporaryschedule	70	import_temporary_schedule_temporaryschedule
620	Can AddTraining training	72	add_training_training
621	Can BulkAddTraining training	72	bulk_add_training_training
622	Can Approve training	72	approve_training
623	Can Reject training	72	reject_training
624	Can Revoke training	72	revoke_training
625	Can Import training	72	import_training
626	Can BatchAddDepartmentRule deptattrule	75	batch_add_department_rule_deptattrule
627	Can view changeschedule	77	view_changeschedule
628	Can Approve changeschedule	77	approve_changeschedule
629	Can Reject changeschedule	77	reject_changeschedule
630	Can Revoke changeschedule	77	revoke_changeschedule
631	Can AddDepartmentSchedule departmentschedule	78	add_department_schedule_departmentschedule
632	Can view groupschedule	79	view_groupschedule
633	Can AddGroupSchedule groupschedule	79	add_group_schedule_groupschedule
634	Can view calculatetask	176	view_calculatetask
635	Can view payloadtimecard	171	view_payloadtimecard
636	Can view payloadpaycode	169	view_payloadpaycode
637	Can view payloadattcode	161	view_payloadattcode
638	Can view payloadparing	168	view_payloadparing
639	Can view payloadeffectpunch	164	view_payloadeffectpunch
640	Can view payloadovertime	167	view_payloadovertime
641	Can view payloadbreak	163	view_payloadbreak
642	Can view payloadbase	162	view_payloadbase
643	Can view payloadpunch	170	view_payloadpunch
644	Can view payloadexception	165	view_payloadexception
645	Can view payloadmulpunchset	166	view_payloadmulpunchset
646	Can view overtimepolicy	160	view_overtimepolicy
647	Can view reporttemplate	172	view_reporttemplate
648	Can view leavegroup	81	view_leavegroup
649	Can AssignLeaveGroup leavegroup	81	assign_leave_group_leavegroup
650	Can AddLeaveGroup leavegroup	81	add_leave_group_leavegroup
651	Can view leavegroupdetail	82	view_leavegroupdetail
652	Can view leaveyearbalance	83	view_leaveyearbalance
653	Can view webpunch	174	view_webpunch
654	Can view calculatelastdate	175	view_calculatelastdate
655	Can view reportpermission	178	view_reportpermission
656	Can view attsettingpermission	177	view_attsettingpermission
657	Can view attcalclog	158	view_attcalclog
658	Can add base_model_user	14	add_myuser
659	Can change base_model_user	14	change_myuser
660	Can add iclock_model_bioData	179	add_adminbiodata
661	Can change iclock_model_bioData	179	change_adminbiodata
662	Can delete iclock_model_bioData	179	delete_adminbiodata
663	Can add accounts.models.userNotification	30	add_usernotification
664	Can change accounts.models.userNotification	30	change_usernotification
665	Can delete accounts.models.userNotification	30	delete_usernotification
666	can_enter_menu_system_module	180	enter_system_module
667	can_enter_personnel_module	180	enter_personnel_module
668	can_enter_terminal_module	180	enter_terminal_module
669	can_enter_attendance_module	180	enter_attendance_module
670	can_enter_payroll_module	180	enter_payroll_module
671	can_enter_access_module	180	enter_access_module
672	can_enter_visitor_module	180	enter_visitor_module
673	can_enter_meeting_module	180	enter_meeting_module
674	can_enter_ep_module	180	enter_ep_module
675	Can view myuser	14	view_myuser
676	Can ChangePassword myuser	14	change_password_myuser
677	Can UserDelete myuser	14	user_delete_myuser
678	Can view adminbiodata	179	view_adminbiodata
679	Can view usernotification	30	view_usernotification
680	Can MarkerAll usernotification	30	marker_all_usernotification
681	Can add StaffToken	181	add_stafftoken
682	Can change StaffToken	181	change_stafftoken
683	Can delete StaffToken	181	delete_stafftoken
684	Can view stafftoken	181	view_stafftoken
685	Can view pendingleave	188	view_pendingleave
686	Can StaffAddLeave pendingleave	188	staff_add_leave_pendingleave
687	Can Revoke pendingleave	188	revoke_pendingleave
688	Can view pendingovertime	190	view_pendingovertime
689	Can StaffAddOverTime pendingovertime	190	staff_add_over_time_pendingovertime
690	Can Revoke pendingovertime	190	revoke_pendingovertime
691	Can view pendingmanuallog	189	view_pendingmanuallog
692	Can StaffAddManualLog pendingmanuallog	189	staff_add_manual_log_pendingmanuallog
693	Can Revoke pendingmanuallog	189	revoke_pendingmanuallog
694	Can view pendingtraining	191	view_pendingtraining
695	Can StaffAddTraining pendingtraining	191	staff_add_training_pendingtraining
696	Can Revoke pendingtraining	191	revoke_pendingtraining
697	Can view pendingchangeschedule	187	view_pendingchangeschedule
698	Can view approvalleave	183	view_approvalleave
699	Can StaffApproveLeave approvalleave	183	staff_approve_leave_approvalleave
700	Can Reject approvalleave	183	reject_approvalleave
701	Can view approvalovertime	185	view_approvalovertime
702	Can Approve approvalovertime	185	approve_approvalovertime
703	Can Reject approvalovertime	185	reject_approvalovertime
704	Can view approvalmanuallog	184	view_approvalmanuallog
705	Can Approve approvalmanuallog	184	approve_approvalmanuallog
706	Can Reject approvalmanuallog	184	reject_approvalmanuallog
707	Can view approvaltraining	186	view_approvaltraining
708	Can Approve approvaltraining	186	approve_approvaltraining
709	Can Reject approvaltraining	186	reject_approvaltraining
710	Can view approvalchangeschedule	182	view_approvalchangeschedule
711	Can Approve approvalchangeschedule	182	approve_approvalchangeschedule
712	Can Reject approvalchangeschedule	182	reject_approvalchangeschedule
713	Can view pendingreservation	193	view_pendingreservation
714	Can StaffAddReservation pendingreservation	193	staff_add_reservation_pendingreservation
715	Can Revoke pendingreservation	193	revoke_pendingreservation
716	Can view approvalreservation	192	view_approvalreservation
717	Can Approve approvalreservation	192	approve_approvalreservation
718	Can Reject approvalreservation	192	reject_approvalreservation
719	Can view pendingmeetingentity	196	view_pendingmeetingentity
720	Can Revoke pendingmeetingentity	196	revoke_pendingmeetingentity
721	Can AddMeetingAttender pendingmeetingentity	196	add_meeting_attender_pendingmeetingentity
722	Can view pendingmeetingmanuallog	197	view_pendingmeetingmanuallog
723	Can StaffAddMeetingManualLog pendingmeetingmanuallog	197	staff_add_meeting_manual_log_pendingmeetingmanuallog
724	Can Revoke pendingmeetingmanuallog	197	revoke_pendingmeetingmanuallog
725	Can view approvalmeetingentity	194	view_approvalmeetingentity
726	Can Approve approvalmeetingentity	194	approve_approvalmeetingentity
727	Can Reject approvalmeetingentity	194	reject_approvalmeetingentity
728	Can view approvalmeetingmanuallog	195	view_approvalmeetingmanuallog
729	Can Approve approvalmeetingmanuallog	195	approve_approvalmeetingmanuallog
730	Can Reject approvalmeetingmanuallog	195	reject_approvalmeetingmanuallog
731	Can delete app_model_announcement	87	delete_announcement
732	Can delete app_model_actionLog	90	delete_appactionlog
733	Can delete app_model_appList	88	delete_applist
734	Can delete app_model_notification	89	delete_appnotification
735	Can delete mobile_model_gpsForDepartment	92	delete_gpsfordepartment
736	Can change mobile_model_gpsForDepartment	92	change_gpsfordepartment
737	Can view mobile_model_gpsForDepartment	92	view_gpsfordepartment
738	Can delete mobile_model_gpsForEmployee	91	delete_gpsforemployee
739	Can change mobile_model_gpsForEmployee	91	change_gpsforemployee
740	Can view mobile_model_gpsForEmployee	91	view_gpsforemployee
741	Can add mobile_model_gpsLocation	93	add_gpslocation
742	Can change mobile_model_gpsLocation	93	change_gpslocation
743	Can delete mobile_model_gpsLocation	93	delete_gpslocation
744	Can add mobile api request log	94	add_mobileapirequestlog
745	Can change mobile api request log	94	change_mobileapirequestlog
746	Can delete mobile api request log	94	delete_mobileapirequestlog
747	Can view appactionlog	90	view_appactionlog
748	Can view applist	88	view_applist
749	Can PushNotification applist	88	push_notification_applist
750	Can ForceOffline applist	88	force_offline_applist
751	Can Disable applist	88	disable_applist
752	Can Enable applist	88	enable_applist
753	Can view announcement	87	view_announcement
754	Can AddPublicNotice announcement	87	add_public_notice_announcement
755	Can AddPrivateNotice announcement	87	add_private_notice_announcement
756	Can view appnotification	89	view_appnotification
757	Can view gpslocation	93	view_gpslocation
758	Can AddGPSForDepartment gpsfordepartment	92	add_g_p_s_for_department_gpsfordepartment
759	Can AddGPSForEmployee gpsforemployee	91	add_g_p_s_for_employee_gpsforemployee
760	Can view mobileapirequestlog	94	view_mobileapirequestlog
761	Can add payroll_model_deductionFormula	96	add_deductionformula
762	Can change payroll_model_deductionFormula	96	change_deductionformula
763	Can delete payroll_model_deductionFormula	96	delete_deductionformula
764	Can delete payroll_model_empLoan	101	delete_emploan
765	Can add payroll_model_empPayrollProfile	95	add_emppayrollprofile
766	Can change payroll_model_empPayrollProfile	95	change_emppayrollprofile
767	Can delete payroll_model_empPayrollProfile	95	delete_emppayrollprofile
768	Can add payroll_model_exceptionFormula	97	add_exceptionformula
769	Can change payroll_model_exceptionFormula	97	change_exceptionformula
770	Can delete payroll_model_exceptionFormula	97	delete_exceptionformula
771	Can delete payroll_model_extraDeduction	106	delete_extradeduction
772	Can change payroll_model_extraDeduction	106	change_extradeduction
773	Can view payroll_model_extraDeduction	106	view_extradeduction
774	Can delete payroll_model_extraIncrease	105	delete_extraincrease
775	Can change payroll_model_extraIncrease	105	change_extraincrease
776	Can view payroll_model_extraIncrease	105	view_extraincrease
777	Can add payroll_model_increasementFormula	98	add_increasementformula
778	Can change payroll_model_increasementFormula	98	change_increasementformula
779	Can delete payroll_model_increasementFormula	98	delete_increasementformula
780	Can add payroll_model_leaveFormula	99	add_leaveformula
781	Can change payroll_model_leaveFormula	99	change_leaveformula
782	Can delete payroll_model_leaveFormula	99	delete_leaveformula
783	Can add payroll_model_overtimeFormula	100	add_overtimeformula
784	Can change payroll_model_overtimeFormula	100	change_overtimeformula
785	Can delete payroll_model_overtimeFormula	100	delete_overtimeformula
786	Can add payroll_model_payroll_payload	198	add_payrollpayload
787	Can change payroll_model_payroll_payload	198	change_payrollpayload
788	Can delete payroll_model_payroll_payload	198	delete_payrollpayload
789	Can add payroll payload pay code	199	add_payrollpayloadpaycode
790	Can change payroll payload pay code	199	change_payrollpayloadpaycode
791	Can delete payroll payload pay code	199	delete_payrollpayloadpaycode
792	Can delete payroll_model_Reimbursement	102	delete_reimbursement
793	Can delete payroll_model_SalaryAdvance	103	delete_salaryadvance
794	Can delete payroll_model_salarystructure	104	delete_salarystructure
795	Can change payroll_model_salarystructure	104	change_salarystructure
796	Can view payroll_model_salarystructure	104	view_salarystructure
797	Can add Payroll Report Permission	1	add_payrollreportpermission
798	Can change Payroll Report Permission	1	change_payrollreportpermission
799	Can delete Payroll Report Permission	1	delete_payrollreportpermission
800	Can view payrollreportpermission	200	view_payrollreportpermission
801	Can view emppayrollprofile	95	view_emppayrollprofile
802	Can view deductionformula	96	view_deductionformula
803	Can view exceptionformula	97	view_exceptionformula
804	Can view increasementformula	98	view_increasementformula
805	Can view leaveformula	99	view_leaveformula
806	Can view overtimeformula	100	view_overtimeformula
807	Can view emploan	101	view_emploan
808	Can AddEmpLoanAction emploan	101	add_emp_loan_action_emploan
809	Can view reimbursement	102	view_reimbursement
810	Can AddReimbursementAction reimbursement	102	add_reimbursement_action_reimbursement
811	Can view salaryadvance	103	view_salaryadvance
812	Can AddSalaryAdvanceAction salaryadvance	103	add_salary_advance_action_salaryadvance
813	Can AddSalaryStructureAction salarystructure	104	add_salary_structure_action_salarystructure
814	Can AddExtraIncreaseAction extraincrease	105	add_extra_increase_action_extraincrease
815	Can AddExtraDeductionAction extradeduction	106	add_extra_deduction_action_extradeduction
816	Can view payrollpayload	198	view_payrollpayload
817	Can view payrollpayloadpaycode	199	view_payrollpayloadpaycode
818	Can add acc_combination	110	add_acccombination
819	Can change acc_combination	110	change_acccombination
820	Can delete acc_combination	110	delete_acccombination
821	Can add acc_groups	109	add_accgroups
822	Can change acc_groups	109	change_accgroups
823	Can delete acc_groups	109	delete_accgroups
824	Can add acc_holiday	108	add_accholiday
825	Can change acc_holiday	108	change_accholiday
826	Can delete acc_holiday	108	delete_accholiday
827	Can add acc_privilege	111	add_accprivilege
828	Can change acc_privilege	111	change_accprivilege
829	Can delete acc_privilege	111	delete_accprivilege
830	Can change menu_access_terminal	112	change_accterminal
831	Can view menu_access_terminal	112	view_accterminal
832	Can add acc_timezone	107	add_acctimezone
833	Can change acc_timezone	107	change_acctimezone
834	Can delete acc_timezone	107	delete_acctimezone
835	Can view acctimezone	107	view_acctimezone
836	Can CloneToArea acctimezone	107	clone_to_area_acctimezone
837	Can view accholiday	108	view_accholiday
838	Can CloneToArea accholiday	108	clone_to_area_accholiday
839	Can view accgroups	109	view_accgroups
840	Can CloneToArea accgroups	109	clone_to_area_accgroups
841	Can SetEmployeeGroup accgroups	109	set_employee_group_accgroups
842	Can view acccombination	110	view_acccombination
843	Can CloneToArea acccombination	110	clone_to_area_acccombination
844	Can view accprivilege	111	view_accprivilege
845	Can AdjustEmployeePrivilege accprivilege	111	adjust_employee_privilege_accprivilege
846	Can OpenDoor accterminal	112	open_door_accterminal
847	Can CancelAlarm accterminal	112	cancel_alarm_accterminal
848	Can SetParameter accterminal	112	set_parameter_accterminal
849	Can add visitor.field.reason	114	add_reason
850	Can change visitor.field.reason	114	change_reason
851	Can delete visitor.field.reason	114	delete_reason
852	Can change menu.visitor.reservation	84	change_reservation
853	Can delete menu.visitor.reservation	84	delete_reservation
854	Can add menu.visitor	113	add_visitor
855	Can change menu.visitor	113	change_visitor
856	Can delete menu.visitor	113	delete_visitor
857	Can add visitor.model.configuration	116	add_visitorconfig
858	Can change visitor.model.configuration	116	change_visitorconfig
859	Can delete visitor.model.configuration	116	delete_visitorconfig
860	Can delete model.visitor.log	115	delete_visitorlog
861	Can view model.visitor.log	115	view_visitorlog
862	Can view visitor.model.VisitorBioData	118	view_visitorbiodata
863	Can delete visitor.model.VisitorBioPhoto	117	delete_visitorbiophoto
864	Can view visitor.model.VisitorBioPhoto	117	view_visitorbiophoto
865	Can add visitor.models.visitorTransaction	119	add_visitortransaction
866	Can change visitor.models.visitorTransaction	119	change_visitortransaction
867	Can delete visitor.models.visitorTransaction	119	delete_visitortransaction
868	Can view reason	114	view_reason
869	Can view visitor	113	view_visitor
870	Can ExitRegistration visitor	113	exit_registration_visitor
871	Can view reservation	84	view_reservation
872	Can AddReservation reservation	84	add_reservation_reservation
873	Can Approve reservation	84	approve_reservation
874	Can Reject reservation	84	reject_reservation
875	Can Revoke reservation	84	revoke_reservation
876	Can ReservationQRCode reservation	84	reservation_q_r_code_reservation
877	Can EnableVisitor visitorlog	115	enable_visitor_visitorlog
878	Can DisableVisitor visitorlog	115	disable_visitor_visitorlog
879	Can view visitorconfig	116	view_visitorconfig
880	Can VisitorBioPhotoApprove visitorbiophoto	117	visitor_bio_photo_approve_visitorbiophoto
881	Can VisitorBioPhotoQRCode visitorbiophoto	117	visitor_bio_photo_q_r_code_visitorbiophoto
882	Can view visitortransaction	119	view_visitortransaction
883	Can add meeting.models.meetingEntity	85	add_meetingentity
884	Can change meeting.models.meetingEntity	85	change_meetingentity
885	Can delete meeting.models.meetingEntity	85	delete_meetingentity
886	Can delete meeting.models.manualLog	86	delete_meetingmanuallog
887	Can change meeting.models.manualLog	86	change_meetingmanuallog
888	Can view meeting.models.manualLog	86	view_meetingmanuallog
889	Can add meeting.models.meetingPayloadBase	201	add_meetingpayloadbase
890	Can change meeting.models.meetingPayloadBase	201	change_meetingpayloadbase
891	Can delete meeting.models.meetingPayloadBase	201	delete_meetingpayloadbase
892	Can delete meeting.models.meetingRoom	120	delete_meetingroom
893	Can change meeting.models.meetingRoom	120	change_meetingroom
894	Can view meeting.models.meetingRoom	120	view_meetingroom
895	Can add meeting.models.device	121	add_meetingroomdevice
896	Can change meeting.models.device	121	change_meetingroomdevice
897	Can delete meeting.models.device	121	delete_meetingroomdevice
898	Can view meeting.models.transaction	122	view_meetingtransaction
899	Can add Meeting Report Permission	1	add_meetingreportpermission
900	Can change Meeting Report Permission	1	change_meetingreportpermission
901	Can delete Meeting Report Permission	1	delete_meetingreportpermission
902	Can view meetingreportpermission	202	view_meetingreportpermission
903	Can AddMeetingRoom meetingroom	120	add_meeting_room_meetingroom
904	Can view meetingroomdevice	121	view_meetingroomdevice
905	Can view meetingentity	85	view_meetingentity
906	Can MeetingCalculation meetingentity	85	meeting_calculation_meetingentity
907	Can Approve meetingentity	85	approve_meetingentity
908	Can Revoke meetingentity	85	revoke_meetingentity
909	Can Reject meetingentity	85	reject_meetingentity
910	Can AddMeetingAttender meetingentity	85	add_meeting_attender_meetingentity
911	Can SyncMeeting2Device meetingentity	85	sync_meeting2_device_meetingentity
912	Can AddMeetingManualLog meetingmanuallog	86	add_meeting_manual_log_meetingmanuallog
913	Can Approve meetingmanuallog	86	approve_meetingmanuallog
914	Can Reject meetingmanuallog	86	reject_meetingmanuallog
915	Can Revoke meetingmanuallog	86	revoke_meetingmanuallog
916	Can view meetingpayloadbase	201	view_meetingpayloadbase
917	Can add ep.models.epSetup	123	add_epsetup
918	Can change ep.models.epSetup	123	change_epsetup
919	Can delete ep.models.epSetup	123	delete_epsetup
920	Can add ep.models.epTransaction	124	add_eptransaction
921	Can change ep.models.epTransaction	124	change_eptransaction
922	Can delete ep.models.epTransaction	124	delete_eptransaction
923	Can add Ep Dashboard Permission	1	add_epdashboardpermission
924	Can change Ep Dashboard Permission	1	change_epdashboardpermission
925	Can delete Ep Dashboard Permission	1	delete_epdashboardpermission
926	Can add Report Permission	1	add_epreportpermission
927	Can change Report Permission	1	change_epreportpermission
928	Can delete Report Permission	1	delete_epreportpermission
929	Can view epdashboardpermission	203	view_epdashboardpermission
930	Can view epreportpermission	204	view_epreportpermission
931	Can view epsetup	123	view_epsetup
932	Can view eptransaction	124	view_eptransaction
\.


--
-- Data for Name: auth_user; Type: TABLE DATA; Schema: public; Owner: postgres
--

COPY public.auth_user (id, username, password, update_time, first_name, last_name, emp_pin, email, tele_phone, auth_time_dept, login_id, login_type, login_count, is_staff, is_active, is_superuser, is_public, can_manage_all_dept, del_flag, date_joined, last_login, session_key, login_ip, photo, assign_company) FROM stdin;
3	mpdescals	pbkdf2_sha256$36000$fA5sGvWLxtXu$V2QtVNHTG9VkBqbEH9KPjCyY6ofvuHptQWc5oxKLm6w=	2024-08-23 04:08:55.723944+08	María Pía	Descals	\N	mpdescals@latinmarklet-sa.com.ar	\N	0	0	0	11	t	t	f	f	f	0	2024-08-23 04:08:55.723944+08	2024-09-25 20:17:01.579201+08	\N	\N	user/default.gif	\N
2	mortiz	pbkdf2_sha256$36000$QKMRW6tBQXJe$rQ72gTwpEgkbgGOh7clHoEw/WRJ7za9zdT4ao1u5nN0=	2024-08-23 04:03:27.854129+08	Marcela	Ortiz	\N	mortiz@latinmarket-sa.com.ar	\N	0	0	0	1	t	t	f	f	f	0	2024-08-23 04:03:27.869776+08	2024-09-16 23:14:43.224995+08	\N	\N	user/default.gif	\N
4	rrhh	pbkdf2_sha256$36000$UvamstHozWlh$HbXK0A1swjlhYKKPVTB3yuyEkVsrMCTftaRhmJXgAXk=	2024-10-26 01:07:50.151281+08	Recursos	Humanos	\N	rrhh@latinmarket-sa.com.ar	\N	0	0	0	39	t	t	t	f	f	0	2024-08-23 04:11:17.117323+08	2024-12-07 00:21:49.74544+08	\N	\N	user/default.gif	\N
1	cartas	pbkdf2_sha256$36000$WKIV05RDGOTv$sD+9tSUebQk/gh5XaT6Q8YzN7140H+L0WyVRvYH7ghE=	2024-08-23 00:03:18.055347+08	Gonzalo	Cartas	\N	gcartas@biodental.com.ar	\N	0	0	0	22	t	t	t	f	f	0	2024-08-23 00:03:18.055347+08	2024-12-09 23:47:05.251046+08	\N	\N	user/default.gif	\N
\.


--
-- Data for Name: auth_user_auth_area; Type: TABLE DATA; Schema: public; Owner: postgres
--

COPY public.auth_user_auth_area (id, myuser_id, area_id) FROM stdin;
1	2	34
2	3	34
3	4	34
\.


--
-- Data for Name: auth_user_auth_dept; Type: TABLE DATA; Schema: public; Owner: postgres
--

COPY public.auth_user_auth_dept (id, myuser_id, department_id) FROM stdin;
1	2	1
2	3	1
3	3	34
4	2	34
5	4	1
6	4	34
\.


--
-- Data for Name: auth_user_groups; Type: TABLE DATA; Schema: public; Owner: postgres
--

COPY public.auth_user_groups (id, myuser_id, group_id) FROM stdin;
\.


--
-- Data for Name: auth_user_profile; Type: TABLE DATA; Schema: public; Owner: postgres
--

COPY public.auth_user_profile (id, login_name, pin_tabs, disabled_fields, column_order, preferences, pwd_update_time, user_id) FROM stdin;
3	mpdescals				{"need_set_protection_question": false}	\N	3
4	rrhh		{"employee": ["nickname", "superior", "card_no", "dept_code", "gender", "email", "employee_area_code", "update_time"]}		{"need_set_protection_question": false}	\N	4
1	cartas				{"need_set_protection_question": false, "questions": {"question_first": "A\\u00f1o de ingreso Gonzalo", "answer_first": "2015", "question_second": "", "answer_second": "", "question_third": "", "answer_third": ""}}	\N	1
2	mortiz				{"need_set_protection_question": false}	\N	2
\.


--
-- Data for Name: auth_user_user_permissions; Type: TABLE DATA; Schema: public; Owner: postgres
--

COPY public.auth_user_user_permissions (id, myuser_id, permission_id) FROM stdin;
\.


--
-- Data for Name: authtoken_token; Type: TABLE DATA; Schema: public; Owner: postgres
--

COPY public.authtoken_token (key, created, user_id) FROM stdin;
69b39236d0f7e452321bb298d9113fc3ad82b3c4	2024-08-23 00:03:18.240808+08	1
1deac965143dbb834ad179c173408d68b0ff7586	2024-08-23 04:03:27.992025+08	2
af516b5d4dd6916bd980fb3587cc0159d79a5df8	2024-08-23 04:08:55.841777+08	3
c7b6bccb37508a959f0bb2cfae1b4e51d1664ff0	2024-08-23 04:11:17.282996+08	4
\.


--
-- Data for Name: base_adminlog; Type: TABLE DATA; Schema: public; Owner: postgres
--

COPY public.base_adminlog (id, action, targets, targets_repr, action_status, description, ip_address, can_routable, op_time, content_type_id, user_id) FROM stdin;
1	Iniciar Sesión	[1]	cartas	0		127.0.0.1	f	2024-08-23 00:04:13.698125+08	14	1
2	Nuevo	[34]	LATINMARKET S.A.	0	Nombre departamento=LATINMARKET S.A.,Departamento superior=Departamento	127.0.0.1	f	2024-08-23 00:27:47.30162+08	34	1
3	Cambiar	[2]	CL3S215260003	0	Nombre del dispositivo(Auto add->ESCALERA),Zona horaria(8->8),Asistencia(1->1),Tipo de trasferencia(1->1)	127.0.0.1	f	2024-08-23 00:28:52.72534+08	40	1
4	Cambiar	[1]	CL3S221760001	0	Nombre del dispositivo(Auto add->RECEPCION),Zona horaria(8->8),Asistencia(1->1),Tipo de trasferencia(1->1)	127.0.0.1	f	2024-08-23 00:29:19.32913+08	40	1
5	Nuevo	[34]	LATINMARKET S.A.	0	Nombre de área=LATINMARKET S.A.	127.0.0.1	f	2024-08-23 00:29:42.312851+08	32	1
6	Cambiar	[2]	CL3S215260003	0	Área(1->LATINMARKET S.A.),Zona horaria(8->8),Asistencia(1->1),Tipo de trasferencia(1->1)	127.0.0.1	f	2024-08-23 00:29:51.874285+08	40	1
7	Cambiar	[1]	CL3S221760001	0	Área(1->LATINMARKET S.A.),Zona horaria(8->8),Asistencia(1->1),Tipo de trasferencia(1->1)	127.0.0.1	f	2024-08-23 00:29:57.231134+08	40	1
8	Leer información	[2]	CL3S215260003	0		127.0.0.1	f	2024-08-23 00:30:17.931857+08	40	1
9	Leer información	[1]	CL3S221760001	0		127.0.0.1	f	2024-08-23 00:42:40.097844+08	40	1
10	Trasferir empleados	[10]	10 Lucas	0	Empresa=company.defaultPolítica de transferencia=1Área=<QuerySet [<Area: LATINMARKET S.A.>]>Comentarios=	127.0.0.1	f	2024-08-23 01:01:28.967467+08	35	1
11	Iniciar Sesión	[1]	cartas	0		127.0.0.1	f	2024-08-23 03:26:29.355303+08	14	1
12	Nuevo	[2]	mortiz	0	Usuario=mortiz,Login type=None,Nombres=Marcela,Apellidos=Ortiz,Correo Electrónico=mortiz@latinmarket-sa.com.ar,Super Usuario=False,Área Autorizada=<QuerySet [<Area: LATINMARKET S.A.>]>,Departamento Autorizado=<QuerySet [<Department: Departamento>]>,Contraseña=pbkdf2_sha256$36000$QKMRW6tBQXJe$rQ72gTwpEgkbgGOh7clHoEw/WRJ7za9zdT4ao1u5nN0=,Confirmar contraseña=pbkdf2_sha256$36000$52y8EHKJ2HMP$277sKrIE26cqnyCnyuyXCf53reURnTOP+chYMDiYZaA=	127.0.0.1	f	2024-08-23 04:03:28.064033+08	14	1
13	Nuevo	[3]	mpdescals	0	Usuario=mpdescals,Login type=None,Nombres=María Pía,Apellidos=Descals,Correo Electrónico=mpdescals@latinmarklet-sa.com.ar,Super Usuario=False,Área Autorizada=<QuerySet [<Area: LATINMARKET S.A.>]>,Departamento Autorizado=<QuerySet [<Department: Departamento>, <Department: LATINMARKET S.A.>]>,Contraseña=pbkdf2_sha256$36000$fA5sGvWLxtXu$V2QtVNHTG9VkBqbEH9KPjCyY6ofvuHptQWc5oxKLm6w=,Confirmar contraseña=pbkdf2_sha256$36000$KUj2G198Ue25$zEREeGWSucPaPtZLV31HH/WAntrbUT83lqmT9v0vFYE=	127.0.0.1	f	2024-08-23 04:08:55.882932+08	14	1
14	Cambiar	[2]	mortiz	0	Login type(0->None),Departamento Autorizado([<Department: Departamento>]-><QuerySet [<Department: Departamento>, <Department: LATINMARKET S.A.>]>)	127.0.0.1	f	2024-08-23 04:09:03.661442+08	14	1
15	Nuevo	[4]	rrhh	0	Usuario=rrhh,Login type=None,Nombres=Recursos,Apellidos=Humanos,Correo Electrónico=rrhh@latinmarket-sa.com.ar,Super Usuario=False,Área Autorizada=<QuerySet [<Area: LATINMARKET S.A.>]>,Departamento Autorizado=<QuerySet [<Department: Departamento>, <Department: LATINMARKET S.A.>]>,Contraseña=pbkdf2_sha256$36000$Rw1F4UBxFtv9$nDjOPYBK6veoyQu+12Mq8r2kfur+FJSxOfVAFxv5paM=,Confirmar contraseña=pbkdf2_sha256$36000$CDjRKemzcUaD$HTn7Wv/JT/ocMKYCZEwJ077kfKVSUHN5q9iwAgG1K18=	127.0.0.1	f	2024-08-23 04:11:17.321339+08	14	1
16	Cambiar	[4]	rrhh	0	Login type(0->None),Super Usuario(False->True)	127.0.0.1	f	2024-08-23 04:11:41.178114+08	14	1
17	Cambiar	[2]	CL3S215260003	0	Zona horaria(8->-3),Asistencia(1->1),Tipo de trasferencia(1->1)	127.0.0.1	f	2024-08-23 04:22:27.301099+08	40	1
18	Cambiar	[1]	CL3S221760001	0	Zona horaria(8->-3),Asistencia(1->1),Tipo de trasferencia(1->1)	127.0.0.1	f	2024-08-23 04:22:38.9318+08	40	1
19	Cambiar	[1]	cartas	0	Login type(0->None),Nombres(->Gonzalo),Apellidos(->Cartas)	127.0.0.1	f	2024-08-23 04:25:19.983425+08	14	1
20	Leer información	[2]	CL3S215260003	0		127.0.0.1	f	2024-08-23 04:25:40.771409+08	40	1
21	Leer información	[1]	CL3S221760001	0		127.0.0.1	f	2024-08-23 04:25:44.972316+08	40	1
22	Cerrar sesión	[1]	cartas	0		127.0.0.1	f	2024-08-23 04:37:59.511596+08	14	1
23	Iniciar Sesión	[1]	cartas	0		192.168.0.171	f	2024-08-23 04:38:28.273657+08	14	1
24	Iniciar Sesión	[1]	cartas	0		192.168.0.171	f	2024-08-23 19:59:56.673023+08	14	1
25	Cambiar	[2]	CL3S215260003	0	Área(34->No autorizado),Zona horaria(-3->-3),Asistencia(1->1),Tipo de trasferencia(1->1)	192.168.0.171	f	2024-08-23 20:01:04.242733+08	40	1
26	Cambiar	[1]	CL3S221760001	0	Área(34->No autorizado),Zona horaria(-3->-3),Asistencia(1->1),Tipo de trasferencia(1->1)	192.168.0.171	f	2024-08-23 20:01:10.633458+08	40	1
27	Cambiar	[1]	CL3S221760001	0	Área(1->LATINMARKET S.A.),Zona horaria(-3->-3),Asistencia(1->1),Tipo de trasferencia(1->1)	192.168.0.171	f	2024-08-23 20:01:17.946238+08	40	1
28	Cambiar	[2]	CL3S215260003	0	Área(1->LATINMARKET S.A.),Zona horaria(-3->-3),Asistencia(1->1),Tipo de trasferencia(1->1)	192.168.0.171	f	2024-08-23 20:01:22.555514+08	40	1
29	Cambiar	[1]	1 PRUEBA	0	ID del Empleado(1->None),Departamento(Departamento->LATINMARKET S.A.)	192.168.0.171	f	2024-08-23 20:03:20.916671+08	35	1
30	Cambiar	[10]	10 Lucas	0	ID del Empleado(10->None),Departamento(Departamento->LATINMARKET S.A.)	192.168.0.171	f	2024-08-23 20:05:42.501462+08	35	1
31	Cambiar	[11]	11 Cristian	0	ID del Empleado(11->None),Departamento(Departamento->LATINMARKET S.A.)	192.168.0.171	f	2024-08-23 20:05:59.17426+08	35	1
32	Cambiar	[12]	12 Fabrizio	0	ID del Empleado(12->None),Departamento(Departamento->LATINMARKET S.A.)	192.168.0.171	f	2024-08-23 20:06:06.032712+08	35	1
33	Cambiar	[13]	13 Carlos	0	ID del Empleado(13->None),Departamento(Departamento->LATINMARKET S.A.)	192.168.0.171	f	2024-08-23 20:06:12.300625+08	35	1
34	Cambiar	[14]	14 Kevin	0	ID del Empleado(14->None),Departamento(Departamento->LATINMARKET S.A.)	192.168.0.171	f	2024-08-23 20:06:19.003827+08	35	1
35	Cambiar	[15]	15 Alicia	0	ID del Empleado(15->None),Departamento(Departamento->LATINMARKET S.A.)	192.168.0.171	f	2024-08-23 20:06:26.161093+08	35	1
36	Cambiar	[16]	16 Facundo	0	ID del Empleado(16->None),Departamento(Departamento->LATINMARKET S.A.)	192.168.0.171	f	2024-08-23 20:06:32.41109+08	35	1
37	Cambiar	[17]	17 Gisela	0	ID del Empleado(17->None),Departamento(Departamento->LATINMARKET S.A.)	192.168.0.171	f	2024-08-23 20:06:37.848613+08	35	1
38	Cambiar	[18]	18 Soledad	0	ID del Empleado(18->None),Departamento(Departamento->LATINMARKET S.A.)	192.168.0.171	f	2024-08-23 20:06:43.66321+08	35	1
39	Cambiar	[19]	19 Claudia	0	ID del Empleado(19->None),Departamento(Departamento->LATINMARKET S.A.)	192.168.0.171	f	2024-08-23 20:06:50.08514+08	35	1
40	Cambiar	[2]	2 Juan Carlos	0	ID del Empleado(2->None),Departamento(Departamento->LATINMARKET S.A.)	192.168.0.171	f	2024-08-23 20:06:55.491447+08	35	1
41	Cambiar	[20]	20 Cecilia	0	ID del Empleado(20->None),Departamento(Departamento->LATINMARKET S.A.)	192.168.0.171	f	2024-08-23 20:07:00.772663+08	35	1
42	Cambiar	[21]	21 Pamela	0	ID del Empleado(21->None),Departamento(Departamento->LATINMARKET S.A.)	192.168.0.171	f	2024-08-23 20:07:05.835476+08	35	1
43	Cambiar	[22]	22 Ariel	0	ID del Empleado(22->None),Departamento(Departamento->LATINMARKET S.A.)	192.168.0.171	f	2024-08-23 20:07:12.710466+08	35	1
44	Cambiar	[23]	23 Nicolas	0	ID del Empleado(23->None),Departamento(Departamento->LATINMARKET S.A.)	192.168.0.171	f	2024-08-23 20:07:18.194806+08	35	1
45	Cambiar	[24]	24 Jorge	0	ID del Empleado(24->None),Departamento(Departamento->LATINMARKET S.A.)	192.168.0.171	f	2024-08-23 20:07:24.101096+08	35	1
46	Cambiar	[25]	25 Maximiliano	0	ID del Empleado(25->None),Departamento(Departamento->LATINMARKET S.A.)	192.168.0.171	f	2024-08-23 20:07:29.038553+08	35	1
47	Cambiar	[26]	26 Romina	0	ID del Empleado(26->None),Departamento(Departamento->LATINMARKET S.A.)	192.168.0.171	f	2024-08-23 20:07:34.710429+08	35	1
48	Cambiar	[27]	27 Jorge	0	ID del Empleado(27->None),Departamento(Departamento->LATINMARKET S.A.)	192.168.0.171	f	2024-08-23 20:07:42.94584+08	35	1
49	Cambiar	[28]	28 Fernando	0	ID del Empleado(28->None),Departamento(Departamento->LATINMARKET S.A.)	192.168.0.171	f	2024-08-23 20:07:48.555181+08	35	1
50	Cambiar	[29]	29 Nestor	0	ID del Empleado(29->None),Departamento(Departamento->LATINMARKET S.A.)	192.168.0.171	f	2024-08-23 20:07:53.60209+08	35	1
51	Cambiar	[3]	3 Marcela	0	ID del Empleado(3->None),Departamento(Departamento->LATINMARKET S.A.)	192.168.0.171	f	2024-08-23 20:07:59.820858+08	35	1
52	Cambiar	[30]	30 Lara	0	ID del Empleado(30->None),Departamento(Departamento->LATINMARKET S.A.)	192.168.0.171	f	2024-08-23 20:08:05.633311+08	35	1
53	Cambiar	[31]	31 Leandro	0	ID del Empleado(31->None),Departamento(Departamento->LATINMARKET S.A.)	192.168.0.171	f	2024-08-23 20:08:11.430175+08	35	1
54	Cambiar	[32]	32 Antonella	0	ID del Empleado(32->None),Departamento(Departamento->LATINMARKET S.A.)	192.168.0.171	f	2024-08-23 20:08:16.961452+08	35	1
55	Cambiar	[33]	33 Sandra	0	ID del Empleado(33->None),Departamento(Departamento->LATINMARKET S.A.)	192.168.0.171	f	2024-08-23 20:08:21.633543+08	35	1
56	Cambiar	[34]	34 Sandra	0	ID del Empleado(34->None),Departamento(Departamento->LATINMARKET S.A.)	192.168.0.171	f	2024-08-23 20:08:27.180402+08	35	1
57	Cambiar	[35]	35 Cecilia	0	ID del Empleado(35->None),Departamento(Departamento->LATINMARKET S.A.)	192.168.0.171	f	2024-08-23 20:08:32.742871+08	35	1
58	Cambiar	[36]	36 Maximiliano	0	ID del Empleado(36->None),Departamento(Departamento->LATINMARKET S.A.)	192.168.0.171	f	2024-08-23 20:08:38.52418+08	35	1
59	Cambiar	[37]	37 Judith	0	ID del Empleado(37->None),Departamento(Departamento->LATINMARKET S.A.)	192.168.0.171	f	2024-08-23 20:08:44.227353+08	35	1
60	Cambiar	[38]	38 Alejandro	0	ID del Empleado(38->None),Departamento(Departamento->LATINMARKET S.A.)	192.168.0.171	f	2024-08-23 20:08:49.654976+08	35	1
61	Cambiar	[39]	39 Renzo	0	ID del Empleado(39->None),Departamento(Departamento->LATINMARKET S.A.)	192.168.0.171	f	2024-08-23 20:08:55.498776+08	35	1
62	Cambiar	[4]	4 Maria Pía	0	ID del Empleado(4->None),Departamento(Departamento->LATINMARKET S.A.)	192.168.0.171	f	2024-08-23 20:09:00.889439+08	35	1
63	Cambiar	[40]	40 Jose	0	ID del Empleado(40->None),Departamento(Departamento->LATINMARKET S.A.)	192.168.0.171	f	2024-08-23 20:09:07.389474+08	35	1
64	Cambiar	[41]	41 Silvia	0	ID del Empleado(41->None),Departamento(Departamento->LATINMARKET S.A.)	192.168.0.171	f	2024-08-23 20:09:12.889512+08	35	1
65	Cambiar	[42]	42 Leila	0	ID del Empleado(42->None),Departamento(Departamento->LATINMARKET S.A.)	192.168.0.171	f	2024-08-23 20:09:18.436455+08	35	1
66	Cambiar	[43]	43 Catalina	0	ID del Empleado(43->None),Departamento(Departamento->LATINMARKET S.A.)	192.168.0.171	f	2024-08-23 20:09:23.750069+08	35	1
67	Cambiar	[44]	44 Paula	0	ID del Empleado(44->None),Departamento(Departamento->LATINMARKET S.A.)	192.168.0.171	f	2024-08-23 20:09:32.421651+08	35	1
68	Cambiar	[45]	45 Carina	0	ID del Empleado(45->None),Departamento(Departamento->LATINMARKET S.A.)	192.168.0.171	f	2024-08-23 20:09:37.625374+08	35	1
69	Cambiar	[46]	46 Silvana	0	ID del Empleado(46->None),Departamento(Departamento->LATINMARKET S.A.)	192.168.0.171	f	2024-08-23 20:09:42.422311+08	35	1
70	Cambiar	[47]	47 Daniel	0	ID del Empleado(47->None),Departamento(Departamento->LATINMARKET S.A.)	192.168.0.171	f	2024-08-23 20:09:47.969204+08	35	1
71	Cambiar	[56]	56 Brian	0	ID del Empleado(56->None),Departamento(Departamento->LATINMARKET S.A.)	192.168.0.171	f	2024-08-23 20:09:54.45369+08	35	1
72	Cambiar	[48]	48 Gabriela	0	ID del Empleado(48->None),Departamento(Departamento->LATINMARKET S.A.)	192.168.0.171	f	2024-08-23 20:10:01.00061+08	35	1
73	Cambiar	[49]	49 Ariel	0	ID del Empleado(49->None),Departamento(Departamento->LATINMARKET S.A.)	192.168.0.171	f	2024-08-23 20:10:06.500719+08	35	1
74	Cambiar	[5]	5 Gonzalo	0	ID del Empleado(5->None),Departamento(Departamento->LATINMARKET S.A.)	192.168.0.171	f	2024-08-23 20:10:12.235079+08	35	1
75	Cambiar	[50]	50 Diego	0	ID del Empleado(50->None),Departamento(Departamento->LATINMARKET S.A.)	192.168.0.171	f	2024-08-23 20:10:18.047642+08	35	1
76	Cambiar	[51]	51 Chris	0	ID del Empleado(51->None),Departamento(Departamento->LATINMARKET S.A.)	192.168.0.171	f	2024-08-23 20:10:23.938399+08	35	1
77	Cambiar	[52]	52 Falon	0	ID del Empleado(52->None),Departamento(Departamento->LATINMARKET S.A.)	192.168.0.171	f	2024-08-23 20:10:29.469582+08	35	1
78	Cambiar	[53]	53 Daniela	0	ID del Empleado(53->None),Departamento(Departamento->LATINMARKET S.A.)	192.168.0.171	f	2024-08-23 20:10:35.220559+08	35	1
79	Cambiar	[54]	54 Liz	0	ID del Empleado(54->None),Departamento(Departamento->LATINMARKET S.A.)	192.168.0.171	f	2024-08-23 20:10:40.17373+08	35	1
80	Cambiar	[55]	55 Lucas	0	ID del Empleado(55->None),Departamento(Departamento->LATINMARKET S.A.)	192.168.0.171	f	2024-08-23 20:10:45.142489+08	35	1
81	Cambiar	[6]	6 Mariano	0	ID del Empleado(6->None),Departamento(Departamento->LATINMARKET S.A.)	192.168.0.171	f	2024-08-23 20:10:50.299792+08	35	1
82	Cambiar	[7]	7 Florencia	0	ID del Empleado(7->None),Departamento(Departamento->LATINMARKET S.A.)	192.168.0.171	f	2024-08-23 20:10:56.424822+08	35	1
83	Cambiar	[8]	8 Juan Martin	0	ID del Empleado(8->None),Departamento(Departamento->LATINMARKET S.A.)	192.168.0.171	f	2024-08-23 20:11:01.987402+08	35	1
84	Cambiar	[9]	9 Adrian	0	ID del Empleado(9->None),Departamento(Departamento->LATINMARKET S.A.)	192.168.0.171	f	2024-08-23 20:11:07.081208+08	35	1
85	Leer información	[2, 1]	CL3S215260003,CL3S221760001	0		192.168.0.171	f	2024-08-23 20:11:39.364004+08	40	1
86	Iniciar Sesión	[1]	cartas	0		192.168.0.171	f	2024-08-24 03:13:24.886762+08	14	1
87	Iniciar Sesión	[1]	cartas	0		127.0.0.1	f	2024-08-24 03:22:01.088178+08	14	1
88	Iniciar Sesión	[3]	mpdescals	0		192.168.0.61	f	2024-08-24 04:33:36.15376+08	14	3
89	Cerrar sesión	[3]	mpdescals	0		192.168.0.61	f	2024-08-24 04:34:33.812087+08	14	3
90	Iniciar Sesión	[1]	cartas	0		127.0.0.1	f	2024-09-05 00:55:43.232995+08	14	1
91	Iniciar Sesión	[1]	cartas	0		127.0.0.1	f	2024-09-07 00:27:07.4388+08	14	1
92	Iniciar Sesión	[1]	cartas	0		127.0.0.1	f	2024-09-12 23:39:07.686431+08	14	1
93	Iniciar Sesión	[1]	cartas	0		127.0.0.1	f	2024-09-12 23:41:00.360247+08	14	1
94	Iniciar Sesión	[1]	cartas	0		127.0.0.1	f	2024-09-16 22:11:42.617855+08	14	1
95	Cargar transacciones	[1]	CL3S221760001	0	Traducción=1Hora de inicio=NoneHora Final=None	127.0.0.1	f	2024-09-16 22:22:58.583483+08	40	1
96	Iniciar Sesión	[1]	cartas	0		127.0.0.1	f	2024-09-16 22:32:06.062059+08	14	1
97	Volver a Cargar datos	[2, 1]	CL3S215260003,CL3S221760001	0	Empleado=1Código de empleado=	127.0.0.1	f	2024-09-16 22:32:35.50401+08	40	1
98	Iniciar Sesión	[1]	cartas	0		127.0.0.1	f	2024-09-16 22:48:13.108482+08	14	1
99	Iniciar Sesión	[2]	mortiz	0		192.168.0.163	f	2024-09-16 23:14:43.240627+08	14	2
100	Cerrar sesión	[2]	mortiz	0		192.168.0.163	f	2024-09-16 23:18:19.249405+08	14	2
101	Iniciar Sesión	[1]	cartas	0		192.168.0.163	f	2024-09-16 23:18:45.281291+08	14	1
102	Iniciar Sesión	[4]	rrhh	0		192.168.0.247	f	2024-09-17 02:21:42.932255+08	14	4
103	Iniciar Sesión	[4]	rrhh	0		192.168.0.247	f	2024-09-17 21:50:14.984926+08	14	4
104	Iniciar Sesión	[3]	mpdescals	0		192.168.0.61	f	2024-09-17 22:56:42.440803+08	14	3
105	Iniciar Sesión	[4]	rrhh	0		192.168.0.247	f	2024-09-18 00:29:50.51297+08	14	4
106	Cambiar	[10]	10 Lucas	0	ID del Empleado(10->None),Apellidos(None->Valentino)	192.168.0.247	f	2024-09-18 00:50:23.83697+08	35	4
107	Cambiar	[11]	11 Cristian	0	ID del Empleado(11->None),Apellidos(None->Vargas)	192.168.0.247	f	2024-09-18 00:50:53.431155+08	35	4
108	Cambiar	[12]	12 Fabrizio	0	ID del Empleado(12->None),Apellidos(None->Brunoro),Fecha de contratación(2024-08-22->None)	192.168.0.247	f	2024-09-18 00:51:38.822445+08	35	4
109	Cambiar	[10]	10 Lucas	0	ID del Empleado(10->None),Apellidos(Valentino->Montenegro),Fecha de contratación(2024-08-22->None)	192.168.0.247	f	2024-09-18 00:52:15.651102+08	35	4
110	Nuevo	[35]	Servicio Técnico	0	Nombre departamento=Servicio Técnico,Departamento superior=LATINMARKET S.A.,Department Manager=5 Gonzalo	192.168.0.247	f	2024-09-18 01:09:29.914906+08	34	4
111	Cerrar sesión	[3]	mpdescals	0		192.168.0.61	f	2024-09-18 01:22:33.840762+08	14	3
112	Nuevo	[36]	Logística	0	Nombre departamento=Logística,Departamento superior=LATINMARKET S.A.,Department Manager=23 Nicolas	192.168.0.247	f	2024-09-18 02:32:05.494577+08	34	4
113	Nuevo	[37]	Atención al Cliente	0	Nombre departamento=Atención al Cliente,Departamento superior=LATINMARKET S.A.,Department Manager=18 Soledad	192.168.0.247	f	2024-09-18 02:32:44.542033+08	34	4
114	Nuevo	[38]	Administración y Finanzas	0	Nombre departamento=Administración y Finanzas,Departamento superior=LATINMARKET S.A.,Department Manager=19 Claudia	192.168.0.247	f	2024-09-18 02:34:01.827954+08	34	4
115	Cambiar	[10]	10 Lucas	0	ID del Empleado(10->None),Departamento(LATINMARKET S.A.->Servicio Técnico),Superior(None->5 Gonzalo),Tipo de empleo(None->1)	192.168.0.247	f	2024-09-18 02:37:32.710197+08	35	4
116	Cambiar	[11]	11 Cristian	0	ID del Empleado(11->None),Departamento(LATINMARKET S.A.->Servicio Técnico),Superior(None->5 Gonzalo),Fecha de contratación(2024-08-22->None),Tipo de empleo(None->1)	192.168.0.247	f	2024-09-18 02:38:28.507878+08	35	4
117	Cambiar	[12]	12 Fabrizio	0	ID del Empleado(12->None),Departamento(LATINMARKET S.A.->Servicio Técnico),Superior(None->5 Gonzalo),Tipo de empleo(None->1)	192.168.0.247	f	2024-09-18 02:39:27.07123+08	35	4
118	Cambiar	[13]	13 Carlos	0	ID del Empleado(13->None),Apellidos(None->Gonzalez),Departamento(LATINMARKET S.A.->Servicio Técnico),Superior(None->5 Gonzalo),Fecha de contratación(2024-08-22->None),Tipo de empleo(None->1)	192.168.0.247	f	2024-09-18 02:40:34.46265+08	35	4
119	Iniciar Sesión	[3]	mpdescals	0		192.168.0.61	f	2024-09-18 20:07:47.510421+08	14	3
120	Cerrar sesión	[3]	mpdescals	0		192.168.0.61	f	2024-09-18 20:15:55.572412+08	14	3
121	Iniciar Sesión	[4]	rrhh	0		192.168.0.247	f	2024-09-18 20:32:26.979051+08	14	4
122	Iniciar Sesión	[3]	mpdescals	0		192.168.0.61	f	2024-09-18 20:49:32.613701+08	14	3
123	Cerrar sesión	[3]	mpdescals	0		192.168.0.61	f	2024-09-18 21:09:34.70978+08	14	3
124	Nuevo	[39]	Fresado	0	Nombre departamento=Fresado,Departamento superior=LATINMARKET S.A.,Department Manager=15 Alicia	192.168.0.247	f	2024-09-18 22:22:26.412279+08	34	4
125	Cambiar	[14]	14 Kevin	0	ID del Empleado(14->None),Apellidos(None->Matulich),Departamento(LATINMARKET S.A.->Servicio Técnico),Fecha de contratación(2024-08-22->None),Tipo de empleo(None->1)	192.168.0.247	f	2024-09-18 22:23:40.899225+08	35	4
126	Cambiar	[39]	Laboratorio y Fresado	0	Nombre departamento(Fresado->Laboratorio y Fresado)	192.168.0.247	f	2024-09-18 22:27:21.187377+08	34	4
127	Cambiar	[15]	15 Alicia	0	ID del Empleado(15->None),Apellidos(None->Corvalán),Departamento(LATINMARKET S.A.->Laboratorio y Fresado),Fecha de contratación(2024-08-22->None),Tipo de empleo(None->1)	192.168.0.247	f	2024-09-18 22:28:07.359927+08	35	4
128	Cambiar	[15]	15 Alicia	0	ID del Empleado(15->None)	192.168.0.247	f	2024-09-18 22:29:35.676679+08	35	4
129	Cambiar	[16]	16 Facundo	0	ID del Empleado(16->None),Apellidos(None->Lombardi),Departamento(LATINMARKET S.A.->Logística),Superior(None->23 Nicolas),Fecha de contratación(2024-08-22->None),Tipo de empleo(None->1)	192.168.0.247	f	2024-09-18 22:31:24.10022+08	35	4
130	Cambiar	[15]	15 Alicia	0	ID del Empleado(15->None),Superior(None->3 Marcela)	192.168.0.247	f	2024-09-18 22:31:43.695966+08	35	4
131	Cambiar	[17]	17 Gisela	0	ID del Empleado(17->None),Apellidos(None->Martinuccio),Departamento(LATINMARKET S.A.->Atención al Cliente),Superior(None->18 Soledad),Fecha de contratación(2024-08-22->None)	192.168.0.247	f	2024-09-18 22:33:22.681748+08	35	4
132	Iniciar Sesión	[3]	mpdescals	0		192.168.0.61	f	2024-09-19 01:00:38.177449+08	14	3
133	Cerrar sesión	[3]	mpdescals	0		192.168.0.61	f	2024-09-19 01:04:53.196751+08	14	3
134	Iniciar Sesión	[1]	cartas	0		127.0.0.1	f	2024-09-19 20:23:47.020248+08	14	1
135	Iniciar Sesión	[3]	mpdescals	0		192.168.0.61	f	2024-09-19 20:24:02.537155+08	14	3
136	Iniciar Sesión	[4]	rrhh	0		192.168.0.247	f	2024-09-19 20:25:26.821172+08	14	4
137	Cerrar sesión	[3]	mpdescals	0		192.168.0.61	f	2024-09-19 20:53:27.193979+08	14	3
138	Iniciar Sesión	[3]	mpdescals	0		192.168.0.61	f	2024-09-19 20:53:29.494724+08	14	3
139	Cerrar sesión	[3]	mpdescals	0		192.168.0.61	f	2024-09-19 21:04:48.70174+08	14	3
140	Iniciar Sesión	[4]	rrhh	0		192.168.0.247	f	2024-09-20 03:01:21.643375+08	14	4
141	Cambiar	[18]	18 Soledad	0	ID del Empleado(18->None),Apellidos(None->Llanes),Departamento(LATINMARKET S.A.->Atención al Cliente),Superior(None->4 Maria Pía),Fecha de contratación(2024-08-22->None),Tipo de empleo(None->1)	192.168.0.247	f	2024-09-20 03:08:54.449727+08	35	4
142	Cambiar	[17]	17 Gisela	0	ID del Empleado(17->None),Tipo de empleo(None->1)	192.168.0.247	f	2024-09-20 03:09:14.497293+08	35	4
143	Cambiar	[19]	19 Claudia	0	ID del Empleado(19->None),Apellidos(None->Monzón),Departamento(LATINMARKET S.A.->Administración y Finanzas),Superior(None->3 Marcela),Fecha de contratación(2024-08-22->None),Tipo de empleo(None->1)	192.168.0.247	f	2024-09-20 03:10:26.903632+08	35	4
144	Cambiar	[2]	2 Juan Carlos	0	ID del Empleado(2->None),Apellidos(None->Descals),Fecha de contratación(2024-08-22->None)	192.168.0.247	f	2024-09-20 03:13:03.136584+08	35	4
145	Cambiar	[20]	20 Cecilia	0	ID del Empleado(20->None),Apellidos(None->Taranto),Departamento(LATINMARKET S.A.->Administración y Finanzas),Superior(None->19 Claudia),Fecha de contratación(2024-08-22->None),Tipo de empleo(None->1)	192.168.0.247	f	2024-09-20 03:14:01.105712+08	35	4
146	Cambiar	[21]	21 Pamela	0	ID del Empleado(21->None),Apellidos(None->Fleitas),Departamento(LATINMARKET S.A.->Administración y Finanzas),Cargo(None->Cargo),Superior(None->19 Claudia),Fecha de contratación(2024-08-22->None),Tipo de empleo(None->1)	192.168.0.247	f	2024-09-20 03:36:59.052485+08	35	4
147	Cambiar	[22]	22 Ariel	0	ID del Empleado(22->None),Apellidos(None->Pereda),Departamento(LATINMARKET S.A.->Administración y Finanzas),Superior(None->19 Claudia),Fecha de contratación(2024-08-22->None),Tipo de empleo(None->1)	192.168.0.247	f	2024-09-20 03:40:35.284751+08	35	4
148	Cambiar	[21]	21 Pamela	0	ID del Empleado(21->None),Cargo(1->None)	192.168.0.247	f	2024-09-20 03:40:55.571218+08	35	4
149	Cambiar	[23]	23 Nicolas	0	ID del Empleado(23->None),Apellidos(None->Cequeira),Departamento(LATINMARKET S.A.->Logística),Superior(None->4 Maria Pía),Tipo de empleo(None->1)	192.168.0.247	f	2024-09-20 03:42:46.060541+08	35	4
150	Cambiar	[23]	23 Nicolas	0	ID del Empleado(23->None),Fecha de contratación(2024-08-22->None)	192.168.0.247	f	2024-09-20 03:43:05.272531+08	35	4
151	Cambiar	[24]	24 Jorge	0	ID del Empleado(24->None),Apellidos(None->Gonzalez),Departamento(LATINMARKET S.A.->Logística),Superior(None->23 Nicolas),Fecha de contratación(2024-08-22->None),Tipo de empleo(None->1)	192.168.0.247	f	2024-09-20 03:47:58.655596+08	35	4
152	Cambiar	[25]	25 Maximiliano	0	ID del Empleado(25->None),Apellidos(None->Zulli),Departamento(LATINMARKET S.A.->Logística),Superior(None->23 Nicolas),Fecha de contratación(2024-08-22->None)	192.168.0.247	f	2024-09-20 03:49:25.380902+08	35	4
153	Nuevo	[40]	Comercial	0	Nombre departamento=Comercial,Departamento superior=LATINMARKET S.A.,Department Manager=3 Marcela	192.168.0.247	f	2024-09-20 03:57:32.520687+08	34	4
154	Cambiar	[26]	26 Romina	0	ID del Empleado(26->None),Apellidos(None->Andrenacci),Departamento(LATINMARKET S.A.->Comercial),Superior(None->3 Marcela),Fecha de contratación(2024-08-22->None),Tipo de empleo(None->1)	192.168.0.247	f	2024-09-20 03:58:14.776571+08	35	4
155	Cambiar	[25]	25 Maximiliano	0	ID del Empleado(25->None),Tipo de empleo(None->1)	192.168.0.247	f	2024-09-20 03:58:26.679262+08	35	4
156	Cambiar	[3]	3 Marcela	0	ID del Empleado(3->None),Apellidos(None->Ortiz),Fecha de contratación(2024-08-22->None)	192.168.0.247	f	2024-09-20 04:05:53.531407+08	35	4
157	Cambiar	[30]	30 Lara	0	ID del Empleado(30->None),Apellidos(None->Ayala),Departamento(LATINMARKET S.A.->Administración y Finanzas),Superior(None->19 Claudia),Fecha de contratación(2024-08-22->None),Tipo de empleo(None->1)	192.168.0.247	f	2024-09-20 04:08:03.443092+08	35	4
158	Cambiar	[32]	32 Antonella	0	ID del Empleado(32->None),Apellidos(None->Villella),Departamento(LATINMARKET S.A.->Atención al Cliente),Superior(None->18 Soledad),Fecha de contratación(2024-08-22->None),Tipo de empleo(None->1)	192.168.0.247	f	2024-09-20 04:09:17.110504+08	35	4
159	Cambiar	[33]	33 Sandra	0	ID del Empleado(33->None),Apellidos(None->Estigarribia),Superior(None->4 Maria Pía),Fecha de contratación(2024-08-22->None),Tipo de empleo(None->1)	192.168.0.247	f	2024-09-20 04:10:09.561601+08	35	4
160	Eliminar		39 Renzo	0		192.168.0.247	f	2024-09-20 04:12:09.714046+08	35	4
161	Eliminar		44 Paula	0		192.168.0.247	f	2024-09-20 04:13:53.764562+08	35	4
162	Eliminar		48 Gabriela	0		192.168.0.247	f	2024-09-20 04:14:01.885402+08	35	4
163	Cambiar	[49]	49 Ariel	0	ID del Empleado(49->None),Apellidos(None->Arpires),Departamento(LATINMARKET S.A.->Laboratorio y Fresado),Superior(None->15 Alicia),Fecha de contratación(2024-08-22->None),Tipo de empleo(None->1)	192.168.0.247	f	2024-09-20 04:15:24.208039+08	35	4
164	Cambiar	[5]	5 Gonzalo	0	ID del Empleado(5->None),Apellidos(None->Cartas),Departamento(LATINMARKET S.A.->Servicio Técnico),Superior(None->3 Marcela),Fecha de contratación(2024-08-22->None),Tipo de empleo(None->1)	192.168.0.247	f	2024-09-20 04:16:02.897403+08	35	4
165	Eliminar		54 Liz	0		192.168.0.247	f	2024-09-20 04:16:23.272321+08	35	4
166	Cambiar	[9]	9 Adrian	0	ID del Empleado(9->None),Apellidos(None->Vega Cantero),Departamento(LATINMARKET S.A.->Servicio Técnico),Superior(None->5 Gonzalo),Fecha de contratación(2024-08-22->None),Tipo de empleo(None->1)	192.168.0.247	f	2024-09-20 04:17:12.765391+08	35	4
167	Cambiar	[8]	8 Juan Martin	0	ID del Empleado(8->None),Apellidos(None->González),Departamento(LATINMARKET S.A.->Servicio Técnico),Superior(None->5 Gonzalo),Fecha de contratación(2024-08-22->None),Tipo de empleo(None->1)	192.168.0.247	f	2024-09-20 04:18:17.359287+08	35	4
168	Cambiar	[51]	51 Chris	0	ID del Empleado(51->None),Apellidos(None->Ocaña),Departamento(LATINMARKET S.A.->Laboratorio y Fresado),Superior(None->15 Alicia),Fecha de contratación(2024-08-22->None),Tipo de empleo(None->1)	192.168.0.247	f	2024-09-20 04:20:39.3492+08	35	4
169	Cambiar	[4]	4 Maria Pía	0	ID del Empleado(4->None),Apellidos(None->Descals),Fecha de contratación(2024-08-22->None)	192.168.0.247	f	2024-09-20 04:21:50.519624+08	35	4
170	Eliminar		7 Florencia	0		192.168.0.247	f	2024-09-20 04:22:12.135923+08	35	4
171	Cambiar	[56]	56 Brian	0	ID del Empleado(56->None),Apellidos(None->Reynoso),Departamento(LATINMARKET S.A.->Logística),Superior(None->23 Nicolas),Fecha de contratación(2024-08-22->None),Tipo de empleo(None->1)	192.168.0.247	f	2024-09-20 04:23:18.610063+08	35	4
172	Cambiar	[55]	55 Lucas	0	ID del Empleado(55->None),Apellidos(None->Valentino),Departamento(LATINMARKET S.A.->Logística),Superior(None->23 Nicolas),Fecha de contratación(2024-08-22->None),Tipo de empleo(None->1)	192.168.0.247	f	2024-09-20 04:24:08.257719+08	35	4
173	Cambiar	[53]	53 Daniela	0	ID del Empleado(53->None),Apellidos(None->Gonzalez),Departamento(LATINMARKET S.A.->Laboratorio y Fresado),Superior(None->15 Alicia),Fecha de contratación(2024-08-22->None),Tipo de empleo(None->1)	192.168.0.247	f	2024-09-20 04:25:09.74295+08	35	4
174	Cambiar	[52]	52 Falon	0	ID del Empleado(52->None),Apellidos(None->Hernandez),Departamento(LATINMARKET S.A.->Laboratorio y Fresado),Superior(None->15 Alicia),Fecha de contratación(2024-08-22->None),Tipo de empleo(None->1)	192.168.0.247	f	2024-09-20 04:25:48.950141+08	35	4
175	Iniciar Sesión	[4]	rrhh	0		192.168.0.247	f	2024-09-20 05:44:47.637132+08	14	4
176	Iniciar Sesión	[4]	rrhh	0		192.168.0.247	f	2024-09-20 21:08:17.760107+08	14	4
177	Iniciar Sesión	[3]	mpdescals	0		192.168.0.61	f	2024-09-23 20:32:11.165868+08	14	3
178	Cerrar sesión	[3]	mpdescals	0		192.168.0.61	f	2024-09-23 20:33:00.660969+08	14	3
179	Iniciar Sesión	[3]	mpdescals	0		192.168.0.61	f	2024-09-23 20:33:03.382291+08	14	3
180	Cerrar sesión	[3]	mpdescals	0		192.168.0.61	f	2024-09-23 20:33:19.690696+08	14	3
181	Iniciar Sesión	[4]	rrhh	0		192.168.0.247	f	2024-09-23 21:01:09.793882+08	14	4
182	Iniciar Sesión	[3]	mpdescals	0		192.168.0.61	f	2024-09-23 21:53:04.54696+08	14	3
183	Iniciar Sesión	[4]	rrhh	0		192.168.0.247	f	2024-09-24 21:08:07.982728+08	14	4
184	Cerrar sesión	[1]	cartas	0		127.0.0.1	f	2024-09-25 04:07:03.975004+08	14	1
185	Iniciar Sesión	[1]	cartas	0		127.0.0.1	f	2024-09-25 04:07:12.528481+08	14	1
186	Iniciar Sesión	[3]	mpdescals	0		192.168.0.61	f	2024-09-25 20:17:01.59483+08	14	3
187	Cerrar sesión	[3]	mpdescals	0		192.168.0.61	f	2024-09-25 20:17:35.783537+08	14	3
188	Iniciar Sesión	[4]	rrhh	0		192.168.0.247	f	2024-09-25 20:32:07.777187+08	14	4
189	Iniciar Sesión	[4]	rrhh	0		192.168.0.247	f	2024-09-26 05:01:15.081473+08	14	4
190	Iniciar Sesión	[4]	rrhh	0		192.168.0.247	f	2024-09-26 20:34:14.82451+08	14	4
191	Iniciar Sesión	[4]	rrhh	0		192.168.0.247	f	2024-09-27 20:42:54.668222+08	14	4
192	Iniciar Sesión	[4]	rrhh	0		192.168.0.247	f	2024-09-30 21:03:55.87632+08	14	4
193	Iniciar Sesión	[4]	rrhh	0		192.168.0.247	f	2024-10-01 20:56:20.423292+08	14	4
194	Iniciar Sesión	[4]	rrhh	0		192.168.0.247	f	2024-10-02 20:28:22.085701+08	14	4
195	Iniciar Sesión	[4]	rrhh	0		192.168.0.247	f	2024-10-04 20:34:21.904338+08	14	4
196	Iniciar Sesión	[4]	rrhh	0		192.168.0.247	f	2024-10-07 21:19:51.008742+08	14	4
197	Iniciar Sesión	[4]	rrhh	0		192.168.0.247	f	2024-10-08 20:48:28.147165+08	14	4
198	Iniciar Sesión	[4]	rrhh	0		192.168.0.247	f	2024-10-09 20:58:27.210242+08	14	4
199	Iniciar Sesión	[4]	rrhh	0		192.168.0.247	f	2024-10-10 20:40:15.54083+08	14	4
200	Iniciar Sesión	[4]	rrhh	0		192.168.0.247	f	2024-10-14 21:04:37.256656+08	14	4
201	Iniciar Sesión	[4]	rrhh	0		192.168.0.247	f	2024-10-17 21:16:25.1653+08	14	4
202	Iniciar Sesión	[4]	rrhh	0		192.168.0.247	f	2024-10-21 21:16:53.418346+08	14	4
203	Cambiar contraseña	[4]	rrhh	0	Cambio de contraseña exitoso.	127.0.0.1	f	2024-10-26 01:07:50.496337+08	14	1
204	Iniciar Sesión	[1]	cartas	0		127.0.0.1	f	2024-11-02 03:12:16.624129+08	14	1
205	Iniciar Sesión	[4]	rrhh	0		192.168.0.171	f	2024-11-02 03:24:47.722209+08	14	4
206	Iniciar Sesión	[4]	rrhh	0		192.168.0.247	f	2024-11-02 03:28:34.374367+08	14	4
207	Iniciar Sesión	[4]	rrhh	0		192.168.0.247	f	2024-11-04 21:46:00.593727+08	14	4
208	Iniciar Sesión	[4]	rrhh	0		192.168.0.247	f	2024-11-05 21:49:34.312248+08	14	4
209	Iniciar Sesión	[4]	rrhh	0		192.168.0.247	f	2024-11-05 23:22:40.441604+08	14	4
210	Iniciar Sesión	[4]	rrhh	0		192.168.0.247	f	2024-11-06 23:38:33.27545+08	14	4
211	Iniciar Sesión	[1]	cartas	0		127.0.0.1	f	2024-11-07 04:18:33.575529+08	14	1
212	Cambiar	[1]	1(1)	0	En(1->0),Fecha Inicial(00:00:00->09:00:00),Fecha Final(23:59:00->18:00:00),Fecha Inicial(00:00:00->09:00:00),Fecha Final(23:59:00->18:00:00),Fecha Inicial(00:00:00->09:00:00),Fecha Final(23:59:00->18:00:00),Fecha Inicial(00:00:00->09:00:00),Fecha Final(23:59:00->18:00:00),Fecha Inicial(00:00:00->09:00:00),Fecha Final(23:59:00->18:00:00),En(1->0),Comentarios(None->HORARIO LABORAL GLOBAL)	127.0.0.1	f	2024-11-07 04:35:19.194694+08	107	1
213	Nuevo	[]		-1	Por favor seleccione un departamento primero	127.0.0.1	f	2024-11-07 04:37:51.109062+08	61	1
214	Cambiar	[2]	Entrada Tarde	0	Tipo(4->4)	127.0.0.1	f	2024-11-07 04:50:14.911002+08	57	1
215	Nuevo	[1]	BreakTime object	0	Hora Inicial=13:00:00,Hora Final=None,Tipo de Calculo=1,Nombre=ALMUERZO	127.0.0.1	f	2024-11-07 05:27:53.689054+08	76	1
216	Nuevo Horario	[]		0	Nombre=HORARIO GLOBALTipo=0Entrada Turno=09:00:00(Ingreso) Antes del margen=120.0(Ingreso) Fuera del margen=60.0(Salida) Antes del margen=0.0(Salida) Fuera del margen=240.0Cantidad de Horas=540.0Duración de asistencia=540.0Día pagado=1.0Hora de cambio de día=00:00:00Entrada temprana=FalseHoras laborales asignadas a=NoneMínimo=60Número mínimo=TrueSalida temprana=FalseHoras laborales asignadas a=NoneMínimo=60Número mínimo=TrueHoras xxtras=FalseHoras laborales asignadas a=NoneDe=0.0Para=0.0Horas laborales asignadas a=NoneDe=0.0Para=0.0Horas laborales asignadas a=NoneDe=0.0Para=0.0Necesario marcar entrada=1Necesario marcar salida=1Permitir llegada tarde=0Permitir salida temprana=0Tipo intervalo marcación=0Periodo de marcación Duplicado=1Acorde al estado de marcación=0Descanso=1Ajuste de color =Max OT =FalseMax OT =240Horas extraordinarias asignadas a=NonePolítica de aprobación de horas extraordinarias=-1	127.0.0.1	f	2024-11-07 05:30:56.893469+08	66	1
217	Nuevo	[1]	TURNO GLOBAL	0	Nombre del Turno=TURNO GLOBAL,None={"1":"1","2":"1","3":"1","4":"1","5":"1"}	127.0.0.1	f	2024-11-07 05:39:47.419684+08	67	1
218	Nuevo	[]		0	Fecha Inicial=2024-11-01Fecha Final=2055-12-30None=TURNO GLOBALNone=<QuerySet [<Department: Departamento>]>	127.0.0.1	f	2024-11-07 05:41:27.573625+08	78	1
219	Eliminar		DepartmentSchedule object	0		127.0.0.1	f	2024-11-07 05:42:07.812466+08	78	1
220	Nuevo	[]		0	Fecha Inicial=2024-11-01Fecha Final=2060-11-30None=TURNO GLOBALNone=<QuerySet [<Department: LATINMARKET S.A.>]>	127.0.0.1	f	2024-11-07 05:42:47.415829+08	78	1
221	Nuevo	[]		0	Fin de semana 1=7Fin de semana 2=7Máximo de horas laborales=12.0Hora de cambio de día=00:00:00Regla de emparejamiento=1Periodo de marcación duplicado=1Horas Extras diarias=FalseHoras de trabajo asignadas a=NoneDesde=0.0Para=0.0Horas de trabajo asignadas a=NoneDesde=0.0Para=0.0Horas de trabajo asignadas a=NoneDesde=0.0Para=0.0Horas Extras fin de semana=FalseHoras de trabajo asignadas a=NoneDesde=0.0Para=0.0Horas de trabajo asignadas a=NoneDesde=0.0Para=0.0Horas de trabajo asignadas a=NoneDesde=0.0Para=0.0Horas Extras Festivas=FalseHoras de trabajo asignadas a=NoneDesde=0.0Para=0.0Horas de trabajo asignadas a=NoneDesde=0.0Para=0.0Horas de trabajo asignadas a=NoneDesde=0.0Para=0.0Horas extras semanales=FalseHoras de trabajo asignadas a=NoneDesde=0.0Para=0.0Horas de trabajo asignadas a=NoneDesde=0.0Para=0.0Horas de trabajo asignadas a=NoneDesde=0.0Para=0.0Late in2absence=0Early out2absence=0Olvidó marcar entrada como=1Olvidó marcar entrada como=60Olvidó marcar salida como=1Olvidó marcar salida como=60Capturar=FalseCódigo de trabajo=FalseEstado de marcación=FalseRegla de HE=1Cuando la llegada tarde exceda=0Cuando el la salida temprana exceda=0Ausencia Excede=0Frecuencia de envío de correo=0Día de envío de e-mail=0Hora de Envío de correo=00:00:00Día de envío=0Ajuste de color =Ajuste de color =Horas extraordinarias asignadas a=NonePolítica de aprobación de horas extraordinarias=-1Enable Compensatory=FalseNone=<QuerySet [<Department: Servicio Técnico>]>	127.0.0.1	f	2024-11-07 05:46:58.432591+08	61	1
222	Iniciar Sesión	[4]	rrhh	0		192.168.0.247	f	2024-11-07 20:49:14.16994+08	14	4
223	Iniciar Sesión	[4]	rrhh	0		192.168.0.247	f	2024-11-09 01:48:52.003166+08	14	4
224	Iniciar Sesión	[1]	cartas	0		127.0.0.1	f	2024-11-11 22:29:41.326716+08	14	1
225	Iniciar Sesión	[4]	rrhh	0		192.168.0.247	f	2024-11-12 23:07:16.90775+08	14	4
226	Iniciar Sesión	[4]	rrhh	0		192.168.0.247	f	2024-11-13 21:52:05.1326+08	14	4
227	Iniciar Sesión	[4]	rrhh	0		192.168.0.247	f	2024-11-19 21:08:44.340665+08	14	4
228	Iniciar Sesión	[1]	cartas	0		127.0.0.1	f	2024-11-20 01:48:41.892834+08	14	1
229	Iniciar Sesión	[4]	rrhh	0		192.168.0.247	f	2024-11-20 22:04:54.748632+08	14	4
230	Iniciar Sesión	[4]	rrhh	0		192.168.0.247	f	2024-11-27 21:01:08.101607+08	14	4
231	Iniciar Sesión	[4]	rrhh	0		192.168.0.247	f	2024-12-07 00:21:49.761066+08	14	4
232	Iniciar Sesión	[1]	cartas	0		127.0.0.1	f	2024-12-09 23:47:05.259174+08	14	1
\.


--
-- Data for Name: base_attparamdepts; Type: TABLE DATA; Schema: public; Owner: postgres
--

COPY public.base_attparamdepts (id, rulename, deptid, operator, optime) FROM stdin;
\.


--
-- Data for Name: base_autoattexporttask; Type: TABLE DATA; Schema: public; Owner: postgres
--

COPY public.base_autoattexporttask (id, create_time, create_user, change_time, change_user, status, task_code, task_name, params, enable, process_time) FROM stdin;
\.


--
-- Data for Name: base_autoexporttask; Type: TABLE DATA; Schema: public; Owner: postgres
--

COPY public.base_autoexporttask (id, create_time, create_user, change_time, change_user, status, task_code, task_name, params, enable, process_time) FROM stdin;
\.


--
-- Data for Name: base_autoimporttask; Type: TABLE DATA; Schema: public; Owner: postgres
--

COPY public.base_autoimporttask (id, create_time, create_user, change_time, change_user, status, task_code, task_name, params, enable, process_time, company_id) FROM stdin;
\.


--
-- Data for Name: base_bookmark; Type: TABLE DATA; Schema: public; Owner: postgres
--

COPY public.base_bookmark (id, title, filters, is_share, time_saved, content_type_id, user_id) FROM stdin;
\.


--
-- Data for Name: base_dbbackuplog; Type: TABLE DATA; Schema: public; Owner: postgres
--

COPY public.base_dbbackuplog (id, create_time, create_user, change_time, change_user, status, db_type, db_name, operator, backup_file, backup_time, backup_status, remark) FROM stdin;
\.


--
-- Data for Name: base_emailtemplate; Type: TABLE DATA; Schema: public; Owner: postgres
--

COPY public.base_emailtemplate (id, create_time, create_user, change_time, change_user, status, category, sub_category, event, receiver, subject, template, enable) FROM stdin;
1	2024-08-22 23:22:52.661693+08	\N	2024-08-22 23:22:52.661693+08	\N	0	11	0	1	1	\N		f
2	2024-08-22 23:22:52.677316+08	\N	2024-08-22 23:22:52.677316+08	\N	0	11	0	2	1	\N		f
3	2024-08-22 23:22:52.677316+08	\N	2024-08-22 23:22:52.677316+08	\N	0	11	0	3	1	\N		f
4	2024-08-22 23:22:52.692943+08	\N	2024-08-22 23:22:52.692943+08	\N	0	11	0	7	1	\N		f
5	2024-08-22 23:22:52.708573+08	\N	2024-08-22 23:22:52.708573+08	\N	0	12	121	4	1	\N		f
6	2024-08-22 23:22:52.708573+08	\N	2024-08-22 23:22:52.708573+08	\N	0	12	121	5	1	\N		f
7	2024-08-22 23:22:52.724228+08	\N	2024-08-22 23:22:52.724228+08	\N	0	12	121	6	1	\N		f
8	2024-08-22 23:22:52.724228+08	\N	2024-08-22 23:22:52.724228+08	\N	0	12	122	4	1	\N		f
9	2024-08-22 23:22:52.739821+08	\N	2024-08-22 23:22:52.739821+08	\N	0	12	122	5	1	\N		f
10	2024-08-22 23:22:52.739821+08	\N	2024-08-22 23:22:52.739821+08	\N	0	12	122	6	1	\N		f
11	2024-08-22 23:22:52.75545+08	\N	2024-08-22 23:22:52.75545+08	\N	0	12	123	4	1	\N		f
12	2024-08-22 23:22:52.771075+08	\N	2024-08-22 23:22:52.771075+08	\N	0	12	123	5	1	\N		f
13	2024-08-22 23:22:52.786729+08	\N	2024-08-22 23:22:52.786729+08	\N	0	12	123	6	1	\N		f
14	2024-08-22 23:22:52.786729+08	\N	2024-08-22 23:22:52.786729+08	\N	0	12	124	4	1	\N		f
15	2024-08-22 23:22:52.802318+08	\N	2024-08-22 23:22:52.802318+08	\N	0	12	124	5	1	\N		f
16	2024-08-22 23:22:52.802318+08	\N	2024-08-22 23:22:52.802318+08	\N	0	12	124	6	1	\N		f
17	2024-08-22 23:22:52.817947+08	\N	2024-08-22 23:22:52.817947+08	\N	0	12	125	4	1	\N		f
18	2024-08-22 23:22:52.833586+08	\N	2024-08-22 23:22:52.833586+08	\N	0	12	125	5	1	\N		f
19	2024-08-22 23:22:52.833586+08	\N	2024-08-22 23:22:52.833586+08	\N	0	12	125	6	1	\N		f
20	2024-08-22 23:22:52.84925+08	\N	2024-08-22 23:22:52.84925+08	\N	0	13	1310	4	1	\N		f
21	2024-08-22 23:22:52.84925+08	\N	2024-08-22 23:22:52.84925+08	\N	0	13	1310	5	1	\N		f
22	2024-08-22 23:22:52.864914+08	\N	2024-08-22 23:22:52.864914+08	\N	0	13	1310	6	1	\N		f
23	2024-08-22 23:22:52.864914+08	\N	2024-08-22 23:22:52.864914+08	\N	0	13	1311	4	1	\N		f
24	2024-08-22 23:22:52.880499+08	\N	2024-08-22 23:22:52.880499+08	\N	0	13	1311	5	1	\N		f
25	2024-08-22 23:22:52.880499+08	\N	2024-08-22 23:22:52.880499+08	\N	0	13	1311	6	1	\N		f
26	2024-08-22 23:22:52.896136+08	\N	2024-08-22 23:22:52.896136+08	\N	0	14	149	4	1	\N		f
27	2024-08-22 23:22:52.896136+08	\N	2024-08-22 23:22:52.896136+08	\N	0	14	149	5	1	\N		f
28	2024-08-22 23:22:52.911769+08	\N	2024-08-22 23:22:52.911769+08	\N	0	14	149	6	1	\N		f
29	2024-08-22 23:22:52.911769+08	\N	2024-08-22 23:22:52.911769+08	\N	0	15	0	201	1	\N		f
30	2024-08-22 23:22:52.927319+08	\N	2024-08-22 23:22:52.927319+08	\N	0	16	0	202	1	\N		f
31	2024-08-22 23:22:52.927319+08	\N	2024-08-22 23:22:52.927319+08	\N	0	17	0	203	1	\N		f
33	2024-08-22 23:22:52.958608+08	\N	2024-08-22 23:22:52.958608+08	\N	0	21	0	2	2	\N		f
34	2024-08-22 23:22:52.974262+08	\N	2024-08-22 23:22:52.974262+08	\N	0	21	0	3	2	\N		f
35	2024-08-22 23:22:52.974262+08	\N	2024-08-22 23:22:52.974262+08	\N	0	21	0	7	2	\N		f
36	2024-08-22 23:22:52.989858+08	\N	2024-08-22 23:22:52.989858+08	\N	0	22	0	201	2	\N		f
37	2024-08-22 23:22:52.989858+08	\N	2024-08-22 23:22:52.989858+08	\N	0	32	321	4	3	\N		f
38	2024-08-22 23:22:53.00545+08	\N	2024-08-22 23:22:53.00545+08	\N	0	32	321	5	3	\N		f
39	2024-08-22 23:22:53.00545+08	\N	2024-08-22 23:22:53.00545+08	\N	0	32	321	6	3	\N		f
40	2024-08-22 23:22:53.021074+08	\N	2024-08-22 23:22:53.021074+08	\N	0	32	322	4	3	\N		f
41	2024-08-22 23:22:53.021074+08	\N	2024-08-22 23:22:53.021074+08	\N	0	32	322	5	3	\N		f
42	2024-08-22 23:22:53.036731+08	\N	2024-08-22 23:22:53.036731+08	\N	0	32	322	6	3	\N		f
43	2024-08-22 23:22:53.036731+08	\N	2024-08-22 23:22:53.036731+08	\N	0	32	323	4	3	\N		f
44	2024-08-22 23:22:53.0524+08	\N	2024-08-22 23:22:53.0524+08	\N	0	32	323	5	3	\N		f
45	2024-08-22 23:22:53.0524+08	\N	2024-08-22 23:22:53.0524+08	\N	0	32	323	6	3	\N		f
46	2024-08-22 23:22:53.067947+08	\N	2024-08-22 23:22:53.067947+08	\N	0	32	324	4	3	\N		f
47	2024-08-22 23:22:53.08358+08	\N	2024-08-22 23:22:53.08358+08	\N	0	32	324	5	3	\N		f
48	2024-08-22 23:22:53.08358+08	\N	2024-08-22 23:22:53.08358+08	\N	0	32	324	6	3	\N		f
49	2024-08-22 23:22:53.099232+08	\N	2024-08-22 23:22:53.099232+08	\N	0	32	325	4	3	\N		f
50	2024-08-22 23:22:53.099232+08	\N	2024-08-22 23:22:53.099232+08	\N	0	32	325	5	3	\N		f
51	2024-08-22 23:22:53.114857+08	\N	2024-08-22 23:22:53.114857+08	\N	0	32	325	6	3	\N		f
52	2024-08-22 23:22:53.114857+08	\N	2024-08-22 23:22:53.114857+08	\N	0	33	3310	4	3	\N		f
53	2024-08-22 23:22:53.130482+08	\N	2024-08-22 23:22:53.130482+08	\N	0	33	3310	5	3	\N		f
54	2024-08-22 23:22:53.130482+08	\N	2024-08-22 23:22:53.130482+08	\N	0	33	3310	6	3	\N		f
55	2024-08-22 23:22:53.146075+08	\N	2024-08-22 23:22:53.146075+08	\N	0	33	3311	4	3	\N		f
56	2024-08-22 23:22:53.146075+08	\N	2024-08-22 23:22:53.146075+08	\N	0	33	3311	5	3	\N		f
57	2024-08-22 23:22:53.161696+08	\N	2024-08-22 23:22:53.161696+08	\N	0	33	3311	6	3	\N		f
58	2024-08-22 23:22:53.161696+08	\N	2024-08-22 23:22:53.161696+08	\N	0	34	349	4	3	\N		f
59	2024-08-22 23:22:53.177327+08	\N	2024-08-22 23:22:53.177327+08	\N	0	34	349	5	3	\N		f
60	2024-08-22 23:22:53.177327+08	\N	2024-08-22 23:22:53.177327+08	\N	0	34	349	6	3	\N		f
61	2024-08-22 23:22:53.192948+08	\N	2024-08-22 23:22:53.192948+08	\N	0	42	421	4	4	\N		f
62	2024-08-22 23:22:53.208629+08	\N	2024-08-22 23:22:53.208629+08	\N	0	42	421	5	4	\N		f
63	2024-08-22 23:22:53.208629+08	\N	2024-08-22 23:22:53.208629+08	\N	0	42	421	6	4	\N		f
64	2024-08-22 23:22:53.224254+08	\N	2024-08-22 23:22:53.224254+08	\N	0	42	422	4	4	\N		f
65	2024-08-22 23:22:53.224254+08	\N	2024-08-22 23:22:53.224254+08	\N	0	42	422	5	4	\N		f
66	2024-08-22 23:22:53.239879+08	\N	2024-08-22 23:22:53.239879+08	\N	0	42	422	6	4	\N		f
67	2024-08-22 23:22:53.239879+08	\N	2024-08-22 23:22:53.239879+08	\N	0	42	423	4	4	\N		f
68	2024-08-22 23:22:53.255529+08	\N	2024-08-22 23:22:53.255529+08	\N	0	42	423	5	4	\N		f
69	2024-08-22 23:22:53.255529+08	\N	2024-08-22 23:22:53.255529+08	\N	0	42	423	6	4	\N		f
70	2024-08-22 23:22:53.271152+08	\N	2024-08-22 23:22:53.271152+08	\N	0	42	424	4	4	\N		f
71	2024-08-22 23:22:53.271152+08	\N	2024-08-22 23:22:53.271152+08	\N	0	42	424	5	4	\N		f
72	2024-08-22 23:22:53.286805+08	\N	2024-08-22 23:22:53.286805+08	\N	0	42	424	6	4	\N		f
73	2024-08-22 23:22:53.286805+08	\N	2024-08-22 23:22:53.286805+08	\N	0	42	425	4	4	\N		f
74	2024-08-22 23:22:53.302327+08	\N	2024-08-22 23:22:53.302327+08	\N	0	42	425	5	4	\N		f
75	2024-08-22 23:22:53.302327+08	\N	2024-08-22 23:22:53.302327+08	\N	0	42	425	6	4	\N		f
76	2024-08-22 23:22:53.317983+08	\N	2024-08-22 23:22:53.317983+08	\N	0	43	4310	4	4	\N		f
77	2024-08-22 23:22:53.333644+08	\N	2024-08-22 23:22:53.333644+08	\N	0	43	4310	5	4	\N		f
78	2024-08-22 23:22:53.3492+08	\N	2024-08-22 23:22:53.3492+08	\N	0	43	4310	6	4	\N		f
79	2024-08-22 23:22:53.364899+08	\N	2024-08-22 23:22:53.364899+08	\N	0	43	4311	4	4	\N		f
80	2024-08-22 23:22:53.364899+08	\N	2024-08-22 23:22:53.364899+08	\N	0	43	4311	5	4	\N		f
81	2024-08-22 23:22:53.380513+08	\N	2024-08-22 23:22:53.380513+08	\N	0	43	4311	6	4	\N		f
82	2024-08-22 23:22:53.380513+08	\N	2024-08-22 23:22:53.380513+08	\N	0	44	449	4	4	\N		f
83	2024-08-22 23:22:53.396151+08	\N	2024-08-22 23:22:53.396151+08	\N	0	44	449	5	4	\N		f
84	2024-08-22 23:22:53.396151+08	\N	2024-08-22 23:22:53.396151+08	\N	0	44	449	6	4	\N		f
85	2024-08-22 23:22:53.41171+08	\N	2024-08-22 23:22:53.41171+08	\N	0	0	0	101	5	\N		f
86	2024-08-22 23:22:53.41171+08	\N	2024-08-22 23:22:53.41171+08	\N	0	0	0	102	5	\N		f
32	2024-08-22 23:22:52.943009+08	\N	2024-11-20 01:51:48.425504+08	\N	0	21	0	1	2	gcartas@biodental.com.ar	<p>{start_time}{admin_first_name}{admin_last_name}</p>	f
\.


--
-- Data for Name: base_eventalertsetting; Type: TABLE DATA; Schema: public; Owner: postgres
--

COPY public.base_eventalertsetting (id, create_time, create_user, change_time, change_user, status, event_id, event, module, sub_module, email_alert, app_alert, sms_alert, whatapp_alert) FROM stdin;
9	2024-08-22 23:22:53.521141+08	\N	2024-08-22 23:22:53.521141+08	\N	0	9	menu.visitor.registration	menu.visitor.registration.visitor	menu.visitor.reservation	t	f	f	f
8	2024-08-22 23:22:53.505522+08	\N	2024-11-07 04:41:18.784711+08	\N	0	8	payCode.default.absence	menu_attendance	menu_group_att_rule	t	f	f	f
7	2024-08-22 23:22:53.505522+08	\N	2024-11-07 04:41:19.666595+08	\N	0	7	payCode.default.earlyOut	menu_attendance	menu_group_att_rule	t	f	f	f
6	2024-08-22 23:22:53.48991+08	\N	2024-11-07 04:41:20.444102+08	\N	0	6	payCode.default.lateIn	menu_attendance	menu_group_att_rule	t	f	f	f
1	2024-08-22 23:22:53.458574+08	\N	2024-11-07 04:45:37.765114+08	\N	0	1	menu_att_manualLog	menu_attendance	menu_group_approvalManagement	t	f	f	f
13	2024-08-22 23:22:53.552325+08	\N	2024-11-07 04:45:38.060904+08	\N	0	13	menu_device_privateMessage	menu_group_device_deviceManagement	menu_mobile_announcement	f	f	f	f
12	2024-08-22 23:22:53.536775+08	\N	2024-11-07 04:45:38.709786+08	\N	0	12	menu_device_publicMessage	menu_group_device_deviceManagement	menu_mobile_announcement	f	f	f	f
11	2024-08-22 23:22:53.536775+08	\N	2024-11-07 04:45:41.450733+08	\N	0	11	meeting.menus.manualLog	meeting.menus.meeting	meeting.menus.manualLog	t	f	f	f
10	2024-08-22 23:22:53.521141+08	\N	2024-11-07 04:45:43.05565+08	\N	0	10	meeting.menus.meeting	meeting.menus.meeting	meeting.menus.meeting	f	f	f	f
5	2024-08-22 23:22:53.48991+08	\N	2024-11-07 04:45:51.680703+08	\N	0	5	menu_att_adjustSchedule	menu_attendance	menu_group_approvalManagement	f	f	f	f
4	2024-08-22 23:22:53.474265+08	\N	2024-11-07 04:45:53.624297+08	\N	0	4	menu_att_training	menu_attendance	menu_group_approvalManagement	f	f	f	f
3	2024-08-22 23:22:53.474265+08	\N	2024-11-07 04:45:56.406343+08	\N	0	3	menu_att_overtime	menu_attendance	menu_group_approvalManagement	f	f	f	f
2	2024-08-22 23:22:53.458574+08	\N	2024-11-07 04:45:58.278911+08	\N	0	2	menu_att_leave	menu_attendance	menu_group_approvalManagement	f	f	f	f
\.


--
-- Data for Name: base_linenotifysetting; Type: TABLE DATA; Schema: public; Owner: postgres
--

COPY public.base_linenotifysetting (id, include_sub_department, line_notify_token, message_type, message_head, message_tail, push_time, is_valid, remark, line_notify_dept_id) FROM stdin;
\.


--
-- Data for Name: base_securitypolicy; Type: TABLE DATA; Schema: public; Owner: postgres
--

COPY public.base_securitypolicy (id, single_login, security_code, code_length, valid_duration, failed_locked, lock_failed_count, lock_duration, enforce_pwd_change, enforce_pwd_expiration, validity_period, password_level, is_default, app_single_user_login, session_timeout, export_encryption, export_encryption_password) FROM stdin;
1	f	f	5	1	f	5	60	f	f	90	2	t	f	60	f	\N
\.


--
-- Data for Name: base_sendemail; Type: TABLE DATA; Schema: public; Owner: postgres
--

COPY public.base_sendemail (id, purpose, email_to, email_cc, email_bcc, email_subject, email_content, send_time, send_status) FROM stdin;
\.


--
-- Data for Name: base_sftpsetting; Type: TABLE DATA; Schema: public; Owner: postgres
--

COPY public.base_sftpsetting (id, host, port, user_name, user_password, user_key, is_sftp) FROM stdin;
\.


--
-- Data for Name: base_sysparam; Type: TABLE DATA; Schema: public; Owner: postgres
--

COPY public.base_sysparam (id, para_name, para_type, para_value) FROM stdin;
1	rule_id	rule_0	0
2	dept_id	rule_0	0
3	apply_name	rule_0	Todo
4	rule_name	rule_0	Reglas de asistencia por defecto
5	minutes_early	rule_0	0
6	minutes_late	rule_0	0
7	minutes_no_break_in	rule_0	60
8	minutes_no_break_out	rule_0	60
9	minutes_no_in	rule_0	60
10	minutes_no_leave	rule_0	60
11	minutes_not_over_time	rule_0	60
12	minutes_work_day	rule_0	480
13	no_break_in	rule_0	1012
14	no_break_out	rule_0	1012
15	no_in	rule_0	1001
16	no_leave	rule_0	1002
17	out_over_time	rule_0	0
18	two_day	rule_0	0
19	check_in_color	rule_0	16777151
20	check_out_color	rule_0	12910591
21	db_version		2002
22	installdate		f516cKBrVpZIlW_fhQ65kaBjX2Cghjk5_BwlTP789EM-Nq61ztSk
23	sys_date		f516cKBrVpZIlW_fhQ65kaBjX2Cghjk5_BwlTP789EM-Nq61ztSk
24	ADMSDBVersion		544
34	active_date		1b56jE16N0KsvLB0z5OIeSSim70NyKzc7sT3MSFcajAGXjTTHaPr
35	registerTime		f576fgMQ-21nrKq0YETkVpZ03-DhDeKYDino65zKCPxteiI0vJs6QQ7NLZQfD4ou
36	info		49e2M1-NS6qFeXXJdZhBQ8zfrQDOGxtS10Hsrru4WnP-dV1qP5cZWcOPTcFy
\.


--
-- Data for Name: base_sysparamdept; Type: TABLE DATA; Schema: public; Owner: postgres
--

COPY public.base_sysparamdept (id, rule_name, dept_id, operator, op_time) FROM stdin;
\.


--
-- Data for Name: base_systemlog; Type: TABLE DATA; Schema: public; Owner: postgres
--

COPY public.base_systemlog (id, execute_time, operation, execute_status, description) FROM stdin;
1	2024-09-17 11:01:01.047692+08	2	0	Active: 0, Inactive: 0
2	2024-09-17 11:05:00.788364+08	1	0	Success: 0, Failed: 0
3	2024-09-18 11:01:00.658191+08	2	0	Active: 0, Inactive: 0
4	2024-09-18 11:05:00.508876+08	1	0	Success: 0, Failed: 0
5	2024-09-19 11:01:01.469802+08	2	0	Active: 0, Inactive: 0
6	2024-09-19 11:05:01.311635+08	1	0	Success: 0, Failed: 0
7	2024-09-20 11:01:00.629216+08	2	0	Active: 0, Inactive: 0
8	2024-09-20 11:05:01.474656+08	1	0	Success: 0, Failed: 0
9	2024-09-21 11:01:00.629466+08	2	0	Active: 0, Inactive: 0
10	2024-09-21 11:05:02.419479+08	1	0	Success: 0, Failed: 0
11	2024-09-22 11:01:00.461924+08	2	0	Active: 0, Inactive: 0
12	2024-09-22 11:05:00.941628+08	1	0	Success: 0, Failed: 0
13	2024-09-23 11:01:00.656493+08	2	0	Active: 0, Inactive: 0
14	2024-09-23 11:05:00.690137+08	1	0	Success: 0, Failed: 0
15	2024-09-24 11:01:00.626641+08	2	0	Active: 0, Inactive: 0
16	2024-09-24 11:05:00.6029+08	1	0	Success: 0, Failed: 0
17	2024-09-25 11:01:00.652053+08	2	0	Active: 0, Inactive: 0
18	2024-09-25 11:05:01.346029+08	1	0	Success: 0, Failed: 0
19	2024-09-26 11:01:00.546445+08	2	0	Active: 0, Inactive: 0
20	2024-09-26 11:05:01.628134+08	1	0	Success: 0, Failed: 0
21	2024-09-27 11:01:00.743464+08	2	0	Active: 0, Inactive: 0
22	2024-09-27 11:05:00.82596+08	1	0	Success: 0, Failed: 0
23	2024-09-28 11:01:00.740819+08	2	0	Active: 0, Inactive: 0
24	2024-09-28 11:05:00.744296+08	1	0	Success: 0, Failed: 0
25	2024-09-29 11:01:01.090327+08	2	0	Active: 0, Inactive: 0
26	2024-09-29 11:05:00.989566+08	1	0	Success: 0, Failed: 0
27	2024-09-30 11:01:00.928376+08	2	0	Active: 0, Inactive: 0
28	2024-09-30 11:05:00.556831+08	1	0	Success: 0, Failed: 0
29	2024-10-01 11:01:00.698859+08	2	0	Active: 0, Inactive: 0
30	2024-10-01 11:05:00.657482+08	1	0	Success: 0, Failed: 0
31	2024-10-02 11:01:00.732103+08	2	0	Active: 0, Inactive: 0
32	2024-10-02 11:05:01.860743+08	1	0	Success: 0, Failed: 0
33	2024-10-03 11:01:00.784237+08	2	0	Active: 0, Inactive: 0
34	2024-10-03 11:05:00.668981+08	1	0	Success: 0, Failed: 0
35	2024-10-04 11:01:00.607712+08	2	0	Active: 0, Inactive: 0
36	2024-10-04 11:05:00.630794+08	1	0	Success: 0, Failed: 0
37	2024-10-05 11:01:00.582991+08	2	0	Active: 0, Inactive: 0
38	2024-10-05 11:05:00.695904+08	1	0	Success: 0, Failed: 0
39	2024-10-06 11:01:01.11088+08	2	0	Active: 0, Inactive: 0
40	2024-10-06 11:05:00.787001+08	1	0	Success: 0, Failed: 0
41	2024-10-07 11:01:00.852646+08	2	0	Active: 0, Inactive: 0
42	2024-10-07 11:05:00.574731+08	1	0	Success: 0, Failed: 0
43	2024-10-08 11:01:00.522772+08	2	0	Active: 0, Inactive: 0
44	2024-10-08 11:05:00.869978+08	1	0	Success: 0, Failed: 0
45	2024-10-09 11:01:01.163468+08	2	0	Active: 0, Inactive: 0
46	2024-10-09 11:05:01.010703+08	1	0	Success: 0, Failed: 0
47	2024-10-10 11:01:00.439631+08	2	0	Active: 0, Inactive: 0
48	2024-10-10 11:05:00.741292+08	1	0	Success: 0, Failed: 0
49	2024-10-11 11:01:01.166045+08	2	0	Active: 0, Inactive: 0
50	2024-10-11 11:05:00.53375+08	1	0	Success: 0, Failed: 0
51	2024-10-12 11:01:00.973147+08	2	0	Active: 0, Inactive: 0
52	2024-10-12 11:05:00.806146+08	1	0	Success: 0, Failed: 0
53	2024-10-13 11:01:00.449693+08	2	0	Active: 0, Inactive: 0
54	2024-10-13 11:05:00.906047+08	1	0	Success: 0, Failed: 0
55	2024-10-14 11:01:00.464826+08	2	0	Active: 0, Inactive: 0
56	2024-10-14 11:05:00.952552+08	1	0	Success: 0, Failed: 0
57	2024-10-15 11:01:00.537787+08	2	0	Active: 0, Inactive: 0
58	2024-10-15 11:05:00.671068+08	1	0	Success: 0, Failed: 0
59	2024-10-16 11:01:00.718743+08	2	0	Active: 0, Inactive: 0
60	2024-10-16 11:05:00.957096+08	1	0	Success: 0, Failed: 0
61	2024-10-17 11:01:00.602173+08	2	0	Active: 0, Inactive: 0
62	2024-10-17 11:05:00.857331+08	1	0	Success: 0, Failed: 0
63	2024-10-18 11:01:00.905604+08	2	0	Active: 0, Inactive: 0
64	2024-10-18 11:05:00.971053+08	1	0	Success: 0, Failed: 0
65	2024-10-19 11:01:00.559178+08	2	0	Active: 0, Inactive: 0
66	2024-10-19 11:05:00.78492+08	1	0	Success: 0, Failed: 0
67	2024-10-20 11:01:00.516586+08	2	0	Active: 0, Inactive: 0
68	2024-10-20 11:05:01.145065+08	1	0	Success: 0, Failed: 0
69	2024-10-21 11:01:01.134583+08	2	0	Active: 0, Inactive: 0
70	2024-10-21 11:05:00.917722+08	1	0	Success: 0, Failed: 0
71	2024-10-22 11:01:00.689288+08	2	0	Active: 0, Inactive: 0
72	2024-10-22 11:05:00.802115+08	1	0	Success: 0, Failed: 0
73	2024-10-23 11:01:00.90983+08	2	0	Active: 0, Inactive: 0
74	2024-10-23 11:05:01.078106+08	1	0	Success: 0, Failed: 0
75	2024-10-24 11:01:00.740026+08	2	0	Active: 0, Inactive: 0
76	2024-10-24 11:05:01.031324+08	1	0	Success: 0, Failed: 0
77	2024-10-25 11:01:00.934945+08	2	0	Active: 0, Inactive: 0
78	2024-10-25 11:05:00.970547+08	1	0	Success: 0, Failed: 0
79	2024-10-26 11:01:01.069829+08	2	0	Active: 0, Inactive: 0
80	2024-10-26 11:05:01.465652+08	1	0	Success: 0, Failed: 0
81	2024-10-27 11:01:01.292761+08	2	0	Active: 0, Inactive: 0
82	2024-10-27 11:05:01.251119+08	1	0	Success: 0, Failed: 0
83	2024-10-28 11:01:00.551986+08	2	0	Active: 0, Inactive: 0
84	2024-10-28 11:05:00.493735+08	1	0	Success: 0, Failed: 0
85	2024-10-29 11:01:00.641878+08	2	0	Active: 0, Inactive: 0
86	2024-10-29 11:05:02.222053+08	1	0	Success: 0, Failed: 0
87	2024-10-30 11:01:00.421062+08	2	0	Active: 0, Inactive: 0
88	2024-10-30 11:05:00.768456+08	1	0	Success: 0, Failed: 0
89	2024-10-31 11:01:00.517028+08	2	0	Active: 0, Inactive: 0
90	2024-10-31 11:05:00.792457+08	1	0	Success: 0, Failed: 0
91	2024-11-01 11:01:01.120061+08	2	0	Active: 0, Inactive: 0
92	2024-11-01 11:05:00.811327+08	1	0	Success: 0, Failed: 0
93	2024-11-02 11:01:00.382473+08	2	0	Active: 0, Inactive: 0
94	2024-11-02 11:05:01.01499+08	1	0	Success: 0, Failed: 0
95	2024-11-03 11:01:01.504905+08	2	0	Active: 0, Inactive: 0
96	2024-11-03 11:05:01.855191+08	1	0	Success: 0, Failed: 0
97	2024-11-04 11:01:00.79027+08	2	0	Active: 0, Inactive: 0
98	2024-11-04 11:05:00.934449+08	1	0	Success: 0, Failed: 0
99	2024-11-05 11:01:01.029672+08	2	0	Active: 0, Inactive: 0
100	2024-11-05 11:05:02.767665+08	1	0	Success: 0, Failed: 0
101	2024-11-06 11:01:00.911675+08	2	0	Active: 0, Inactive: 0
102	2024-11-06 11:05:01.149254+08	1	0	Success: 0, Failed: 0
103	2024-11-07 11:01:00.477432+08	2	0	Active: 0, Inactive: 0
104	2024-11-07 11:05:00.700248+08	1	0	Success: 0, Failed: 0
105	2024-11-08 11:01:00.985973+08	2	0	Active: 0, Inactive: 0
106	2024-11-08 11:05:00.927907+08	1	0	Success: 0, Failed: 0
107	2024-11-09 11:01:01.567935+08	2	0	Active: 0, Inactive: 0
108	2024-11-09 11:05:01.680771+08	1	0	Success: 0, Failed: 0
109	2024-11-10 11:01:01.080659+08	2	0	Active: 0, Inactive: 0
110	2024-11-10 11:05:01.349729+08	1	0	Success: 0, Failed: 0
111	2024-11-11 11:01:00.836148+08	2	0	Active: 0, Inactive: 0
112	2024-11-11 11:05:01.728968+08	1	0	Success: 0, Failed: 0
113	2024-11-12 11:01:01.403161+08	2	0	Active: 0, Inactive: 0
114	2024-11-12 11:05:01.207372+08	1	0	Success: 0, Failed: 0
115	2024-11-13 11:01:00.88114+08	2	0	Active: 0, Inactive: 0
116	2024-11-13 11:05:01.493911+08	1	0	Success: 0, Failed: 0
117	2024-11-14 11:01:00.468615+08	2	0	Active: 0, Inactive: 0
118	2024-11-14 11:05:01.378318+08	1	0	Success: 0, Failed: 0
119	2024-11-15 11:01:01.200917+08	2	0	Active: 0, Inactive: 0
120	2024-11-15 11:05:01.391846+08	1	0	Success: 0, Failed: 0
121	2024-11-16 11:01:00.64128+08	2	0	Active: 0, Inactive: 0
122	2024-11-16 11:05:01.254009+08	1	0	Success: 0, Failed: 0
123	2024-11-17 11:01:00.699922+08	2	0	Active: 0, Inactive: 0
124	2024-11-17 11:05:02.23467+08	1	0	Success: 0, Failed: 0
125	2024-11-18 11:01:00.75803+08	2	0	Active: 0, Inactive: 0
126	2024-11-18 11:05:01.234482+08	1	0	Success: 0, Failed: 0
127	2024-11-19 11:01:01.18916+08	2	0	Active: 0, Inactive: 0
128	2024-11-19 11:05:01.223823+08	1	0	Success: 0, Failed: 0
129	2024-11-20 11:01:00.203569+08	2	0	Active: 0, Inactive: 0
130	2024-11-20 11:05:01.021465+08	1	0	Success: 0, Failed: 0
131	2024-11-21 11:01:00.703913+08	2	0	Active: 0, Inactive: 0
132	2024-11-21 11:05:00.698036+08	1	0	Success: 0, Failed: 0
133	2024-11-22 11:01:01.128343+08	2	0	Active: 0, Inactive: 0
134	2024-11-22 11:05:00.999045+08	1	0	Success: 0, Failed: 0
135	2024-11-23 11:01:00.177589+08	2	0	Active: 0, Inactive: 0
136	2024-11-23 11:05:00.533117+08	1	0	Success: 0, Failed: 0
137	2024-11-24 11:01:00.52782+08	2	0	Active: 0, Inactive: 0
138	2024-11-24 11:05:00.327629+08	1	0	Success: 0, Failed: 0
139	2024-11-25 11:01:01.082157+08	2	0	Active: 0, Inactive: 0
140	2024-11-25 11:05:01.144909+08	1	0	Success: 0, Failed: 0
141	2024-11-26 11:01:00.686971+08	2	0	Active: 0, Inactive: 0
142	2024-11-26 11:05:00.570946+08	1	0	Success: 0, Failed: 0
143	2024-11-27 11:01:00.581122+08	2	0	Active: 0, Inactive: 0
144	2024-11-27 11:05:00.295595+08	1	0	Success: 0, Failed: 0
145	2024-11-28 11:01:00.635854+08	2	0	Active: 0, Inactive: 0
146	2024-11-28 11:05:00.288233+08	1	0	Success: 0, Failed: 0
147	2024-11-29 11:01:00.695934+08	2	0	Active: 0, Inactive: 0
148	2024-11-29 11:05:01.100607+08	1	0	Success: 0, Failed: 0
149	2024-11-30 11:01:00.432959+08	2	0	Active: 0, Inactive: 0
150	2024-11-30 11:05:00.36308+08	1	0	Success: 0, Failed: 0
151	2024-12-01 11:01:00.289157+08	2	0	Active: 0, Inactive: 0
152	2024-12-01 11:05:00.719388+08	1	0	Success: 0, Failed: 0
153	2024-12-02 11:01:00.397812+08	2	0	Active: 0, Inactive: 0
154	2024-12-02 11:05:01.088805+08	1	0	Success: 0, Failed: 0
155	2024-12-03 11:01:00.295823+08	2	0	Active: 0, Inactive: 0
156	2024-12-03 11:05:00.379451+08	1	0	Success: 0, Failed: 0
157	2024-12-04 11:01:00.294477+08	2	0	Active: 0, Inactive: 0
158	2024-12-04 11:05:00.641673+08	1	0	Success: 0, Failed: 0
159	2024-12-05 11:01:00.641396+08	2	0	Active: 0, Inactive: 0
160	2024-12-05 11:05:00.680042+08	1	0	Success: 0, Failed: 0
161	2024-12-06 11:01:00.262023+08	2	0	Active: 0, Inactive: 0
162	2024-12-06 11:05:01.345219+08	1	0	Success: 0, Failed: 0
163	2024-12-07 11:01:00.325636+08	2	0	Active: 0, Inactive: 0
164	2024-12-07 11:05:00.525467+08	1	0	Success: 0, Failed: 0
165	2024-12-08 11:01:00.479661+08	2	0	Active: 0, Inactive: 0
166	2024-12-08 11:05:00.596495+08	1	0	Success: 0, Failed: 0
167	2024-12-09 11:01:00.473046+08	2	0	Active: 0, Inactive: 0
168	2024-12-09 11:05:01.352477+08	1	0	Success: 0, Failed: 0
\.


--
-- Data for Name: base_systemsetting; Type: TABLE DATA; Schema: public; Owner: postgres
--

COPY public.base_systemsetting (id, create_time, create_user, change_time, change_user, status, name, value) FROM stdin;
1	2024-11-07 04:20:19.471016+08	\N	2024-11-07 04:20:23.32001+08	\N	0	email_setting	{"smtp_server": "smtp.office365.com", "smtp_server_port": 587, "enable_tls": true, "email_account": "gcartas@biodental.com.ar", "email_account_name": "gcartas@biodental.com.ar", "email_password": "a0148d8ce8b5e1832e77d60f64cafc43", "email_enable": true}
\.


--
-- Data for Name: django_admin_log; Type: TABLE DATA; Schema: public; Owner: postgres
--

COPY public.django_admin_log (id, action_time, object_id, object_repr, action_flag, change_message, content_type_id, user_id) FROM stdin;
1	2024-08-23 00:27:47.275442+08	34	LATINMARKET S.A.	1	Nombre departamento=LATINMARKET S.A.,Departamento superior=Departamento	34	1
2	2024-08-23 00:28:52.685684+08	2	CL3S215260003	2	Nombre del dispositivo(Auto add->ESCALERA),Zona horaria(8->8),Asistencia(1->1),Tipo de trasferencia(1->1)	40	1
3	2024-08-23 00:29:19.310418+08	1	CL3S221760001	2	Nombre del dispositivo(Auto add->RECEPCION),Zona horaria(8->8),Asistencia(1->1),Tipo de trasferencia(1->1)	40	1
4	2024-08-23 00:29:42.31085+08	34	LATINMARKET S.A.	1	Nombre de área=LATINMARKET S.A.	32	1
5	2024-08-23 00:29:51.85157+08	2	CL3S215260003	2	Área(1->LATINMARKET S.A.),Zona horaria(8->8),Asistencia(1->1),Tipo de trasferencia(1->1)	40	1
6	2024-08-23 00:29:57.217845+08	1	CL3S221760001	2	Área(1->LATINMARKET S.A.),Zona horaria(8->8),Asistencia(1->1),Tipo de trasferencia(1->1)	40	1
7	2024-08-23 04:03:28.059034+08	2	mortiz	1	Usuario=mortiz,Login type=None,Nombres=Marcela,Apellidos=Ortiz,Correo Electrónico=mortiz@latinmarket-sa.com.ar,Super Usuario=False,Área Autorizada=<QuerySet [<Area: LATINMARKET S.A.>]>,Departamento Autorizado=<QuerySet [<Department: Departamento>]>,Contraseña=pbkdf2_sha256$36000$QKMRW6tBQXJe$rQ72gTwpEgkbgGOh7clHoEw/WRJ7za9zdT4ao1u5nN0=,Confirmar contraseña=pbkdf2_sha256$36000$52y8EHKJ2HMP$277sKrIE26cqnyCnyuyXCf53reURnTOP+chYMDiYZaA=	14	1
8	2024-08-23 04:08:55.878939+08	3	mpdescals	1	Usuario=mpdescals,Login type=None,Nombres=María Pía,Apellidos=Descals,Correo Electrónico=mpdescals@latinmarklet-sa.com.ar,Super Usuario=False,Área Autorizada=<QuerySet [<Area: LATINMARKET S.A.>]>,Departamento Autorizado=<QuerySet [<Department: Departamento>, <Department: LATINMARKET S.A.>]>,Contraseña=pbkdf2_sha256$36000$fA5sGvWLxtXu$V2QtVNHTG9VkBqbEH9KPjCyY6ofvuHptQWc5oxKLm6w=,Confirmar contraseña=pbkdf2_sha256$36000$KUj2G198Ue25$zEREeGWSucPaPtZLV31HH/WAntrbUT83lqmT9v0vFYE=	14	1
9	2024-08-23 04:09:03.644605+08	2	mortiz	2	Login type(0->None),Departamento Autorizado([<Department: Departamento>]-><QuerySet [<Department: Departamento>, <Department: LATINMARKET S.A.>]>)	14	1
10	2024-08-23 04:11:17.319339+08	4	rrhh	1	Usuario=rrhh,Login type=None,Nombres=Recursos,Apellidos=Humanos,Correo Electrónico=rrhh@latinmarket-sa.com.ar,Super Usuario=False,Área Autorizada=<QuerySet [<Area: LATINMARKET S.A.>]>,Departamento Autorizado=<QuerySet [<Department: Departamento>, <Department: LATINMARKET S.A.>]>,Contraseña=pbkdf2_sha256$36000$Rw1F4UBxFtv9$nDjOPYBK6veoyQu+12Mq8r2kfur+FJSxOfVAFxv5paM=,Confirmar contraseña=pbkdf2_sha256$36000$CDjRKemzcUaD$HTn7Wv/JT/ocMKYCZEwJ077kfKVSUHN5q9iwAgG1K18=	14	1
11	2024-08-23 04:11:41.150055+08	4	rrhh	2	Login type(0->None),Super Usuario(False->True)	14	1
12	2024-08-23 04:22:27.249394+08	2	CL3S215260003	2	Zona horaria(8->-3),Asistencia(1->1),Tipo de trasferencia(1->1)	40	1
13	2024-08-23 04:22:38.913317+08	1	CL3S221760001	2	Zona horaria(8->-3),Asistencia(1->1),Tipo de trasferencia(1->1)	40	1
14	2024-08-23 04:25:19.956026+08	1	cartas	2	Login type(0->None),Nombres(->Gonzalo),Apellidos(->Cartas)	14	1
15	2024-08-23 20:01:04.164605+08	2	CL3S215260003	2	Área(34->No autorizado),Zona horaria(-3->-3),Asistencia(1->1),Tipo de trasferencia(1->1)	40	1
16	2024-08-23 20:01:10.617833+08	1	CL3S221760001	2	Área(34->No autorizado),Zona horaria(-3->-3),Asistencia(1->1),Tipo de trasferencia(1->1)	40	1
17	2024-08-23 20:01:17.930444+08	1	CL3S221760001	2	Área(1->LATINMARKET S.A.),Zona horaria(-3->-3),Asistencia(1->1),Tipo de trasferencia(1->1)	40	1
18	2024-08-23 20:01:22.539889+08	2	CL3S215260003	2	Área(1->LATINMARKET S.A.),Zona horaria(-3->-3),Asistencia(1->1),Tipo de trasferencia(1->1)	40	1
19	2024-08-23 20:03:20.885422+08	1	1 PRUEBA	2	ID del Empleado(1->None),Departamento(Departamento->LATINMARKET S.A.)	35	1
20	2024-08-23 20:05:42.485865+08	10	10 Lucas	2	ID del Empleado(10->None),Departamento(Departamento->LATINMARKET S.A.)	35	1
21	2024-08-23 20:05:59.157732+08	11	11 Cristian	2	ID del Empleado(11->None),Departamento(Departamento->LATINMARKET S.A.)	35	1
22	2024-08-23 20:06:06.017081+08	12	12 Fabrizio	2	ID del Empleado(12->None),Departamento(Departamento->LATINMARKET S.A.)	35	1
23	2024-08-23 20:06:12.285008+08	13	13 Carlos	2	ID del Empleado(13->None),Departamento(Departamento->LATINMARKET S.A.)	35	1
24	2024-08-23 20:06:18.988197+08	14	14 Kevin	2	ID del Empleado(14->None),Departamento(Departamento->LATINMARKET S.A.)	35	1
25	2024-08-23 20:06:26.145471+08	15	15 Alicia	2	ID del Empleado(15->None),Departamento(Departamento->LATINMARKET S.A.)	35	1
26	2024-08-23 20:06:32.379846+08	16	16 Facundo	2	ID del Empleado(16->None),Departamento(Departamento->LATINMARKET S.A.)	35	1
27	2024-08-23 20:06:37.832987+08	17	17 Gisela	2	ID del Empleado(17->None),Departamento(Departamento->LATINMARKET S.A.)	35	1
28	2024-08-23 20:06:43.647592+08	18	18 Soledad	2	ID del Empleado(18->None),Departamento(Departamento->LATINMARKET S.A.)	35	1
29	2024-08-23 20:06:50.08514+08	19	19 Claudia	2	ID del Empleado(19->None),Departamento(Departamento->LATINMARKET S.A.)	35	1
30	2024-08-23 20:06:55.475811+08	2	2 Juan Carlos	2	ID del Empleado(2->None),Departamento(Departamento->LATINMARKET S.A.)	35	1
31	2024-08-23 20:07:00.757026+08	20	20 Cecilia	2	ID del Empleado(20->None),Departamento(Departamento->LATINMARKET S.A.)	35	1
32	2024-08-23 20:07:05.819815+08	21	21 Pamela	2	ID del Empleado(21->None),Departamento(Departamento->LATINMARKET S.A.)	35	1
33	2024-08-23 20:07:12.710466+08	22	22 Ariel	2	ID del Empleado(22->None),Departamento(Departamento->LATINMARKET S.A.)	35	1
34	2024-08-23 20:07:18.179183+08	23	23 Nicolas	2	ID del Empleado(23->None),Departamento(Departamento->LATINMARKET S.A.)	35	1
35	2024-08-23 20:07:24.085474+08	24	24 Jorge	2	ID del Empleado(24->None),Departamento(Departamento->LATINMARKET S.A.)	35	1
36	2024-08-23 20:07:29.022929+08	25	25 Maximiliano	2	ID del Empleado(25->None),Departamento(Departamento->LATINMARKET S.A.)	35	1
37	2024-08-23 20:07:34.694802+08	26	26 Romina	2	ID del Empleado(26->None),Departamento(Departamento->LATINMARKET S.A.)	35	1
38	2024-08-23 20:07:42.930185+08	27	27 Jorge	2	ID del Empleado(27->None),Departamento(Departamento->LATINMARKET S.A.)	35	1
39	2024-08-23 20:07:48.555181+08	28	28 Fernando	2	ID del Empleado(28->None),Departamento(Departamento->LATINMARKET S.A.)	35	1
40	2024-08-23 20:07:53.586464+08	29	29 Nestor	2	ID del Empleado(29->None),Departamento(Departamento->LATINMARKET S.A.)	35	1
41	2024-08-23 20:07:59.805233+08	3	3 Marcela	2	ID del Empleado(3->None),Departamento(Departamento->LATINMARKET S.A.)	35	1
42	2024-08-23 20:08:05.617717+08	30	30 Lara	2	ID del Empleado(30->None),Departamento(Departamento->LATINMARKET S.A.)	35	1
43	2024-08-23 20:08:11.414553+08	31	31 Leandro	2	ID del Empleado(31->None),Departamento(Departamento->LATINMARKET S.A.)	35	1
44	2024-08-23 20:08:16.930204+08	32	32 Antonella	2	ID del Empleado(32->None),Departamento(Departamento->LATINMARKET S.A.)	35	1
45	2024-08-23 20:08:21.61775+08	33	33 Sandra	2	ID del Empleado(33->None),Departamento(Departamento->LATINMARKET S.A.)	35	1
46	2024-08-23 20:08:27.164686+08	34	34 Sandra	2	ID del Empleado(34->None),Departamento(Departamento->LATINMARKET S.A.)	35	1
47	2024-08-23 20:08:32.727245+08	35	35 Cecilia	2	ID del Empleado(35->None),Departamento(Departamento->LATINMARKET S.A.)	35	1
48	2024-08-23 20:08:38.508554+08	36	36 Maximiliano	2	ID del Empleado(36->None),Departamento(Departamento->LATINMARKET S.A.)	35	1
49	2024-08-23 20:08:44.180581+08	37	37 Judith	2	ID del Empleado(37->None),Departamento(Departamento->LATINMARKET S.A.)	35	1
50	2024-08-23 20:08:49.639355+08	38	38 Alejandro	2	ID del Empleado(38->None),Departamento(Departamento->LATINMARKET S.A.)	35	1
51	2024-08-23 20:08:55.483149+08	39	39 Renzo	2	ID del Empleado(39->None),Departamento(Departamento->LATINMARKET S.A.)	35	1
52	2024-08-23 20:09:00.873919+08	4	4 Maria Pía	2	ID del Empleado(4->None),Departamento(Departamento->LATINMARKET S.A.)	35	1
53	2024-08-23 20:09:07.373854+08	40	40 Jose	2	ID del Empleado(40->None),Departamento(Departamento->LATINMARKET S.A.)	35	1
54	2024-08-23 20:09:12.873887+08	41	41 Silvia	2	ID del Empleado(41->None),Departamento(Departamento->LATINMARKET S.A.)	35	1
55	2024-08-23 20:09:18.420813+08	42	42 Leila	2	ID del Empleado(42->None),Departamento(Departamento->LATINMARKET S.A.)	35	1
56	2024-08-23 20:09:23.73408+08	43	43 Catalina	2	ID del Empleado(43->None),Departamento(Departamento->LATINMARKET S.A.)	35	1
57	2024-08-23 20:09:32.406035+08	44	44 Paula	2	ID del Empleado(44->None),Departamento(Departamento->LATINMARKET S.A.)	35	1
58	2024-08-23 20:09:37.578499+08	45	45 Carina	2	ID del Empleado(45->None),Departamento(Departamento->LATINMARKET S.A.)	35	1
59	2024-08-23 20:09:42.391064+08	46	46 Silvana	2	ID del Empleado(46->None),Departamento(Departamento->LATINMARKET S.A.)	35	1
60	2024-08-23 20:09:47.937953+08	47	47 Daniel	2	ID del Empleado(47->None),Departamento(Departamento->LATINMARKET S.A.)	35	1
61	2024-08-23 20:09:54.438064+08	56	56 Brian	2	ID del Empleado(56->None),Departamento(Departamento->LATINMARKET S.A.)	35	1
62	2024-08-23 20:10:00.969354+08	48	48 Gabriela	2	ID del Empleado(48->None),Departamento(Departamento->LATINMARKET S.A.)	35	1
63	2024-08-23 20:10:06.469458+08	49	49 Ariel	2	ID del Empleado(49->None),Departamento(Departamento->LATINMARKET S.A.)	35	1
64	2024-08-23 20:10:12.203832+08	5	5 Gonzalo	2	ID del Empleado(5->None),Departamento(Departamento->LATINMARKET S.A.)	35	1
65	2024-08-23 20:10:18.031996+08	50	50 Diego	2	ID del Empleado(50->None),Departamento(Departamento->LATINMARKET S.A.)	35	1
66	2024-08-23 20:10:23.922678+08	51	51 Chris	2	ID del Empleado(51->None),Departamento(Departamento->LATINMARKET S.A.)	35	1
67	2024-08-23 20:10:29.43833+08	52	52 Falon	2	ID del Empleado(52->None),Departamento(Departamento->LATINMARKET S.A.)	35	1
68	2024-08-23 20:10:35.204881+08	53	53 Daniela	2	ID del Empleado(53->None),Departamento(Departamento->LATINMARKET S.A.)	35	1
69	2024-08-23 20:10:40.17373+08	54	54 Liz	2	ID del Empleado(54->None),Departamento(Departamento->LATINMARKET S.A.)	35	1
70	2024-08-23 20:10:45.142489+08	55	55 Lucas	2	ID del Empleado(55->None),Departamento(Departamento->LATINMARKET S.A.)	35	1
71	2024-08-23 20:10:50.268502+08	6	6 Mariano	2	ID del Empleado(6->None),Departamento(Departamento->LATINMARKET S.A.)	35	1
72	2024-08-23 20:10:56.409307+08	7	7 Florencia	2	ID del Empleado(7->None),Departamento(Departamento->LATINMARKET S.A.)	35	1
73	2024-08-23 20:11:01.940525+08	8	8 Juan Martin	2	ID del Empleado(8->None),Departamento(Departamento->LATINMARKET S.A.)	35	1
74	2024-08-23 20:11:07.050037+08	9	9 Adrian	2	ID del Empleado(9->None),Departamento(Departamento->LATINMARKET S.A.)	35	1
75	2024-09-18 00:50:23.524466+08	10	10 Lucas	2	ID del Empleado(10->None),Apellidos(None->Valentino)	35	4
76	2024-09-18 00:50:53.401779+08	11	11 Cristian	2	ID del Empleado(11->None),Apellidos(None->Vargas)	35	4
77	2024-09-18 00:51:38.806819+08	12	12 Fabrizio	2	ID del Empleado(12->None),Apellidos(None->Brunoro),Fecha de contratación(2024-08-22->None)	35	4
78	2024-09-18 00:52:15.635478+08	10	10 Lucas	2	ID del Empleado(10->None),Apellidos(Valentino->Montenegro),Fecha de contratación(2024-08-22->None)	35	4
79	2024-09-18 01:09:29.914906+08	35	Servicio Técnico	1	Nombre departamento=Servicio Técnico,Departamento superior=LATINMARKET S.A.,Department Manager=5 Gonzalo	34	4
80	2024-09-18 02:32:05.494577+08	36	Logística	1	Nombre departamento=Logística,Departamento superior=LATINMARKET S.A.,Department Manager=23 Nicolas	34	4
81	2024-09-18 02:32:44.542033+08	37	Atención al Cliente	1	Nombre departamento=Atención al Cliente,Departamento superior=LATINMARKET S.A.,Department Manager=18 Soledad	34	4
82	2024-09-18 02:34:01.827954+08	38	Administración y Finanzas	1	Nombre departamento=Administración y Finanzas,Departamento superior=LATINMARKET S.A.,Department Manager=19 Claudia	34	4
83	2024-09-18 02:37:32.694573+08	10	10 Lucas	2	ID del Empleado(10->None),Departamento(LATINMARKET S.A.->Servicio Técnico),Superior(None->5 Gonzalo),Tipo de empleo(None->1)	35	4
84	2024-09-18 02:38:28.492254+08	11	11 Cristian	2	ID del Empleado(11->None),Departamento(LATINMARKET S.A.->Servicio Técnico),Superior(None->5 Gonzalo),Fecha de contratación(2024-08-22->None),Tipo de empleo(None->1)	35	4
85	2024-09-18 02:39:27.039983+08	12	12 Fabrizio	2	ID del Empleado(12->None),Departamento(LATINMARKET S.A.->Servicio Técnico),Superior(None->5 Gonzalo),Tipo de empleo(None->1)	35	4
86	2024-09-18 02:40:34.431401+08	13	13 Carlos	2	ID del Empleado(13->None),Apellidos(None->Gonzalez),Departamento(LATINMARKET S.A.->Servicio Técnico),Superior(None->5 Gonzalo),Fecha de contratación(2024-08-22->None),Tipo de empleo(None->1)	35	4
87	2024-09-18 22:22:26.349774+08	39	Fresado	1	Nombre departamento=Fresado,Departamento superior=LATINMARKET S.A.,Department Manager=15 Alicia	34	4
88	2024-09-18 22:23:40.899225+08	14	14 Kevin	2	ID del Empleado(14->None),Apellidos(None->Matulich),Departamento(LATINMARKET S.A.->Servicio Técnico),Fecha de contratación(2024-08-22->None),Tipo de empleo(None->1)	35	4
89	2024-09-18 22:27:21.171753+08	39	Laboratorio y Fresado	2	Nombre departamento(Fresado->Laboratorio y Fresado)	34	4
90	2024-09-18 22:28:07.328633+08	15	15 Alicia	2	ID del Empleado(15->None),Apellidos(None->Corvalán),Departamento(LATINMARKET S.A.->Laboratorio y Fresado),Fecha de contratación(2024-08-22->None),Tipo de empleo(None->1)	35	4
91	2024-09-18 22:29:35.661058+08	15	15 Alicia	2	ID del Empleado(15->None)	35	4
92	2024-09-18 22:31:24.068969+08	16	16 Facundo	2	ID del Empleado(16->None),Apellidos(None->Lombardi),Departamento(LATINMARKET S.A.->Logística),Superior(None->23 Nicolas),Fecha de contratación(2024-08-22->None),Tipo de empleo(None->1)	35	4
93	2024-09-18 22:31:43.680342+08	15	15 Alicia	2	ID del Empleado(15->None),Superior(None->3 Marcela)	35	4
94	2024-09-18 22:33:22.666128+08	17	17 Gisela	2	ID del Empleado(17->None),Apellidos(None->Martinuccio),Departamento(LATINMARKET S.A.->Atención al Cliente),Superior(None->18 Soledad),Fecha de contratación(2024-08-22->None)	35	4
95	2024-09-20 03:08:54.340351+08	18	18 Soledad	2	ID del Empleado(18->None),Apellidos(None->Llanes),Departamento(LATINMARKET S.A.->Atención al Cliente),Superior(None->4 Maria Pía),Fecha de contratación(2024-08-22->None),Tipo de empleo(None->1)	35	4
96	2024-09-20 03:09:14.481666+08	17	17 Gisela	2	ID del Empleado(17->None),Tipo de empleo(None->1)	35	4
97	2024-09-20 03:10:26.872395+08	19	19 Claudia	2	ID del Empleado(19->None),Apellidos(None->Monzón),Departamento(LATINMARKET S.A.->Administración y Finanzas),Superior(None->3 Marcela),Fecha de contratación(2024-08-22->None),Tipo de empleo(None->1)	35	4
98	2024-09-20 03:13:03.120959+08	2	2 Juan Carlos	2	ID del Empleado(2->None),Apellidos(None->Descals),Fecha de contratación(2024-08-22->None)	35	4
99	2024-09-20 03:14:01.090027+08	20	20 Cecilia	2	ID del Empleado(20->None),Apellidos(None->Taranto),Departamento(LATINMARKET S.A.->Administración y Finanzas),Superior(None->19 Claudia),Fecha de contratación(2024-08-22->None),Tipo de empleo(None->1)	35	4
100	2024-09-20 03:36:59.036859+08	21	21 Pamela	2	ID del Empleado(21->None),Apellidos(None->Fleitas),Departamento(LATINMARKET S.A.->Administración y Finanzas),Cargo(None->Cargo),Superior(None->19 Claudia),Fecha de contratación(2024-08-22->None),Tipo de empleo(None->1)	35	4
101	2024-09-20 03:40:35.269124+08	22	22 Ariel	2	ID del Empleado(22->None),Apellidos(None->Pereda),Departamento(LATINMARKET S.A.->Administración y Finanzas),Superior(None->19 Claudia),Fecha de contratación(2024-08-22->None),Tipo de empleo(None->1)	35	4
102	2024-09-20 03:40:55.537025+08	21	21 Pamela	2	ID del Empleado(21->None),Cargo(1->None)	35	4
103	2024-09-20 03:42:46.044911+08	23	23 Nicolas	2	ID del Empleado(23->None),Apellidos(None->Cequeira),Departamento(LATINMARKET S.A.->Logística),Superior(None->4 Maria Pía),Tipo de empleo(None->1)	35	4
104	2024-09-20 03:43:05.225653+08	23	23 Nicolas	2	ID del Empleado(23->None),Fecha de contratación(2024-08-22->None)	35	4
105	2024-09-20 03:47:58.639999+08	24	24 Jorge	2	ID del Empleado(24->None),Apellidos(None->Gonzalez),Departamento(LATINMARKET S.A.->Logística),Superior(None->23 Nicolas),Fecha de contratación(2024-08-22->None),Tipo de empleo(None->1)	35	4
106	2024-09-20 03:49:25.365276+08	25	25 Maximiliano	2	ID del Empleado(25->None),Apellidos(None->Zulli),Departamento(LATINMARKET S.A.->Logística),Superior(None->23 Nicolas),Fecha de contratación(2024-08-22->None)	35	4
107	2024-09-20 03:57:32.503951+08	40	Comercial	1	Nombre departamento=Comercial,Departamento superior=LATINMARKET S.A.,Department Manager=3 Marcela	34	4
108	2024-09-20 03:58:14.760834+08	26	26 Romina	2	ID del Empleado(26->None),Apellidos(None->Andrenacci),Departamento(LATINMARKET S.A.->Comercial),Superior(None->3 Marcela),Fecha de contratación(2024-08-22->None),Tipo de empleo(None->1)	35	4
109	2024-09-20 03:58:26.650413+08	25	25 Maximiliano	2	ID del Empleado(25->None),Tipo de empleo(None->1)	35	4
110	2024-09-20 04:05:53.515781+08	3	3 Marcela	2	ID del Empleado(3->None),Apellidos(None->Ortiz),Fecha de contratación(2024-08-22->None)	35	4
111	2024-09-20 04:08:03.427427+08	30	30 Lara	2	ID del Empleado(30->None),Apellidos(None->Ayala),Departamento(LATINMARKET S.A.->Administración y Finanzas),Superior(None->19 Claudia),Fecha de contratación(2024-08-22->None),Tipo de empleo(None->1)	35	4
112	2024-09-20 04:09:17.079258+08	32	32 Antonella	2	ID del Empleado(32->None),Apellidos(None->Villella),Departamento(LATINMARKET S.A.->Atención al Cliente),Superior(None->18 Soledad),Fecha de contratación(2024-08-22->None),Tipo de empleo(None->1)	35	4
113	2024-09-20 04:10:09.545972+08	33	33 Sandra	2	ID del Empleado(33->None),Apellidos(None->Estigarribia),Superior(None->4 Maria Pía),Fecha de contratación(2024-08-22->None),Tipo de empleo(None->1)	35	4
114	2024-09-20 04:15:24.192413+08	49	49 Ariel	2	ID del Empleado(49->None),Apellidos(None->Arpires),Departamento(LATINMARKET S.A.->Laboratorio y Fresado),Superior(None->15 Alicia),Fecha de contratación(2024-08-22->None),Tipo de empleo(None->1)	35	4
115	2024-09-20 04:16:02.881801+08	5	5 Gonzalo	2	ID del Empleado(5->None),Apellidos(None->Cartas),Departamento(LATINMARKET S.A.->Servicio Técnico),Superior(None->3 Marcela),Fecha de contratación(2024-08-22->None),Tipo de empleo(None->1)	35	4
116	2024-09-20 04:17:12.74977+08	9	9 Adrian	2	ID del Empleado(9->None),Apellidos(None->Vega Cantero),Departamento(LATINMARKET S.A.->Servicio Técnico),Superior(None->5 Gonzalo),Fecha de contratación(2024-08-22->None),Tipo de empleo(None->1)	35	4
117	2024-09-20 04:18:17.343675+08	8	8 Juan Martin	2	ID del Empleado(8->None),Apellidos(None->González),Departamento(LATINMARKET S.A.->Servicio Técnico),Superior(None->5 Gonzalo),Fecha de contratación(2024-08-22->None),Tipo de empleo(None->1)	35	4
118	2024-09-20 04:20:39.317947+08	51	51 Chris	2	ID del Empleado(51->None),Apellidos(None->Ocaña),Departamento(LATINMARKET S.A.->Laboratorio y Fresado),Superior(None->15 Alicia),Fecha de contratación(2024-08-22->None),Tipo de empleo(None->1)	35	4
119	2024-09-20 04:21:50.488524+08	4	4 Maria Pía	2	ID del Empleado(4->None),Apellidos(None->Descals),Fecha de contratación(2024-08-22->None)	35	4
120	2024-09-20 04:23:18.594433+08	56	56 Brian	2	ID del Empleado(56->None),Apellidos(None->Reynoso),Departamento(LATINMARKET S.A.->Logística),Superior(None->23 Nicolas),Fecha de contratación(2024-08-22->None),Tipo de empleo(None->1)	35	4
121	2024-09-20 04:24:08.226474+08	55	55 Lucas	2	ID del Empleado(55->None),Apellidos(None->Valentino),Departamento(LATINMARKET S.A.->Logística),Superior(None->23 Nicolas),Fecha de contratación(2024-08-22->None),Tipo de empleo(None->1)	35	4
122	2024-09-20 04:25:09.74295+08	53	53 Daniela	2	ID del Empleado(53->None),Apellidos(None->Gonzalez),Departamento(LATINMARKET S.A.->Laboratorio y Fresado),Superior(None->15 Alicia),Fecha de contratación(2024-08-22->None),Tipo de empleo(None->1)	35	4
123	2024-09-20 04:25:48.950141+08	52	52 Falon	2	ID del Empleado(52->None),Apellidos(None->Hernandez),Departamento(LATINMARKET S.A.->Laboratorio y Fresado),Superior(None->15 Alicia),Fecha de contratación(2024-08-22->None),Tipo de empleo(None->1)	35	4
124	2024-10-26 01:07:50.221016+08	4	rrhh	2	[{"changed": {"fields": ["password"]}}]	14	1
125	2024-11-07 04:35:19.020442+08	1	1(1)	2	En(1->0),Fecha Inicial(00:00:00->09:00:00),Fecha Final(23:59:00->18:00:00),Fecha Inicial(00:00:00->09:00:00),Fecha Final(23:59:00->18:00:00),Fecha Inicial(00:00:00->09:00:00),Fecha Final(23:59:00->18:00:00),Fecha Inicial(00:00:00->09:00:00),Fecha Final(23:59:00->18:00:00),Fecha Inicial(00:00:00->09:00:00),Fecha Final(23:59:00->18:00:00),En(1->0),Comentarios(None->HORARIO LABORAL GLOBAL)	107	1
126	2024-11-07 04:50:14.843926+08	2	Entrada Tarde	2	Tipo(4->4)	57	1
127	2024-11-07 05:27:53.651192+08	1	BreakTime object	1	Hora Inicial=13:00:00,Hora Final=None,Tipo de Calculo=1,Nombre=ALMUERZO	76	1
128	2024-11-07 05:39:47.417684+08	1	TURNO GLOBAL	1	Nombre del Turno=TURNO GLOBAL,None={"1":"1","2":"1","3":"1","4":"1","5":"1"}	67	1
\.


--
-- Data for Name: django_celery_beat_clockedschedule; Type: TABLE DATA; Schema: public; Owner: postgres
--

COPY public.django_celery_beat_clockedschedule (id, clocked_time, enabled) FROM stdin;
\.


--
-- Data for Name: django_celery_beat_crontabschedule; Type: TABLE DATA; Schema: public; Owner: postgres
--

COPY public.django_celery_beat_crontabschedule (id, minute, hour, day_of_week, day_of_month, month_of_year, timezone) FROM stdin;
1	0	4	*	*	*	America/Buenos_Aires
2	30	0	*	*	*	America/Buenos_Aires
3	1	0	*	*	*	America/Buenos_Aires
4	5	0	*	*	*	America/Buenos_Aires
5	10	0	*	*	*	America/Buenos_Aires
6	20	0	*	1	1	America/Buenos_Aires
7	0	2	*	*	*	America/Buenos_Aires
8	30	2	*	*	*	America/Buenos_Aires
9	40	0	*	*	*	America/Buenos_Aires
10	15	0	*	*	*	America/Buenos_Aires
11	0	0	*	*	*	America/Buenos_Aires
\.


--
-- Data for Name: django_celery_beat_intervalschedule; Type: TABLE DATA; Schema: public; Owner: postgres
--

COPY public.django_celery_beat_intervalschedule (id, every, period) FROM stdin;
1	3	seconds
2	200	seconds
3	60	seconds
\.


--
-- Data for Name: django_celery_beat_periodictask; Type: TABLE DATA; Schema: public; Owner: postgres
--

COPY public.django_celery_beat_periodictask (id, name, task, args, kwargs, queue, exchange, routing_key, expires, enabled, last_run_at, total_run_count, date_changed, description, crontab_id, interval_id, solar_id, one_off, start_time, priority, headers, clocked_id) FROM stdin;
10	base.tasks.daily_licence_verify	base.tasks.daily_licence_verify	[]	{}	\N	\N	\N	\N	t	2024-12-09 13:01:51.617064+08	84	2024-12-09 13:01:51.617064+08		7	\N	\N	f	\N	\N	{}	\N
16	iclock.tasks.zip_clean	iclock.tasks.zip_clean	[]	{}	\N	\N	\N	\N	t	2024-12-09 11:01:10.130176+08	84	2024-12-09 11:01:10.130176+08		11	\N	\N	f	\N	\N	{}	\N
15	iclock.tasks.data_clean	iclock.tasks.data_clean	[]	{}	\N	\N	\N	\N	t	2024-12-09 11:01:10.31768+08	84	2024-12-09 11:01:10.31768+08		11	\N	\N	f	\N	\N	{}	\N
5	psnl.tasks.employment_status_monitoring	psnl.tasks.employment_status_monitoring	[]	{}	\N	\N	\N	\N	t	2024-12-09 11:01:10.536433+08	84	2024-12-09 11:01:10.536433+08		3	\N	\N	f	\N	\N	{}	\N
11	base.tasks.daily_aof_rewrite	base.tasks.daily_aof_rewrite	[]	{}	\N	\N	\N	\N	t	2024-12-09 13:31:58.600414+08	84	2024-12-09 13:31:58.600414+08		8	\N	\N	f	\N	\N	{}	\N
3	iclock.tasks.device_online_monitor	iclock.tasks.device_online_monitor	[]	{}	\N	\N	\N	\N	t	2024-12-09 23:46:39.041361+08	36267	2024-12-09 23:46:39.041361+08		\N	2	\N	f	\N	\N	{}	\N
2	iclock.tasks.data_sync	iclock.tasks.data_sync	[]	{}	\N	\N	\N	\N	t	2024-12-09 23:46:39.197615+08	2271595	2024-12-09 23:46:39.197615+08		\N	1	\N	f	\N	\N	{}	\N
6	psnl.tasks.resigned_scanner	psnl.tasks.resigned_scanner	[]	{}	\N	\N	\N	\N	t	2024-12-09 11:07:12.166934+08	84	2024-12-09 11:07:12.166934+08		4	\N	\N	f	\N	\N	{}	\N
12	beat_tasks.run_minute_task	beat_tasks.run_minute_task	[]	{}	\N	\N	\N	\N	t	2024-12-09 23:46:39.306991+08	120114	2024-12-09 23:46:39.306991+08		\N	3	\N	f	\N	\N	{}	\N
4	mobile.task.upload_gps	mobile.task.upload_gps	[]	{}	\N	\N	\N	\N	t	2024-12-09 11:31:21.766179+08	84	2024-12-09 11:31:21.766179+08		2	\N	\N	f	\N	\N	{}	\N
8	meeting.tasks.meeting_monitor	meeting.tasks.meeting_monitor	[]	{}	\N	\N	\N	\N	t	2024-12-09 23:46:39.431993+08	120113	2024-12-09 23:46:39.431993+08		\N	3	\N	f	\N	\N	{}	\N
7	psnl.tasks.document_expired_alert	psnl.tasks.document_expired_alert	[]	{}	\N	\N	\N	\N	t	2024-12-09 11:10:13.310189+08	84	2024-12-09 11:10:13.310189+08		5	\N	\N	f	\N	\N	{}	\N
9	att.tasks.restore_leaveyearbalance_all	att.tasks.restore_leaveyearbalance_all	[]	{}	\N	\N	\N	\N	t	\N	0	2024-11-19 20:41:57.29868+08		6	\N	\N	f	\N	\N	{}	\N
14	visitor.tasks.dataClean	visitor.tasks.data_clean	[]	{}	\N	\N	\N	\N	t	2024-12-09 11:16:15.862381+08	84	2024-12-09 11:16:15.862381+08		10	\N	\N	f	\N	\N	{}	\N
13	att.tasks.auto_calculate_daily	att.tasks.auto_calculate_daily	[]	{}	\N	\N	\N	\N	t	2024-12-09 11:40:24.992864+08	84	2024-12-09 11:40:24.992864+08		9	\N	\N	f	\N	\N	{}	\N
1	celery.backend_cleanup	celery.backend_cleanup	[]	{}	\N	\N	\N	\N	t	2024-12-09 15:02:21.2615+08	84	2024-12-09 15:02:21.2615+08		1	\N	\N	f	\N	\N	{}	\N
\.


--
-- Data for Name: django_celery_beat_periodictasks; Type: TABLE DATA; Schema: public; Owner: postgres
--

COPY public.django_celery_beat_periodictasks (ident, last_update) FROM stdin;
1	2024-11-19 20:41:57.970574+08
\.


--
-- Data for Name: django_celery_beat_solarschedule; Type: TABLE DATA; Schema: public; Owner: postgres
--

COPY public.django_celery_beat_solarschedule (id, event, latitude, longitude) FROM stdin;
\.


--
-- Data for Name: django_content_type; Type: TABLE DATA; Schema: public; Owner: postgres
--

COPY public.django_content_type (id, app_label, model) FROM stdin;
1	auth	permission
2	auth	group
3	base	system_setting_permission
4	iclock	device_setting_permission
5	personnel	personnel_setting_permission
6	att	report_permission
7	att	att_setting_permission
8	payroll	payroll_report_permission
9	meeting	meeting_report_permission
10	ep	ep_dashboard_permission
11	ep	ep_report_permission
12	base	adminlog
13	rest_framework_tracking	apirequestlog
14	accounts	myuser
15	base	autoattexporttask
16	base	autoexporttask
17	base	autoimporttask
18	base	bookmark
19	base	dbbackuplog
20	base	emailtemplate
21	base	eventalertsetting
22	base	linenotifysetting
23	base	syncdepartment
24	base	syncjob
25	base	syncemployee
26	base	syncarea
27	base	securitypolicy
28	base	sftpsetting
29	base	systemlog
30	accounts	usernotification
31	personnel	company
32	personnel	area
33	personnel	certification
34	personnel	department
35	personnel	employee
36	personnel	position
37	personnel	resign
38	personnel	employeecertification
39	personnel	employeecustomattribute
40	iclock	terminal
41	iclock	transaction
42	iclock	terminallog
43	iclock	terminaluploadlog
44	iclock	terminalcommand
45	iclock	terminalcommandlog
46	iclock	biodata
47	iclock	privatemessage
48	iclock	publicmessage
49	iclock	terminalworkcode
50	iclock	devicemoduleconfig
51	iclock	biophoto
52	iclock	errorcommandlog
53	iclock	terminalparameter
54	workflow	workflowrole
55	workflow	workflowengine
56	workflow	workflownode
57	att	paycode
58	att	attcode
59	att	attgroup
60	att	attpolicy
61	att	departmentpolicy
62	att	grouppolicy
63	att	attrule
64	att	reportparam
65	att	manuallog
66	att	timeinterval
67	att	attshift
68	att	attschedule
69	att	tempschedule
70	att	temporaryschedule
71	att	leave
72	att	training
73	att	overtime
74	att	holiday
75	att	deptattrule
76	att	breaktime
77	att	changeschedule
78	att	departmentschedule
79	att	groupschedule
80	att	attreportsetting
81	att	leavegroup
82	att	leavegroupdetail
83	att	leaveyearbalance
84	visitor	reservation
85	meeting	meetingentity
86	meeting	meetingmanuallog
87	mobile	announcement
88	mobile	applist
89	mobile	appnotification
90	mobile	appactionlog
91	mobile	gpsforemployee
92	mobile	gpsfordepartment
93	mobile	gpslocation
94	mobile	mobileapirequestlog
95	payroll	emppayrollprofile
96	payroll	deductionformula
97	payroll	exceptionformula
98	payroll	increasementformula
99	payroll	leaveformula
100	payroll	overtimeformula
101	payroll	emploan
102	payroll	reimbursement
103	payroll	salaryadvance
104	payroll	salarystructure
105	payroll	extraincrease
106	payroll	extradeduction
107	acc	acctimezone
108	acc	accholiday
109	acc	accgroups
110	acc	acccombination
111	acc	accprivilege
112	acc	accterminal
113	visitor	visitor
114	visitor	reason
115	visitor	visitorlog
116	visitor	visitorconfig
117	visitor	visitorbiophoto
118	visitor	visitorbiodata
119	visitor	visitortransaction
120	meeting	meetingroom
121	meeting	meetingroomdevice
122	meeting	meetingtransaction
123	ep	epsetup
124	ep	eptransaction
125	contenttypes	contenttype
126	admin	logentry
127	sessions	session
128	authtoken	token
129	guardian	groupobjectpermission
130	guardian	userobjectpermission
131	django_celery_beat	crontabschedule
132	django_celery_beat	intervalschedule
133	django_celery_beat	periodictask
134	django_celery_beat	periodictasks
135	django_celery_beat	solarschedule
136	django_celery_beat	clockedschedule
137	base	attparam
138	base	attparamdepts
139	base	sendemail
140	base	sysparam
141	base	sysparamdept
142	base	systemsetting
143	base	abstractpermission
144	base	systemsettingpermission
145	iclock	shortmessage
146	iclock	terminalemployee
147	iclock	transactionproofcmd
148	iclock	devicesettingpermission
149	iclock	deviceemployee
150	personnel	assignareaemployee
151	personnel	employeeprofile
152	personnel	employment
153	personnel	employeecalendar
154	personnel	employeeextrainfo
155	personnel	personnelsettingpermission
156	workflow	nodeinstance
157	workflow	workflowinstance
158	att	attcalclog
159	att	attemployee
160	att	overtimepolicy
161	att	payloadattcode
162	att	payloadbase
163	att	payloadbreak
164	att	payloadeffectpunch
165	att	payloadexception
166	att	payloadmulpunchset
167	att	payloadovertime
168	att	payloadparing
169	att	payloadpaycode
170	att	payloadpunch
171	att	payloadtimecard
172	att	reporttemplate
173	att	shiftdetail
174	att	webpunch
175	att	calculatelastdate
176	att	calculatetask
177	att	attsettingpermission
178	att	reportpermission
179	accounts	adminbiodata
180	accounts	userprofile
181	staff	stafftoken
182	staff	approvalchangeschedule
183	staff	approvalleave
184	staff	approvalmanuallog
185	staff	approvalovertime
186	staff	approvaltraining
187	staff	pendingchangeschedule
188	staff	pendingleave
189	staff	pendingmanuallog
190	staff	pendingovertime
191	staff	pendingtraining
192	staff_visitor	approvalreservation
193	staff_visitor	pendingreservation
194	staff_meeting	approvalmeetingentity
195	staff_meeting	approvalmeetingmanuallog
196	staff_meeting	pendingmeetingentity
197	staff_meeting	pendingmeetingmanuallog
198	payroll	payrollpayload
199	payroll	payrollpayloadpaycode
200	payroll	payrollreportpermission
201	meeting	meetingpayloadbase
202	meeting	meetingreportpermission
203	ep	epdashboardpermission
204	ep	epreportpermission
\.


--
-- Data for Name: django_migrations; Type: TABLE DATA; Schema: public; Owner: postgres
--

COPY public.django_migrations (id, app, name, applied) FROM stdin;
1	personnel	0001_initial	2024-08-22 23:21:03.580373+08
2	contenttypes	0001_initial	2024-08-22 23:21:03.752324+08
3	contenttypes	0002_remove_content_type_name	2024-08-22 23:21:03.799125+08
4	workflow	0001_initial	2024-08-22 23:21:06.143295+08
5	iclock	0001_initial	2024-08-22 23:21:08.331992+08
6	auth	0001_initial	2024-08-22 23:21:09.082005+08
7	auth	0002_alter_permission_name_max_length	2024-08-22 23:21:09.113259+08
8	auth	0003_alter_user_email_max_length	2024-08-22 23:21:09.128887+08
9	auth	0004_alter_user_username_opts	2024-08-22 23:21:09.144514+08
10	auth	0005_alter_user_last_login_null	2024-08-22 23:21:09.160141+08
11	auth	0006_require_contenttypes_0002	2024-08-22 23:21:09.160141+08
12	auth	0007_alter_validators_add_error_messages	2024-08-22 23:21:09.175768+08
13	auth	0008_alter_user_username_max_length	2024-08-22 23:21:09.191387+08
14	base	0001_initial	2024-08-22 23:21:12.41768+08
15	accounts	0001_initial	2024-08-22 23:21:13.355192+08
16	base	0002_auto_20200901_1642	2024-08-22 23:21:14.073949+08
17	att	0001_initial	2024-08-22 23:21:15.443982+08
18	att	0002_auto_20200901_1642	2024-08-22 23:21:28.444087+08
19	personnel	0002_auto_20200901_1642	2024-08-22 23:21:31.33942+08
20	acc	0001_initial	2024-08-22 23:21:31.90195+08
21	acc	0002_auto_20200901_1642	2024-08-22 23:21:33.15258+08
22	acc	0003_auto_20200901_1642	2024-08-22 23:21:34.730776+08
23	acc	0004_auto_20210721_1158	2024-08-22 23:21:35.137022+08
24	acc	0005_auto_20210908_1006	2024-08-22 23:21:35.262067+08
25	accounts	0002_auto_20200901_1642	2024-08-22 23:21:36.933898+08
26	accounts	0003_auto_20201021_1551	2024-08-22 23:21:36.980815+08
27	accounts	0004_auto_20201229_0852	2024-08-22 23:21:37.38704+08
28	accounts	0005_auto_20210908_1006	2024-08-22 23:21:37.418281+08
29	accounts	0006_myuser_assign_company	2024-08-22 23:21:37.480848+08
30	accounts	0007_auto_20220106_1103	2024-08-22 23:21:37.512036+08
31	admin	0001_initial	2024-08-22 23:21:37.824574+08
32	admin	0002_logentry_remove_auto_add	2024-08-22 23:21:37.871448+08
33	personnel	0003_auto_20201229_0852	2024-08-22 23:21:38.871475+08
34	personnel	0004_auto_20210908_1006	2024-08-22 23:21:40.668337+08
35	att	0003_auto_20200909_1810	2024-08-22 23:21:40.856026+08
36	att	0004_auto_20201021_1551	2024-08-22 23:21:41.16834+08
37	att	0005_auto_20201106_1538	2024-08-22 23:21:41.230848+08
38	att	0006_auto_20201116_1052	2024-08-22 23:21:41.262091+08
39	att	0007_auto_20201229_0852	2024-08-22 23:21:46.310247+08
40	att	0008_auto_20210908_1006	2024-08-22 23:21:53.509731+08
41	att	0009_reporttemplate_employee	2024-08-22 23:21:53.806615+08
42	att	0010_auto_20220106_1103	2024-08-22 23:21:55.587896+08
43	att	0011_auto_20220118_1536	2024-08-22 23:21:55.712934+08
44	att	0012_auto_20220419_1516	2024-08-22 23:21:56.181656+08
45	authtoken	0001_initial	2024-08-22 23:21:56.556694+08
46	authtoken	0002_auto_20160226_1747	2024-08-22 23:21:56.806751+08
47	base	0003_auto_20201229_0852	2024-08-22 23:21:57.728556+08
48	base	0004_auto_20210908_1006	2024-08-22 23:21:59.153597+08
49	base	0005_auto_20211201_1434	2024-08-22 23:21:59.434927+08
50	personnel	0005_auto_20211201_1434	2024-08-22 23:22:00.561662+08
51	base	0006_autoimporttask_company	2024-08-22 23:22:01.014792+08
52	django_celery_beat	0001_initial	2024-08-22 23:22:01.655428+08
53	django_celery_beat	0002_auto_20161118_0346	2024-08-22 23:22:01.842927+08
54	django_celery_beat	0003_auto_20161209_0049	2024-08-22 23:22:02.014864+08
55	django_celery_beat	0004_auto_20170221_0000	2024-08-22 23:22:02.030554+08
56	django_celery_beat	0005_add_solarschedule_events_choices	2024-08-22 23:22:02.061683+08
57	django_celery_beat	0006_auto_20180322_0932	2024-08-22 23:22:02.327376+08
58	django_celery_beat	0007_auto_20180521_0826	2024-08-22 23:22:02.811694+08
59	django_celery_beat	0008_auto_20180914_1922	2024-08-22 23:22:02.889821+08
60	django_celery_beat	0006_auto_20180210_1226	2024-08-22 23:22:02.936695+08
61	django_celery_beat	0006_periodictask_priority	2024-08-22 23:22:02.967959+08
62	django_celery_beat	0009_periodictask_headers	2024-08-22 23:22:03.514823+08
63	django_celery_beat	0010_auto_20190429_0326	2024-08-22 23:22:03.936709+08
64	django_celery_beat	0011_auto_20190508_0153	2024-08-22 23:22:04.108581+08
65	visitor	0001_initial	2024-08-22 23:22:04.186709+08
66	visitor	0002_reservation_visitor_visitorconfig_visitorlog	2024-08-22 23:22:06.345933+08
67	iclock	0002_auto_20200901_1642	2024-08-22 23:22:10.820686+08
68	ep	0001_initial	2024-08-22 23:22:11.555075+08
69	ep	0002_auto_20201217_1608	2024-08-22 23:22:12.168807+08
70	ep	0003_auto_20201229_0852	2024-08-22 23:22:12.200055+08
71	guardian	0001_initial	2024-08-22 23:22:13.528201+08
72	iclock	0003_auto_20201229_0852	2024-08-22 23:22:14.528218+08
73	iclock	0004_auto_20210908_1006	2024-08-22 23:22:15.825105+08
74	iclock	0005_terminalworkcode_company	2024-08-22 23:22:15.934686+08
75	iclock	0006_auto_20220419_1516	2024-08-22 23:22:16.12282+08
76	iclock	0007_auto_20240822_1220	2024-08-22 23:22:16.169678+08
77	meeting	0001_initial	2024-08-22 23:22:18.341559+08
78	meeting	0002_meetingroom_enable_room	2024-08-22 23:22:18.591562+08
79	meeting	0003_auto_20210908_1006	2024-08-22 23:22:22.630192+08
80	mobile	0001_initial	2024-08-22 23:22:23.380246+08
81	mobile	0002_auto_20200901_1642	2024-08-22 23:22:25.114624+08
82	mobile	0003_auto_20201229_0852	2024-08-22 23:22:26.286521+08
83	mobile	0004_mobileapirequestlog	2024-08-22 23:22:27.255287+08
84	payroll	0001_initial	2024-08-22 23:22:30.569837+08
85	payroll	0002_auto_20200901_1642	2024-08-22 23:22:32.385835+08
86	payroll	0003_auto_20200901_1642	2024-08-22 23:22:35.307748+08
87	payroll	0004_auto_20210908_1006	2024-08-22 23:22:35.839001+08
88	personnel	0006_auto_20211201_1516	2024-08-22 23:22:36.120292+08
89	personnel	0007_auto_20211201_1602	2024-08-22 23:22:38.671715+08
90	personnel	0008_auto_20220106_1103	2024-08-22 23:22:39.234613+08
91	personnel	0009_auto_20220419_1516	2024-08-22 23:22:39.906502+08
92	rest_framework_tracking	0001_initial	2024-08-22 23:22:40.484644+08
93	rest_framework_tracking	0002_auto_20170118_1713	2024-08-22 23:22:41.502661+08
94	rest_framework_tracking	0003_add_errors	2024-08-22 23:22:41.549578+08
95	rest_framework_tracking	0004_add_verbose_name	2024-08-22 23:22:41.580791+08
96	rest_framework_tracking	0005_auto_20171219_1537	2024-08-22 23:22:41.783922+08
97	rest_framework_tracking	0006_view_and_view_method_nullable	2024-08-22 23:22:42.502682+08
98	rest_framework_tracking	0006_auto_20180315_1442	2024-08-22 23:22:42.752686+08
99	rest_framework_tracking	0007_merge_20180419_1646	2024-08-22 23:22:42.76835+08
100	rest_framework_tracking	0008_auto_20200201_2048	2024-08-22 23:22:43.440229+08
101	rest_framework_tracking	0009_view_method_max_length_200	2024-08-22 23:22:43.518333+08
102	rest_framework_tracking	0010_auto_20200609_1404	2024-08-22 23:22:43.987123+08
103	rest_framework_tracking	0011_auto_20201117_2016	2024-08-22 23:22:44.127819+08
104	sessions	0001_initial	2024-08-22 23:22:44.346467+08
105	staff	0001_initial	2024-08-22 23:22:44.705915+08
106	staff	0002_approvalchangeschedule_approvalleave_approvalmanuallog_approvalovertime_approvaltraining_pendingchan	2024-08-22 23:22:44.799596+08
107	staff_meeting	0001_initial	2024-08-22 23:22:44.84647+08
108	visitor	0003_reservation_email	2024-08-22 23:22:44.909034+08
109	visitor	0004_auto_20210908_1006	2024-08-22 23:22:46.627746+08
110	visitor	0005_auto_20211201_1434	2024-08-22 23:22:46.690253+08
111	staff_visitor	0001_initial	2024-08-22 23:22:46.7215+08
112	visitor	0006_auto_20220419_1516	2024-08-22 23:22:47.17463+08
113	visitor	0007_auto_20240822_1220	2024-08-22 23:22:47.23967+08
114	workflow	0002_auto_20211201_1434	2024-08-22 23:22:47.802146+08
\.


--
-- Data for Name: django_session; Type: TABLE DATA; Schema: public; Owner: postgres
--

COPY public.django_session (session_key, session_data, expire_date) FROM stdin;
\.


--
-- Data for Name: ep_epsetup; Type: TABLE DATA; Schema: public; Owner: postgres
--

COPY public.ep_epsetup (id, create_time, create_user, change_time, change_user, status, temp_alarm, temp_warning, "temp_warning_F", temp_unit, mask_alarm, is_default) FROM stdin;
1	2024-08-22 23:23:02.552492+08	\N	2024-08-22 23:23:02.552492+08	\N	0	t	37.3	99.2	1	t	t
\.


--
-- Data for Name: ep_eptransaction; Type: TABLE DATA; Schema: public; Owner: postgres
--

COPY public.ep_eptransaction (id, create_time, create_user, change_time, change_user, status, area, check_datetime, check_date, check_time, temperature, is_mask, upload_time, source, terminal_sn, emp_id, terminal_id, emp_code) FROM stdin;
\.


--
-- Data for Name: guardian_groupobjectpermission; Type: TABLE DATA; Schema: public; Owner: postgres
--

COPY public.guardian_groupobjectpermission (id, object_pk, content_type_id, group_id, permission_id) FROM stdin;
\.


--
-- Data for Name: guardian_userobjectpermission; Type: TABLE DATA; Schema: public; Owner: postgres
--

COPY public.guardian_userobjectpermission (id, object_pk, content_type_id, permission_id, user_id) FROM stdin;
\.


--
-- Data for Name: iclock_biodata; Type: TABLE DATA; Schema: public; Owner: postgres
--

COPY public.iclock_biodata (id, create_time, create_user, change_time, change_user, status, bio_tmp, bio_no, bio_index, bio_type, major_ver, minor_ver, bio_format, valid, duress, update_time, sn, employee_id) FROM stdin;
1	\N	\N	2024-08-23 00:38:03.196329+08	\N	0	{"0": "apUBEBACZxYJADoMAUh3ABwkQ43hRxrPGGEXgOCvXTOgXWcCJkO/o7SZsRAjI3X2A8pH9UR17eYLSy8wvR2bPX0GQr+2JLdATuNYaYs0E+LbcExabyo279TYn0ZbZ8hKESOBRHFvpli/JuJ+tfmbd/DhSpMYkLc8xH1LAYVS5N5tKDElumV3Q0kpoMCdciR1WOHQpC5XDzSwB84PANXN1PXwg4Jgj3WpalTsWM1vIuHaYlQmN5dD72Tu00A08Y6c5iR8lHeHkBF2kvgICvWnyJfkPwUiizyFwBYA8u3Pi70bDwuHTIP8ZXwMLqoyQSW7eLwB1K0t/sU7eUDcuy2HKcxmm2uTZ9G6ysVxM8WvxMq+2WVpQalBBcUOYZBDHpZWBe35jJdljWudFeg97pdI0iGQphNVAe3evSp2ED6J6Eo9IxRm3ugmICuG5xvPbKz1UNNNJyNuSWCKg5mVXyivvzcHrx9W/AbsTei7KUi8hfW01+B94lPzBC6s2m01gPg+bDorAkG3UVQpzEbxRmCmiP1JxeMlz21IWTQCIwBYUCx/gRShxJg0Lwtf1hzqvCyLy4fveQFkzD4lvFJ7rZRPLhEaVVElF/NjhzkmyLTmmg0MNeaKrTs694J57Zdk3N58BUIALcekfbnB8XGfjwhSMOMciITfMZY8Ib0e05HQxUZdaR2Rif+8vAFCzs6Pjl0j"}	0	0	9	58	12	0	1	0	2024-08-23 00:38:03.196329+08	CL3S221760001	5
2	\N	\N	2024-08-23 00:38:03.243204+08	\N	0	{"0": "apUBEBAChJIJADoMAeCCABbYSbvpny3T85E/c+6ipcG1rIDQO7lHqcBmTtYhEbL9571T9H9g0QoGYQ3PSjli4kTetERVflhdiDxWe3MW6R/dQTRvZcQ7AOb7THRAXytC4dzKk3KfpV+kMBeJcxtSqyYQRWPmVbQy95RT6TKX6uy9LCaYRHarh5wCej+CdyxMXdX+lTGrMOyvATnz5QYnNfqAqJBSg2++nFb5dgxDw/jzjKnennSmN5rDK0cdFqx0UwulbEybbB+co/fK70ppwlgMKAQracZU7/0D8j6tNUDw5ibaoo7ou13wx1LIjdWvSovwNmslD1EkGeIoUeSo0ga5lFDLnTOfOSN798BFxvNcz4OrhKyYKd/Lta3w0H6x78OybL5qf26dAv3YGZh9xChir+VXDi3NCTR+Evlm/kAtnvZMNRDX0mx44MsEnVrfVs6BFwOGqI2SRWOEh9yiQNAXUh1pDu7wn9eL96KIaxmNLil+7Kv8xxehKlE/FuUthCfPAUFGC0fY0EDquZmYkBTjFu/Dxwm5rDHHNwRTksexgRiL9rJpbQi33izFfyJQELjilkJqOCLcYbyXVL6kycIiaoP1CMaqlyXLI2LDVhL1dESXjSjkMp1+GHaf0+hs0pDO38eDeEmL2Y5Dgx9f1MTBpIrTdGphLVoc2ZnSI3qgZyFcSQCTiQ5fOxRnepgQ"}	0	0	9	58	12	0	1	0	2024-08-23 00:38:03.243204+08	CL3S221760001	8
3	\N	\N	2024-08-23 00:38:03.290081+08	\N	0	{"0": "apUBEBACaUkJADoMAQjzABcmukrmugnDCEY8PRykrSNZrL7XL0lhWXy5APsqwLH8GMpeCUJjtA9iuyboTgxC76wYrV+9El6iSZq3kIHA7gbBUDanVtw27h/8qqdcZyCoIjahYoB6pGpiLxhFuCFlVyLiZ5burrPw85BNG9xyDN6ZDDBpUot5dkM7quyCnzZ9VhfsbTJYOwOm3cf8+fEhxCuuq7q9m2iwhagliuBgyBXsb1ki0GeL/ccaIAP6y3C2QvF+ZlO1ihCYtPwwx9ZOOyv51x4kb8aB5BgJ2eEMkUMAC8aDurHwSncLJlTSQglKeaY6PJDOV6wjH6QCszKb1Rh1mHyTit1DcNJ1KOdY1jFDLnmDkbmI+Af0h2IV22B68BzwsH+SbZSeB8LY85xxMMtqmzxPrT4QB8N1Ffmc6L02Q9RwCu45dthE0c/gjVE5tyCu2y5DU2mLRGaBRSKOqz4esDJ21Sf2dxujMHSDWTa5Dfh6EUrp4ieIwEHEPPw/ZxTB2W+CL0zYM1j6h4SzZPOOBgWXxF6OsOnkNA1dXCJVpwOv7KZC0wNEws41Q19ON1URc7V+JsTvdW92Yom4OsMpibXdy+5spi4hymvCsaQ2nkGVVcT48W9FA7Oh2OJn8WX63tOmYE6Pz3SOng1Hw4EWjoHZf3VcCo7SIJfCz6FKSRdZYg6AYy9K0f+GfLAc"}	0	0	9	58	12	0	1	0	2024-08-23 00:38:03.290081+08	CL3S221760001	12
4	\N	\N	2024-08-23 00:38:03.352614+08	\N	0	{"0": "apUBEBACFGIJADoMATo2AM83goHupSnINL4rhytVQTilUo8pKLuYupJtBjggFWUfGNhq9kBi4P46lwk+eNBoD686t0u7LoSkUNuZZ4zB9+DNqjK6utAs7uzLka1ZaiCqBhmCSYo3uksRCxxFQuq4RTsdRZUSjaV0CJtLOOWdwfB7Cul79GSxbmM9SjmfcilvpQzmQxFZFhOL/8EaM9jA7/lSeISyj6ekQn4dZudOJhG7iHbUKduw/ZT/zGv+yZVnSwxEwWtATBaNiiPnCgO66WvoMBg2U8+Q2Bb5xfcXnmgaMym+Wpr0TY3mPq3OSyy+kJz/9W5iEaAsGUoRrS+MPi6+lZuNvtG2KMxNHtNVMyJV22JaiF+PARYFlLnqykCBHuIAaW1miEyXO/jTyZ+a3yxmnf9J+CXJFd5AEiGJ+EI+RN93/QMK08Cc0hvXZW3FWAGc/PKZtnuQtZ2CXsSfcMwEpTSSMwssYuW9w2atlyxd3xVx+bH28hSC3WA2OOLGaBo55bK/cV47+VcOdGWEiOyMBCjKxFRgTjMrDBtGK8pDUBFc9bVEPDiSPD80tTWkEnIMVKxOMsHdrVxdUWF2MS09tO0k468KlBAkNZ4ehSjDa7p5pCjKFJo2FXJp3+CY8HXz38uhhUGNOGyOdydRC9jiW5vRd2FGI28bA4Ur76hHTA13vQBzbhaiPtmkno8S"}	0	0	9	58	12	0	1	0	2024-08-23 00:38:03.352614+08	CL3S221760001	14
5	\N	\N	2024-08-23 00:38:03.39946+08	\N	0	{"0": "apUBEBACv9EJADoMAb3RAAI2trP4jf4zGonHnSq4qMe7rZPSKWCfqrZtDcIn9r36CbhaCZ5i7AMcbB8yphehCqz0jLBRKaCAZyOzlWfx4TXKWTagtsDX6A7mkbigsdRS5C2Jok6hVqa0xu+xV+CwQXXbRHcWm7cy7masJsJS8/lcLyhpuby7YU4zSddnkz+mgu/kbCGhNRSg9j29BgPJO855hZhJikaugk3ghSRg1/rDk1jNAWJ+5ZLt1Vzu031XuDOReF9vlxqSnz/YrfOzxmvy0Acllz2J8z8DDPHEcqH2/jyLumTquKv/wlbHpCOqmJHqKJXe87gXNqb5RxayJPnOinOiboG1KMySJNFTLTy9+ECdUlee/NXPmrAHBkipzd7+Yb6MsJ+lC/7p5r5r8iy8UUZV5RfBcjyDFfhDBrjvtvh1+s0NHhiDzgISaLAMhz17OiWwm7KWQ2GyesezV8AEgsiS1fUFYsVdO025hBav1gp52G8K9O9zP3s+Luo7cirR+lmkpH4A167rsIdlmQKcEMktx7eceSvWIgVRiDG/sQaxCrWNyg1byxHFFPtOGE8Ys0m6EM/Jdamfd2xKJdN3sk7U7BZGjTD8Nl/lOPIPY1+Yuj/E64tqDG5w0+ypN50D2cK8bb1+2Z+Dr8ddPtfBQ4bTjzVUPp73MZDXKXqVqVqImOiXp/OTOeNLiVr5"}	0	0	9	58	12	0	1	0	2024-08-23 00:38:03.39946+08	CL3S221760001	10
6	\N	\N	2024-08-23 00:38:03.461961+08	\N	0	{"0": "apUBEBACgvMJADoMAYF3ADckeKv6qjAPLp7Adsq+RSlTsHUxPUlNWaKGFP0sx47FCKdG/mJi8ygEbCDSnTZvArP/o5qgPaq4vdFBsJotFgMiv82psSTc2eD8skJWvdu0KM2wtBJ6S5mlM9VSZQ9eaHXnLnv/XYMIAmimBeRhz+tm3yN7uGufkFPxTsqPoiFLS8/rscdaQOhIG8/GCMsSwNWneZBLkFpFg3Axb/SNIPfRU2nN2mG34XEiO0ERMHJFR/bdnoFnihiQTgnn+QBHxGEXbvcqnN5l/AAExRXtb7rk486SsojuTmYPNFDbofFUTKbFx4vNBoPqzqczVImtAfaUsn2MgS+vz8SD2/RHxMpFz4mWkq6Z1Ak0oq4xF4N04BQWi4tlZXmLFfTIBpCnPDxcXgVUFQoyMst4F+In67k1qBZ6W+51wyBo8zQAklEjpStrO9+Hu0puT26PRTW/pA0QRTJiDPcZf8uO+keHa/G33fh98bT1MCGMxErBy+g/tB0jJVSvDFoq3kAFb3OQefGqGBjwxGeKYTvpPw9QTNpKjwy6D4yL1w+NENQpbj6uEJoTVq5W0TboFa6deGNDFN7KsInFBsBKgcIsw60Li+ftqbGPUDP+EnRuMGuf0sKI1IYD3yi2dQp+1k2sdS9bydcjsoHfjnVl5XfZLGnezlipSDNNeA23gfleNOBHa2f+"}	0	0	9	58	12	0	1	0	2024-08-23 00:38:03.461961+08	CL3S221760001	9
7	\N	\N	2024-08-23 00:38:03.508836+08	\N	0	{"0": "apUBEBACrpAJADoMAXnzAAM8+vnlVhEs3VUgkNGprS6vVHXUPLGXX5adP/YyLWIbAcd8D4CLFA4jcxHtaS167qL2tXfoNFmoc8q4kZEy7B3ilwdBQc3xG/rsuExMltupyzuwVJyPUltO1ftLustyseL+BE/idbcb9ZNoDNKO2/lC7eVhvSOnn6r/rzOdqiS+TunwaBlX6vtVJioVDhU32DmDZpm8rg+cnkWrfDduM/o0iWUn2p6BwozH0n0HG418kQpmgUuLb+KJl+reBwym3J8R0QQKSz5vASz89xkelL711sm1t4fsQ4H0GaLMVQRdapzp1G750qPKcL5rUOeIPP+nZ4KAncaz7clBJuVb9gK2NWCsZlaf+grHf7oAM2yI+CgEjNGJSWmTUgrJ75RBIul+uNVb+A7QGcM/GcWF624LT/iQ6DE2yQxFiunykFPUsNBi3CZqZHeaSXiLQji1pcgQQ8mn0vEMo/S32V23fQJQ+g6OGUz1HvGI0YPFKQAZfjE+AEZAm1Q5xIrTqHWVfBu9JcH5KbydS9w81fOtecZDRzi4HK1zNhB0M9IwVQepykPvq/6dHt0hRKRRcmSPNsAMQ5sHPO65ny0gE4faWvEembKl8DbGD3piHlhQK9mPFHIMy/m+dltEBZqPa/VPJTQeqILAWGJ6xGU8Jp450F9SSAh0leeHjydU1f9qaYDy"}	0	0	9	58	12	0	1	0	2024-08-23 00:38:03.508836+08	CL3S221760001	15
8	\N	\N	2024-08-23 00:38:03.555708+08	\N	0	{"0": "apUBEBACNYMJADoMAekbAOEgvav9vwbk6HgkpdKktxpXpY/RPGCmVKCu6vEgE5r99Ldy9GFsAPANczrAtQBkFUbvoqW7C7qenPNWd24iEvvqSDlXY+3ZFBjoWE+kad5e4AXeTUhQSU1+CBOmeNy+aB3BbZYTdag7wntYLzRYxd5iIYyPVkeolUc0fyFsUSGSUML+v8elEBKzyx34/NEkkJBZrZWqgLNccEkndumMEwz4YmHX06OJGlgEJ0Uc05WqeuQiZGhJbBZOZ+DSEC+w13PoCQgiZTRn8TEG2RsUY5TgMsnlXJDuTIzxMFfIru65d4X3L5DIKr3DN1r/rY6309SCaH6+KDukKsWn2u1VFIhX1JqJoKmXKdQWfbw+O4mqFMUZ1oeQZ5dL8ekkCrJQGsREtP5VA+3LPzBxCNRk/r/rS/GHLfvSHtyD5vvsYKiGXiViJtlvW2Zrt5mDQslAvtsWUyF4LxEWnwSqL0K9oMS71h19E77u0yiRyFs+xuornifTAaxacb+SYFMErnObgBO4+/gKxAlwpf3wPwZSUBhpqxGx3qt2GAxR0M3kVTh6yZH7ibpgxOgxsV1vY3BTNCQvhY3GGf2kohDQz5zuhjsIX5+DSNTBIYe06Zt80iCWGoXUJtuJaWSU95eHkylPwD7uuofUm3Rm3ofmKWHdLUxLoDdhax1Bg+282PKtYWk/"}	0	0	9	58	12	0	1	0	2024-08-23 00:38:03.555708+08	CL3S221760001	16
9	\N	\N	2024-08-23 00:38:03.602587+08	\N	0	{"0": "apUBEBACKI0JADoMAboJAAYDvqMUoAHBEIkHjylYWhCmV3sKNbuYo6BrCOgmPmwOD9RdB5WV0wIudR8oUOFsG0sFVb9fJVuibdpRlno88vogp/Bqv+beC/Toi01rhD+v4zWEoK6Ag0RQKwDtvcKznMP/fZccdLwOH7FQ5PEv3u2qNcglRkeKkkvIrsmbfdLypMTxdySmDjClFMr06d4DICeoeoy2jQ9ETbvIi/tr2RPalUfSDW92CXv8IlXux6DOq0FllomQRhJteu8jD+q92nkHxxQHjyhz2tT5M/AdkU3N6ROOtovwTYH/+lXEVAFvhaBX/0Ar8YvPL24orDmNmrZUbWinY/Ct6DqE4cRM0+G7z7eIiUdbyyIkg6ocIJesANDjR5B2TJJg7ezx7pxUwttRtCJcCRXqExNuHNF+954iVRiR9RE/JvemPAHnn+XbsA9i5vSEQ5tlBmSVviOidcQesRdtLgv7kgVSJZO1bc2M6x+P9lsZ9RqCI20/zewmfy460FVCbFjZP6wCQ2KvrDS55xfYMXRvScUQOAhRSCtrouON/452LAl9Oh/dly+PM74Yr0JgO8jqUr8pXXZQ3TEgi1PvGA+gnS7IOp7pjyQUmbR3giUrApxkPVyC19nG15foyMe+lFtr03D0bjmk9BEKGIDIXYBUz6HKIWgkwqG3VECGb+Bolg+cwOK/02Ix"}	0	0	9	58	12	0	1	0	2024-08-23 00:38:03.602587+08	CL3S221760001	17
10	\N	\N	2024-08-23 00:38:03.649457+08	\N	0	{"0": "apUBEBACYgoJADoMASq3AAo7f0voURYn87/JgR2jWQ5UTX0zIINXrKJs9zM4MZYEBMC9BU6DCvcCS+k/TN50B1UvQEFGJlmjfyRFgH3j4gjRRhZQnJffGzn1R5BIDNpzCBWUXKOYU6SmCBO0rStHQzQRc2EWfrLSPpOwPTN/yKSAEDB9hKG5m6/rozqzcTtPme7reRNM5Oyq9zfiNOvt1/lJnGq/j29TmmgZeMtw0tAockLuIU90HXka07rrwYtfuC3dbJtqdOFpYgXYxAWr3G0aJRg0acKG8+EE1h3wiBsaN+LiUqj2a2UZL1fQRBu8vYAZLJoyH5jOxY7/qiqLJeV8SGG+bOZDPutzKOdaLihTGp57anSkPdLPvr8xG7JUGffmkJ1iYalyAfgM8HiZ1PNHjOJZGvLEIw1uGSiDD5gyhOqZ7fk0HsWk9+kmdLk1Yjl98gFk61xiT2SHSCSLoCoMmyJ4w8PqvO27JVRMXxx0MgB2M0ArJedm7mU/2AXAeMc0OL28RLbEMakWZVGLeO4RGxrnK2Oxut7nJ/GrbReeVfCq6k6M0xdCzigHoQ1+yI/UhbOD783YtkpZgUxYMiRtrqzaMvuzkcj4I5XxUcITZGRjX/cdHJd9AI1o1MR18pDyzN+pY1i2zlGZfOuACcZDQZzMil9E4m2zLIsuHr6ovVd5neeAfgb+zsmmn33Y"}	0	0	9	58	12	0	1	0	2024-08-23 00:38:03.649457+08	CL3S221760001	18
11	\N	\N	2024-08-23 00:38:03.71196+08	\N	0	{"0": "apUBEBACPPgJADoMAcjnABs/oVHjownR64nub8BSaxSzRWbCP0dWRYyhKNQ4y5IN8spIB2qK9gIcexItffdkGJ7pR7BaPrKCkTNYb3A/wu7gvyevaf7r6ez5nJWUkCdT3RGsrIivVUtaBg5Qo91cQj4cQErvbao/DXqn5j6ZwPxqFM5suW2WkKwDRMyZhCyWjwb0lBOoHxSkBh8N+fvD6M6AldxPgGOZkWb7bA0u3f4YdVHgyGS0+II867AILZBwWQVYgUmNuvyUkCXtBwCi6acY1QwKdTVq2hYGC+/Ho0rDEzhcmZkbS3oHJVvYqjlKdeY0xm3U85UmNVUAjf5kKcmTZW6AevaLw8dzBtJC2Se/C5htcIyDBQzEdZ4sHo6qHMktdIGdknZzPPglxGVMKC9yhQ9aDOPY/MNdE/+X4U/njdi8xu/FJAa66cE2h4wrpjOUkDiJGod8pXOZSDd3rjcWRstwJP4BhPm4KFinhQxX8g+G/GZVyR+ZLmgwIgcqcxoMAVi3U74A0F0GjXN+vwFzExXPKlWWaDjf0PqoYT99oBCZzb2XxRV1HDrqaBNBOEfxq2SfKMQ/XUxLha2wIus7suQ/Eem+nCnkLmHsnugZYrGMnQozLVdwEnZeKg2b+JH51PeNekWVIJe/mt6/3u0ws4rKjWVS8Wr8MZs9EHuut+iTLv6TtC+pz8tAX2j5"}	0	0	9	58	12	0	1	0	2024-08-23 00:38:03.71196+08	CL3S221760001	19
12	\N	\N	2024-08-23 00:38:03.743209+08	\N	0	{"0": "apUBEBACunMJADoMAViXAOYDpkETdA023GvAnz1UTD5UX3BtM3y9XIGBNhc4IyoH+clDBruNB/sCcBcmQvooAK0WdXVUw70AjOiElnr6/acgTx2UT98kPu4ATqG1o9Sg5NeNUVVGqVyrMP5yaza+T833CZzrn7o37m1JE9Rv0/yM0MQsZ5aWfbE7VRmUjilHox73n9Wi/+tC84zNwPrS1DtbnIysnW/4g34VlhCe3/fbR0Lax2elB2DH0ZYZG5qRqS1ymWS/m/xoWBz97gtLx2AeJBoxdht+1iv9yxUonYvrDBsdsojvXZMcAVk9uv+/lLwPw5rB+03oHV8UXdeuD9tbglxqaTut4ciCAv1SHChJJm9kmqGN5znKnULjfruIFcYDk7ifkZRyHMDFGHFsP+cGkA6k4vUg+DCP5uWY/qYrcOSU7cuKFtxqNOL2ep3bhzx1CepqUX+Rt3+PVRmkijoTod571+BIk8m7B7uuOvh3/A6dAUcrxxKSz23NMQDdgN/A9Gmtsm8y0bwbiHCHkRRmHhAmL7Jvr8o0xfWoa9K1tBmNCE6JJxy7wsjfSe6+Pp8W2LOHISDMrpVNg1VJ3OhttK3P4QFVf8EXLF/4gOgQbb59vfcmN3p1F4ir1cjT0pESzs6ifE9x94RCQcCi0TKxX4vLfIqCLVjzIoo9a0iOVCh9ThSgqCxNEh1dfGns"}	0	0	9	58	12	0	1	0	2024-08-23 00:38:03.743209+08	CL3S221760001	20
13	\N	\N	2024-08-23 00:38:03.790085+08	\N	0	{"0": "apUBEBACzIoJADoMAb00ABE8naPqtgg5P3LmsS2vUg6mWlolBF+juIxvABQ6JGYXC8pbCG6S4AgomAzjsMmJ478XgO9XwLK0VdhMclk06SITrPVGfObENvntVVGnTB5D6dl1onS7r1ml0t6jWjJCpi3lQbPleagbFbVHE8JvyhS1DtZ5Q6aMhaUIpNGbhye0Ww3Rfh9OFftVEcH3KwLy+zdRg7m5mHK2aUwyfwdIOf7fU4LTNFN6BVEX+E1X1LyakRuAR2Z0Uum5mOsK9zBX3nDGkRU0X9qe2vL1DNjlnbLk+x+hpZH8b4gF2kE9UflYLkgFIm8hBp8lHa8ltzd008qGb5xYZdm5wDJ3xyt/Fi5R1oiAb355Av4Far5Jwpij5+f+aZF0h2xv8PCf+WJYxJGojQGmCfY4HSCQ5NNgAHIjjt2S7QQu7jto3hUmbv3GR8ZmI8ZjopKTlm67sN9RhBEuZjOxOQAqnvWqHZlZPQqLPu6AM1MXFuybPp7COAMubtjp7kSdVE8OwqADrlajpR+t/uHEKF2WmgoT0AmqQT5ZTvKL6Kua1B5IPD7QpCxa4jgbhqRI+9M+SZ5daH5LIzJ9ma096h5Chx7WJ3T5ZhkSZZ+HuCjOAqxJHqtrKsC99nAHz922eXCKIEK1pxKhJd3cu4HNfYtMPpw1F30hPkuiVyOjm+aFl/aLNf+5JXLn"}	0	0	9	58	12	0	1	0	2024-08-23 00:38:03.790085+08	CL3S221760001	21
14	\N	\N	2024-08-23 00:38:03.852586+08	\N	0	{"0": "apUBEBACw6gJADoMASmtANkzkGTgnw/eGGbfe8ZXes9UVKXePE1Itbh78jEiPU0dGMC6/mtm2O0xdRk9SDZqGKIFjIZIc5Gxe8tObHL35CvfZTBfmt0c7dbgVZB4i9qtJiiWVUJ3VqdaLuihrcBlRNozf5sZbqUj/I28C+R30vGeGChAVpxGbbw5osOWiSRDuu7teCWgAeewAyntO8IHN8tIXZSHnrRQnqkDQB961Q/yoHU5FYtUHd7j5Fw0JpeBkRuaimGVkxKOvxTKBw1H5Wfq1Qw/RyJj/AL9AubsnEYkFA9fvcvvXlkLw6jhW/q3nYDCw5c5Fnc1N1IlWzNPxdF5nYqkftmyMMhNwjN5M8es3GqKjLeoCzjSu3UvA4NfDRbiW5B+h2NHIf4vFpOVfMN8vv5V8Q/oE82LHcOaBLExKf1MHwbZK9iv5+kZd7efXCxyLDS6TIxAXWeEisdfQRUXv9iOOT8fl++Ujfq9Ygys1whlBnXg7kJm83gxyOE+dNQ7BbVIX1gUGEXob2GxjwFXNRI4xkpmoBjDMh1ab+e3q+pT17mfwwtbOzvhWRGg84M1a7Rc9CnIf10uj4hDEy0hs4EO7TNLkSX2NbTumf/1bbGGTiMwJ5FO4qer3DK7/p7pJtmLeFuyypdcdtp00N7mhIrViqtWlmUWNafZ60Bbtj9bbO2Pb/OzAcuyhp46"}	0	0	9	58	12	0	1	0	2024-08-23 00:38:03.852586+08	CL3S221760001	22
15	\N	\N	2024-08-23 00:38:03.883837+08	\N	0	{"0": "apUBEBACL70JADoMAf2XAAAusbn6iCof8oIkWzWupzqzoWnfBJSloZGd8xYnOJnsC79O9pFiAQTcmwrWSBOKDZPihLVYC4KogTypgGs82OHwRDpeWpfH6P7oS7ZrvtabEwWVrLZUqUaflQWDnzpDZTwcsXAQn6wtFHKqCTR6x8ZpO/6XQUKqbV09fB+9eCmQt+7wuiSt/zqr/tXwCf8+Id2llmRdnbz1iGHYWhR63MoAYX/DMpGw4Y0VyGkCEL6DrDqNbl2HiB9qZwflJxui3lTqLBo9LBmN6TQBMxIXpUAF4D1RZoDts4zwL1fPrwiwRtP4ln4nFoQX70HFrtSOOs5+amaNZ/KiPsaNPchcNzlMM4N1eYGN2sXTuKU025KHDTrfa59qTIxEGfg4ordhF9N3uyFTE63EIBFAEDpxBpr/u8GXAtoK3xpm0SD4Y7cjuTuT3M+qU5Z6W2GDmc2nSygtXcWdJ/AVb/jrNquTQBlUPj9+EGEPFAKDwlk90RHKgTwzD7WqW68OCl/2mXp5rD+m4Pg+xW5Ivdf8IwNTYSu9WxulHEpLIxZOPiYTUN1izUPQvbyg8zwNQwdHUpdY/zYpo7bnAQBQqjIkzof9fRYWbqp4izXXEn6mBZ1G0dqQ93jZJN+ZeG6N149UaT6w0hwIho3UZlSGj0LEInQqO2qzhB1wfh1qgSde0v6hYYgF"}	0	0	9	58	12	0	1	0	2024-08-23 00:38:03.883837+08	CL3S221760001	23
16	\N	\N	2024-08-23 00:38:03.946413+08	\N	0	{"0": "apUBEBACqkUJADoMAdD+AAUkkE/ihdrWCI4hZj+hjMemsYTGBIquUqSH8x4g12z+Ariw95yYCSt3cBoIZQFG6UX/k0a5DFxJjdBFlI8gzPrEoiZAv9Im78TqXnZthMhLFTGlvkKTX4BKyubgc9ROVzD1ukoaXqgwJ3y+BBSAIaSSLjx2rXRLn5UOacBmjiFHgevzgStfGhqo68vG5hDX8PNHqpBOkl6pb0QCYemV//4ecl80NoNd4pjw4FQXGqlpphi4aXGZYBGflwjv8wJVwE0GJOA8hRhy+NYF7OISlWiv4ySBoZ3sTH/3IqnFovWViu7l9m4r0o7RLIw4otOfNs2NnkqEa/a1N95BDdt9DsJFPLeMhLuH/MXs2JgvM4Rf7sXRl2Vnv2dEJQ7U7bItMCVCu95QIfvfAcCuGCZw7ZEyRAhv7AriEQ0348XiiEXIqSpiOmWapppno2meps2+rCsvUj9zKfL6qte21aK3ScSz9/BmG6sLESWGy2o4P+rIaSMHC1iABro42qbTkpSTezRaCQDKxRqOvtLLIglVmiFttwpcLbhkGhCtEj7ZQfpYzELzgr1fPuTTZkZTj5u6KzowsqLHBedGjTIlOpwna/TxWGJy/TDKLYmXHXOS0sCC0mq5Jc6DcElnOGqXi/ytJzEWUnDVvVp1xVcSNZbSMEG/AwxcTBGSufNNLx2oeG4Q"}	0	0	9	58	12	0	1	0	2024-08-23 00:38:03.946413+08	CL3S221760001	24
17	\N	\N	2024-08-23 00:38:03.993215+08	\N	0	{"0": "apUBEBACLSkJADoMARPRABIoVrLgsiMbFknZpzymotNcpJ01KpGxu2pm+usjGLL/BLh3+Htv9sAEVxMjYht7DlnzXatqKa24qftGkIUiFgUbZCVDRigwFNbfu3RIU92mFAuyv4aLW6p60R1cTC8KchcTDp7uWasbHZx0D9N/Na19DumUTaqsZE7Xp9+viyWyT9Xd1RVQN9ioOuDx8/XRzsJEnXVunLJGdHZdUB988fTacKvC5NK5+qnr9aowG5toTf20l0x7gAWTgRIJ3wi61lH8De4qfOeo9gIB3/f+ZboZ6+iflKzoSlv46FDoWu1Ea+rRD386PYfV37PdoMKVByBhg3mMlcFMy8934ccXEjtTE4RxikubFNffmkQFDZCUHCQchHpxgGqdCRHW6GRmPS1gXeFKFQvkC855HvCP87nbcuJZ/hU/PQ143BULi03pvDOS3/HQs4JEvWa7fM9RS9QEsBlp1hYgdwWk906sbfqkJjFkHV0iNgSs42k+MeoqdzE6R3y+Q1bN9qH7v0B/iw7pDAIPwF6bUijvMwBad/9aUha37bReJQCj4Sw/sUV8PkcHjE1y0cf9sE8njWJ9yivQo43XDMqqigYBOXLCdP77VEd9s9jCHot78YqZ3MGW8J0cJcK+eb2c3JCDhMhSCNn8U53Qn3V/0o2jKGnZ4l9MRypbrAuegg2wZshzd03q"}	0	0	9	58	12	0	1	0	2024-08-23 00:38:03.993215+08	CL3S221760001	25
18	\N	\N	2024-08-23 00:38:04.02464+08	\N	0	{"0": "apUBEBACmvsJADoMAY1NACQGtrIapPkqDIftlSVXqyOvq30cJJeFUpmWBQgkNJ/gGtBRAKGWBSV/VfzKeviYCXzof7BFJu+6ht+OlWLnzOr1pilZiPj0HRbwpLNosPW1Bnatr7NwoKO0zRi+vidMTSAUUGYQy7gOA5WvMcxyFsBjDoFdZ2pIjksDvhV3iCxLsf7lmxNWE/+cxzjQEvzwLSNZopJdik9YjBI9ZuhTP/z3fEbHOElwwZj883bpz5V5ZhtJiGaLkxN4ZA0f+PaIxZUnLBg5btlR5PcCOPP3ilzqPyqmr5zuTFTy3FQhROxbZ6QByrwsv4HbG3nxogZUKPOAYHmqidZJJjR6zsd5NS5LD4J4dUht6Q/ER1Hw7I+iFCgfem+bbcBE79jQ2pNxweV4dQJcDwvM+jC05guZ7LoimhiaEz3DIMqQ5hb2frHGvSFt0MxprU6CvGWEqs+Sr8kJeBGNzN/xjT+/J7asmwerPB6bH0wRA9d4O2DGEOzyYyN97U9JtFko0FowuqiBk+VGEev/NbGGQ/2mLvJRgDC5og2J9UxeNAq/wA08hQtDwpH9eFtU/+7CTKpgZJJ0mCYbhaY48f+njiffG7DreT0Mb7irnd0TL2WDF2tP1cUh+54Ww/9ah05s/J+ZVMG4zd4PvZnUkGBU3YPgJGApxVZUTxdRZ+Z4nEaaB+O3kWM4"}	0	0	9	58	12	0	1	0	2024-08-23 00:38:04.02464+08	CL3S221760001	26
19	\N	\N	2024-08-23 00:38:04.086961+08	\N	0	{"0": "apUBEBACKNUJADoMAQzsABwtSUb5WwMnFJn2qcCgWyaqoY3yLIOuU4+GA+Msxpb+AsCB94puPj8EMBovQfV1+kcYslG7OKCmq85EsovSwD8xm2xWmSjC9P/mQZZITdu1GCdlvYpzpO+yNfGyXNxmoBnsQGMSc7868Jm4DCiD1N6jweZ5vm2DlrbUoDC9vyG0gqL5kjZa6+dMAXf+8QQOI92At4ZhhkK6SGxEbcdOMNrTY3MrMrKD6GT/PLwgLYGcagt+ZHBmaxh4uwe++AFg0EjaJeMgYS+kAD8B88z5iKL49spDVZfvuXP4160hVACuiZP0nJwM46Ly3Y4vVOGDKCSvmHGUdPKyyMWw385YLT6p2Zx/rk+D7jA4vb5DJLREDBgBbqKVg4CNBPTDDopkMTtgtPBU+xs+GdJkE/KS8pcwdPmfNejAEsKzzvn1jr4gfQlkFcm8TU1zpWC8pM9Vo8YNtT50CPIba81OLK/wz+JeIvV782AIJR6UKFI9xOfHtholH6IFX2kdJ6EBgo6efDRMH/cwxl6oRNzDOQZchy5JuAVL/YKMHQ5bNBnVShRN0nX0Vk+U1jDcRLBLaWZf6cE8g0bZCRRLnDstyJgrreQYgKhOSNPoI4a8OYRv3x++0pHEJsakdm6OnIyNu8ZUIDbxroTfnYMy7YDxD37aDFhdkgFjbAp5QOe6Js1BiGwV"}	0	0	9	58	12	0	1	0	2024-08-23 00:38:04.086961+08	CL3S221760001	55
20	\N	\N	2024-08-23 00:38:04.118214+08	\N	0	{"0": "apUBEBAC5ooJADoMAdi4AB0waZvgoRTN3JnKfsiheQOqpLc3JqK0V5qWCdQsxLL2GLhm94Vs6gVsSxwzAhia7KoUcKylKrpYtiZpf4jDEvAXpwdHW8TRHbLbnKlDdCFAD/SZWEV5Yk+8DeOoXDlTQTJZQUAYrocg8G+pAN9i6elmPgpfWdG1drLOTzqTuDxPXfjtuyJdBeVaCSf5FN4PEvO9mYRAhHn/fEbrUCST0iDGdHnZKZVfNX3l0kMgMJ2KowCNkUuclxdiY+/z6vR8w4I1OB88ecRDHAEA4vnoa5MQHT6BlrjwREf66kc0SwWEboDjCX/WBILMEKTAdxx+KBFrrHh7g4FG69Ru8D1M2Ou+yWd8g19n+NHxb5YmO4e5ADkMnqxls718JtTeXZJky/FOT/pPCiU798hzC8mZ62EyWemXy+bcOi1l7x34blDFRwuK1cXQm3eSk2ePhTeSvDACSCx4DhLoffa61FbgYT2wxgZ4879N50922Wg8NPmPjCPUN1BZR6E5y6YElnW9bDlMFP0xwXSlVOLkCgpYgSBa7Au6xg5CFDtU5SnYajd6Km8PjU9338PfTLKULJRRK9o4VKbQCMK9gS8jyZzCVOwTh6STr8Dk4ppHEWt20slq4kkFJNypdFVh1opZYRmF2cUFvJbdW3pr+GTMJFzezWVZsyeNhh51Y/VBOc6xg7ry"}	0	0	9	58	12	0	1	0	2024-08-23 00:38:04.118214+08	CL3S221760001	56
21	\N	\N	2024-08-23 00:38:04.133839+08	\N	0	{"0": "apUBEBACIL0JADoMAWi+ABc9tU3srw8q62oZcyCvrC23WZEkNWBMVmuT8ic6LooTGtirBbmX5goaU/MRrwCF/pwhp7tH04KmkdtUnEwS4QfKVCxnVc0t4Nj+UEC0lTpc/8G9rqCvV6RQ6gO9q8dGuw/3To3pSV4X84VPwcduwBdrxsRYtZKdkkknUMaTmz65QQjnfHBYEP6hG+bN+Q/LIAOwuqa6nbe8dXDqaB5mxiP8YFvGIGJZHpQm/l4KzJ+Zpw+dV2FikOG7lQm9xA1ZyELW9ssJdc2Q0jT9+cDqj0YRG860rZTrVHUIBVjASwq5Qt4yypUuHI4SFnEIvjKKyCCPkW58eIu5ytpzNcho1T+tZ2toZbGSBtb8TJb/M5Sl+tgJh46bbW6FDenD6Wxrzsyh4ApZ0ujwTytbEdiO8r7ZTxZ18ezFyze38wg2jqXIsj5wzDmc7J9MtWCXRdxwTREWVj+ROAL/jiCt0lKbfi7r8QyNE2Pi1wWN8WU8JRzYIynr4lSAa2cO+VMIa4VzpjyxE+T1NFKGU8LyLvGriOtVuxaPxqZo6RN02T3hSfWJJ3z4tE2A083XRpORjGa4Ky0+kVsQ8hS2ihP2I2b7O/blmmCQ9zmbBJEpEoiE195m+brcy8ekdVGlMWepiyKi1sH7poDJcnlE3nb1OIAgBk+kcyObgeiRjiGaJfCyZZUB"}	0	0	9	58	12	0	1	0	2024-08-23 00:38:04.133839+08	CL3S221760001	30
22	\N	\N	2024-08-23 00:38:04.165092+08	\N	0	{"0": "apUBEBACOj4JADoMAVmqAAfdTV3uhw3UApLGVNakqMRZu8wxP6S1q3iDOfsgxr318LqvCWpm7fwjXBEjQO21XYP8nlazJ7mXoc+jcW7F/eMHvzRFbd8tpPL4uLFUWjFt/NuWhxVqr6hNL+a8c8ZIqAr5UHMWKrEH8misCjZP+ulwNCFnT2qOaLjKRCKgfyVAWdr4a8SoAeK5+nr54unV0sWtmbVRgEWklVziV+Si68bGa2E6LIWzFYv2zQT0IoW/ozispmFCZx6eeO/v0DBmw2sC3C4gUzx6DP0CzOjnb04c7jSBqqDlvnnzHFSEutpHl53uOXLe5HwjOoTsuTzP3S6rvkqRmdulyTiZx+5GIdS80YthqK1l9DTypYb0wpyH7TrjhredcoyZDBHLB7pMxCxmkARQ7/UdPz9+FeeK+0k7g+Aq5jvEMNGGyQTtkKk2SDa2C8Jrh36Yoma/pyytreIXfTKQ2UbJuw5UC6pLjeCnLQdxyrr97CGDyHrFLu4Xe/jiAFyapFjUClr3Z3incw6/98z7O3GORCOlPwVVXMmWihOqEFx/KAiV9cs4fD6hDHMXjkO6yDDXerOCZHBJxsTHXbjPNOCTgcEEOWvga8cGlL6OpTHIGJCHGXR20Dde/HUY08CFdwOWm2xcd8SP9znfuIfUW2FG1VQQB4jW1E1Xb1eWjQ6MgeutDhd/npM6"}	0	0	9	58	12	0	1	0	2024-08-23 00:38:04.165092+08	CL3S221760001	13
23	\N	\N	2024-08-23 00:38:04.196338+08	\N	0	{"0": "apUBEBACbaMJADoMAYryAAUsb73+rGrULnPMe8CmtShKX2Y2L7qCr8C+0jMuNLL7Erpp9XVqzfccQQbEWRN3GbTpuakFElefr8BIuJfH2uU4QzatssDCttTlS0W+b8G8DgunWkRcX3BCOv6sVTVuYYQPdHcTrKwQOmJdAyJkxdWayd1+Xm+Mi1AoWcC9njSng/Hpc8NYXRl70zfUF+b358FfqJBLgGtGrkzgnRqNPQPiLH3GPo1a4nrzB2Ee4qhRTgeSkHpmkRhPbzvRCvW83UDiLz0lUTuL7BcECOU7hJT/EsmIuZ7gT6vyF6jndwSkd5HB0Iws6YXANeHar/OYMt+WnGeqcuhGMtCG4f1SEdSuC2h4b2yR7e5pj1QNGWSn/c8fsKCZYWya+8wk8nOTyCVUuChQIvo5+DFpE8RZAmXJnuFszRQDLAhn1DfJRlzbbtxPNSuErYdIu5i4Vsda6BwEoCq/J/4bhCOz3byZffNb1gJyCmYeCzeLMU3Hiu8XkC/t77FAlF7UJ7bhn1KSkBR1HOo/Oa1jq/XlPQRTiz+8UxSv40CPyAOExBHhlSJsDqzOeK9vNdYhuUd1ZHmg0+cdq6wvI/dsis4h0H8PdDIwbq6Lr9XgDppsEb+S08if55gD09SrbnCqxJdWkSdeISn3pZnddYl89WHgL3Xb7aVySguFhDOcYxy2wdZZanP+"}	0	0	9	58	12	0	1	0	2024-08-23 00:38:04.196338+08	CL3S221760001	11
24	\N	\N	2024-08-23 00:38:04.211996+08	\N	0	{"0": "apUBEBAC1AAJADoMAZlBADE3r27juSM4EmjcfcdesCJGVXs6DnJuVpt3Kxo727Xh/Meu9JeW4DAlgxjZXDNn8KgkV3xBE31clyRhlWbayunssDCxVPzsNwTwfaOyRTRY296ZVKiaplep0tiMrsGLsx3QtZ75b1sr6VxPziqQzhh7wTKYqIXsm5MKfROcaNW5uQH9KideHghZAsHiFRfK5TS7mtyxkj9lhqbLeRtFx/4kdafQL1mux3fuIrjgOr6TRfOQjn1neeSKjPD8IOex5m0XzCc3RdCX1Af8Bu7NZFESD8y4Zof2WUsDa17lvge2lZwCwoTx6FHFO4s0UIOTJ9OJk5VecdekNTaAE/2K1BtfC5uRl6KMywzdi2cvGXuf6RsIhYtsbkiIIBXdwY9zMPNmielZ4crsFT5f5cO17KnEb++6Azfr1TNyO/zvnrkkhNVoHjKUfGpkk3+XsMdwTCUtdhV91QzZeO7hK5+bWTZ3x+eOF2MfwB1hy104Lwcmqibc1qlSoLEayaESnYt7qB+77uTaMV1mmtDU2vGpVNNbsxWEGbtaxBm9Jyg5Qg23N7YIkrJYIyQyUadyh3GPJCQegaM0PNRYoTbfL5bxZw7ifZmdkdwTC51tRGtgKtVG6k340suHi6JJL5euVnhwOs0IXHPLWKNe+mHgB3QtG0+qvgegeOCXnemoMuCtVIsg"}	0	0	9	58	12	0	1	0	2024-08-23 00:38:04.211996+08	CL3S221760001	33
25	\N	\N	2024-08-23 00:38:04.243212+08	\N	0	{"0": "apUBEBACNxsJADoMAXDSAOs8VYQGkgzXJnIogAteXFCtpYfOPUCmRm7eJSU63IDlAdRdBWGK6RMYkCI/twCk7Knau1JPOqOdhdFdtqIyEfzDsChYsPDYyA0CUEFruMCbHAOPU0edqUpUODBSmTMEoTP/eWQRnbYkFY6EA9Nl1xWYFDJzoIBIb2Mivs5Ao9Faizv0eyGkDS5cEdvENOMk7s+qqKSuhAVMYXglpwR0wwT9i7ck5JqtN6j03VQM9ZSctwqBcZZSheqUkT3q6zVRxmcawe42bDx33jsLHcH5kboGA+igunbmsI0IIVvFqR1jv40D+6TL5YAo3LnToDpSLceek6KNuzCz2iJu/ctDOMy5+YyEn6Gq8j7dgIwWIJZRA4QQ29GHe7udGwYH43stOj26jSZZJAE1IsaF5Qe48qDGvMe+AhooFMGf5TLknl1jsBxpITVnoIhmQmChq9VJS8YSWhl4KRkGk/6CKqGbYA1f1gyD917UEuaf3nrBLR5wq+3D31lmWXX3I1DcSZuIjsmk6RwvLkPVtRIULPWrhMiqhzuH+ld20hUOwSw0TiZIy6bjk0CJFPDXVVZrgdJT9DjlUZcm+9ZpnMwzCZs6ggsdfqqHvi09AYhpHWBEKt2f4X74xuOihE5/y1SNiQW0KN85UYHIdoGXO5bGyW0iKmBWXB58ic9dYiG0KxVWgoHh"}	0	0	9	58	12	0	1	0	2024-08-23 00:38:04.243212+08	CL3S221760001	32
27	\N	\N	2024-08-23 00:38:04.305714+08	\N	0	{"0": "apUBEBACCMAJADoMAZYPADoGpkQGoywxMpIXZ8NXoBKuXVrEMEiirJCDEjo62oIJGNC2HI6DDfJrdCkERw5WIIPeXFawNZOVnCCnakvL/RAXssNlqdkI7usAQrIBpSFW/QN+r6hysrCyJQ6jN8qDjynEdrcap6Aw+pGqGNhh8/9sEDmWXYSSaqc4rMd7VSiqogf/agtaEOuv68rYN+iHNyC7mquvioZRkV4zXu+s6wIBLHEJOIFTBmk4+LocNoGGVelug1SStRCYiwzlGQOmyFPsLfcfScVbHggLxxrBh3waBgBRr3HoVWTwGVnHXf2zVPAX0HQpDWzJKl4mtOGaAcdohKJzfza948BjPjQAI+FTJoqGnql5KdYoY7cq3pypGxD2abhzgoJ5CxHR9YRQFcO+oCpbMxXwMtCS5DCZ8J4xcPdm2ugVOz+G9+8Ke58ttypoASVwuG+Pl56bv8F4od8Vs+6rP/UApOyAy0yHhDRWLS2SEKj13xKUJI07zRkfbD042E6TSmQACbzpmW+LejZb4ugiIraCtjvdJPCofPm6ufC1FriHOAut198ks+dAzXQIYk1x0jsqc0KWU520xC8inKosG+awjxXILGIRZPTLMah4tiEiLXGZ7np7KiGNyJcDxdGmenxiMk2zThG6wtXVrJbPpHpt/270BFY8OGWNrAiCZP9inhenL+1KaYX/"}	0	0	9	58	12	0	1	0	2024-08-23 00:38:04.305714+08	CL3S221760001	52
28	\N	\N	2024-08-23 00:38:04.321417+08	\N	0	{"0": "apUBEBAC+vAJADoMAeLEABM9XUEUoD0w5G8/hC+osCytopI5319sqsq5zOM62KEYFcqrBIKc3i83m/vdD8aSLoQlS0W+LlZTgcuegIU8zvsnvRayu9o2+v33slxxGAqJCTiXWFmJUqe5GgVTXyy8Wtnha1cYbKnQEpKrN8dxxQmHHuZws6xSdHQgdzaMvSFQoRTmf25bKhNPvurG7PEszsFanI65cUOFm3LAfB9+Kcr3ZEYqGWJQFJ0ULnT2z1l+bv+eZZ2MnOx1aOborvizOVzpIAYwZT5d/hgB1Qc7Z0oKHCvvoYnjTXDyN1zudw+9Z5HNJpfd9ZDGPLY2q+eUbBp+bIiyQd1dMNFgLj1DNTlDA0t9bk6DGN/3kqEDzGa593ENa6JhZImOA/UH54Bx6vBfpgpY8ebVPd+I5gC69Uo/h+5K8+UZIDqM8eUyaFMKRhyfxz5Ii2lpoJmPciq9VycDtCCgZBMbcOq3FGCBaCe93waBykMB3Qdgy2U4LxLgbTkpGwyzqFk/21kPhXRujAC7yBEvMV6XTO3wKw9Vc92Umx+76Bpz5xZygTooXgm3zpLsXrV+xTf3dxJ2eW9N4dghlYLz+xOvmyD7zXbhntP8vVd3nzHNJYaFzI1g1fiC3mjhyC9BfWZrJU6yZjNdL/AKspvIdZFn6Y/x/okmPaaSUzOMvePNjTuAKOGjg2oS"}	0	0	9	58	12	0	1	0	2024-08-23 00:38:04.321417+08	CL3S221760001	53
29	\N	\N	2024-08-23 00:38:04.352589+08	\N	0	{"0": "apUBEBACVqkJADoMAb/nAAs+lmQZo/AU/pDReuJHXR5VXHkwO0S4u2aOJc46yL8PGseyDo2DKCgIevIvTAp6DaDMrKuWOq2Fsy+yUGre8hUVQ9u1pjPaGQMOWbK6tfeMHdyOUE2JqqRBPv6wf9C9RcrStX/hN13ALoaHPvN9OxW3MtJyRmaGnrkGWfNIatOruRv7XjpaGydEIgDgD+8hGiRRumWXgGNasX0QXvhzMefgdLvC8ENMHVjpzbEdyYKMSwmDhFdpeR+9TuzA5PBXxUwBsUAMaMpkwuP/4vX6fV7qMceOmYLhWmgUzkI2XBFwXqerDrkvMGrL3IQoe8Cr5C5pqXCEisBC28xP0vmpNzdE1LF3YXWM3DMrvUT/yJhRHd7iu5lBgGzBPBjz+HqIzwJku9VZ2tovJsWO7yqmBPAEdxBwCPXIMTZz8T7tkqYGut6W38JyUHhpqGW5tstLvzsrsDSC3uLcn93iH1C8duJG0vOaDqU+BASd9HnGzB48lNotA2FbYEnfMaQY2Utsm+Jc5OwMLmOenOfiJg5SouGcqsK/3KBC3hdyOwM+piqD4XcHnFedOsf/qmNpm42HxzgFpawq+PalhRI8IpE8jT4JZaN4qSU7CUaZI5B21OyX/r4pwda/krxk2ZdSWNGh+N3aVJ7MoXOJmnDSI6khLUmOpxWLWvW3h/yY3+xXlLYn"}	0	0	9	58	12	0	1	0	2024-08-23 00:38:04.352589+08	CL3S221760001	51
31	\N	\N	2024-08-23 00:38:04.399466+08	\N	0	{"0": "apUBEBACk2EJADoMAVYfAOkhQZv9XztsFbw8ihNVSjmor7kkOFJGVrRr/f8g+rn+D7++8YNiEgDWYx99p+VW5lUalruxEppMdt5WaZM28unJqN5IqNkLDPbkQbhcSitK9jqAsVeWUkRXwM9TSO4DkAH5t3gSZqEB82aEA9mALuOCJz5lTGKnk1vNlhCJeCtUruLjgB9bADmo5X3zI+oBOtt2hYuYk2FViEYRfAJNBAjZamU6FahD8ooZ2EMkwp69shZyaXaYles5gxnz+h9Ey2nnMAUoYSOKvDsEMz3gkWTqwt9Vd5wTXmsLGazRq0O+m/DL1UjbF4/ILbYNfymZINB/bSuqiN+48MFV0NyMK8a3I2ipfVGfDStupU4cG4OtOi7XoWKZf05sB+AM745pGfNOtQ1SLRbvT81A4NdP6Zc2cB+48eYoJ9J16ek1daLESBmsANhbVJ9oRXqHt8u/Wy8Xpdt63gUBXNO226a3Pd2NzxF4wkK7MB5vIa7Ex+/PbR448l5GZkMfKFMFjZSaexZPJ+TKw1BgmNAeKQ5fZw5dixi+y4iDIR1Xhs0kZgZzIGnvnEeLwMsGjHBpd2RRJCojuov3C/tsf9vIzZbliiQ4ZXqHpzMhGIR2G4On0tqjxpH8LdmNglWC95O3fR9n3SLbU3XVjaZv0GbtNXzcM25euj1siwKYlPRnMBZQfpsH"}	0	0	9	58	12	0	1	0	2024-08-23 00:38:04.399466+08	CL3S221760001	49
\.


--
-- Data for Name: iclock_biophoto; Type: TABLE DATA; Schema: public; Owner: postgres
--

COPY public.iclock_biophoto (id, create_time, create_user, change_time, change_user, status, first_name, last_name, email, enroll_sn, register_photo, register_time, approval_photo, approval_state, approval_time, remark, employee_id) FROM stdin;
1	2024-08-23 00:38:12.355829+08	\N	2024-08-23 00:38:12.355829+08	\N	0		\N	\N	CL3S221760001	a50458d2-2138-4f6e-9943-c8259d30e271.jpg	2024-08-23 00:38:12.340206+08	5.jpg	3	2024-08-23 00:38:12.340206+08	\N	5
2	2024-08-23 00:38:13.091467+08	\N	2024-08-23 00:38:13.091467+08	\N	0		\N	\N	CL3S221760001	bfca694f-fc67-49e3-8d44-e4e61fa858be.jpg	2024-08-23 00:38:13.075813+08	8.jpg	3	2024-08-23 00:38:13.075813+08	\N	8
3	2024-08-23 00:38:13.450819+08	\N	2024-08-23 00:38:13.450819+08	\N	0		\N	\N	CL3S221760001	e33353aa-4694-411f-9c03-bb1cc77d1600.jpg	2024-08-23 00:38:13.435193+08	9.jpg	3	2024-08-23 00:38:13.435193+08	\N	9
4	2024-08-23 00:38:13.778949+08	\N	2024-08-23 00:38:13.778949+08	\N	0		\N	\N	CL3S221760001	c893eaf3-4809-494c-9407-b1e712cb68f9.jpg	2024-08-23 00:38:13.763326+08	10.jpg	3	2024-08-23 00:38:13.763326+08	\N	10
5	2024-08-23 00:38:14.169581+08	\N	2024-08-23 00:38:14.169581+08	\N	0		\N	\N	CL3S221760001	9d11cc09-a383-48e0-a273-43fe9caf2cb2.jpg	2024-08-23 00:38:14.13833+08	11.jpg	3	2024-08-23 00:38:14.13833+08	\N	11
6	2024-08-23 00:38:14.450837+08	\N	2024-08-23 00:38:14.450837+08	\N	0		\N	\N	CL3S221760001	45f14c46-cd61-4f51-90e4-a8d0e2dcba40.jpg	2024-08-23 00:38:14.435213+08	12.jpg	3	2024-08-23 00:38:14.435213+08	\N	12
7	2024-08-23 00:38:14.810217+08	\N	2024-08-23 00:38:14.810217+08	\N	0		\N	\N	CL3S221760001	29b77d63-cde2-4ddc-9284-fef038e72cdb.jpg	2024-08-23 00:38:14.794592+08	13.jpg	3	2024-08-23 00:38:14.794592+08	\N	13
8	2024-08-23 00:38:15.107097+08	\N	2024-08-23 00:38:15.107097+08	\N	0		\N	\N	CL3S221760001	4bb348e0-2cd3-437b-a744-1e8541f79f0a.jpg	2024-08-23 00:38:15.091474+08	14.jpg	3	2024-08-23 00:38:15.091474+08	\N	14
9	2024-08-23 00:38:15.482101+08	\N	2024-08-23 00:38:15.482101+08	\N	0		\N	\N	CL3S221760001	814725a1-b281-4927-8d1a-c979a5269497.jpg	2024-08-23 00:38:15.466479+08	15.jpg	3	2024-08-23 00:38:15.466479+08	\N	15
10	2024-08-23 00:38:15.747732+08	\N	2024-08-23 00:38:15.747732+08	\N	0		\N	\N	CL3S221760001	6691d543-18eb-42f5-9c76-328457e1e67d.jpg	2024-08-23 00:38:15.747732+08	16.jpg	3	2024-08-23 00:38:15.747732+08	\N	16
11	2024-08-23 00:38:16.341488+08	\N	2024-08-23 00:38:16.341488+08	\N	0		\N	\N	CL3S221760001	2fda6e2c-a57f-4666-b1fa-e86517ea9a52.jpg	2024-08-23 00:38:16.325928+08	17.jpg	3	2024-08-23 00:38:16.325928+08	\N	17
12	2024-08-23 00:38:16.716493+08	\N	2024-08-23 00:38:16.716493+08	\N	0		\N	\N	CL3S221760001	a459a67a-c4a7-4a13-847a-03bb2a45433d.jpg	2024-08-23 00:38:16.700868+08	18.jpg	3	2024-08-23 00:38:16.700868+08	\N	18
13	2024-08-23 00:38:17.091497+08	\N	2024-08-23 00:38:17.091497+08	\N	0		\N	\N	CL3S221760001	38204636-78d8-4d11-a283-e032af35b432.jpg	2024-08-23 00:38:17.075872+08	19.jpg	3	2024-08-23 00:38:17.075872+08	\N	19
14	2024-08-23 00:38:17.48213+08	\N	2024-08-23 00:38:17.48213+08	\N	0		\N	\N	CL3S221760001	02f229ef-1f75-4a56-9983-7449d2822503.jpg	2024-08-23 00:38:17.466503+08	20.jpg	3	2024-08-23 00:38:17.466503+08	\N	20
15	2024-08-23 00:38:17.81027+08	\N	2024-08-23 00:38:17.81027+08	\N	0		\N	\N	CL3S221760001	1acdf86f-5889-4157-a3a4-4671aa3c08a5.jpg	2024-08-23 00:38:17.794633+08	21.jpg	3	2024-08-23 00:38:17.794633+08	\N	21
16	2024-08-23 00:38:18.18526+08	\N	2024-08-23 00:38:18.18526+08	\N	0		\N	\N	CL3S221760001	8b854f11-feba-4b51-b031-731737997150.jpg	2024-08-23 00:38:18.18526+08	22.jpg	3	2024-08-23 00:38:18.18526+08	\N	22
17	2024-08-23 00:38:18.482137+08	\N	2024-08-23 00:38:18.482137+08	\N	0		\N	\N	CL3S221760001	4c746fee-c92e-4906-8d93-ff433a75db56.jpg	2024-08-23 00:38:18.482137+08	23.jpg	3	2024-08-23 00:38:18.482137+08	\N	23
18	2024-08-23 00:38:18.779015+08	\N	2024-08-23 00:38:18.779015+08	\N	0		\N	\N	CL3S221760001	50c51db6-2fa6-4872-af35-78556cc4139b.jpg	2024-08-23 00:38:18.76339+08	24.jpg	3	2024-08-23 00:38:18.76339+08	\N	24
19	2024-08-23 00:38:19.154021+08	\N	2024-08-23 00:38:19.154021+08	\N	0		\N	\N	CL3S221760001	34d7b0fd-4bc9-4c92-945b-7f8c52482a67.jpg	2024-08-23 00:38:19.138392+08	25.jpg	3	2024-08-23 00:38:19.138392+08	\N	25
20	2024-08-23 00:38:19.40402+08	\N	2024-08-23 00:38:19.40402+08	\N	0		\N	\N	CL3S221760001	a54bacdd-5257-4cab-a41b-f3fa7becb015.jpg	2024-08-23 00:38:19.40402+08	26.jpg	3	2024-08-23 00:38:19.40402+08	\N	26
21	2024-08-23 00:38:20.372777+08	\N	2024-08-23 00:38:20.372777+08	\N	0		\N	\N	CL3S221760001	a1b3b83f-7c06-4181-81e4-0c6e14f84ed2.jpg	2024-08-23 00:38:20.372777+08	30.jpg	3	2024-08-23 00:38:20.372777+08	\N	30
22	2024-08-23 00:38:21.20091+08	\N	2024-08-23 00:38:21.20091+08	\N	0		\N	\N	CL3S221760001	6bee464a-dc36-43f2-a421-c9621c2f133f.jpg	2024-08-23 00:38:21.185284+08	32.jpg	3	2024-08-23 00:38:21.185284+08	\N	32
23	2024-08-23 00:38:21.54467+08	\N	2024-08-23 00:38:21.54467+08	\N	0		\N	\N	CL3S221760001	f3cc8ff1-901f-4b46-bb45-353d443df05a.jpg	2024-08-23 00:38:21.529045+08	33.jpg	3	2024-08-23 00:38:21.529045+08	\N	33
25	2024-08-23 00:38:24.232252+08	\N	2024-08-23 00:38:24.232252+08	\N	0		\N	\N	CL3S221760001	e7888777-dc8b-4785-b42c-3d82bdb30f94.jpg	2024-08-23 00:38:24.216625+08	49.jpg	3	2024-08-23 00:38:24.216625+08	\N	49
26	2024-08-23 00:38:24.732265+08	\N	2024-08-23 00:38:24.732265+08	\N	0		\N	\N	CL3S221760001	efd75294-7ea6-457c-bf92-901faefc8b0c.jpg	2024-08-23 00:38:24.732265+08	51.jpg	3	2024-08-23 00:38:24.732265+08	\N	51
27	2024-08-23 00:38:25.076034+08	\N	2024-08-23 00:38:25.076034+08	\N	0		\N	\N	CL3S221760001	9a8cd958-4ab8-4b04-95bc-50a6fbb8eba8.jpg	2024-08-23 00:38:25.04477+08	52.jpg	3	2024-08-23 00:38:25.04477+08	\N	52
28	2024-08-23 00:38:25.404158+08	\N	2024-08-23 00:38:25.404158+08	\N	0		\N	\N	CL3S221760001	517327c4-34ba-4087-9475-129865af04e8.jpg	2024-08-23 00:38:25.404158+08	53.jpg	3	2024-08-23 00:38:25.404158+08	\N	53
30	2024-08-23 00:38:26.138548+08	\N	2024-08-23 00:38:26.138548+08	\N	0		\N	\N	CL3S221760001	4de895ad-5d50-4215-82bc-192c909ac9c9.jpg	2024-08-23 00:38:26.107297+08	55.jpg	3	2024-08-23 00:38:26.107297+08	\N	55
31	2024-08-23 00:38:26.404179+08	\N	2024-08-23 00:38:26.404179+08	\N	0		\N	\N	CL3S221760001	77641870-639f-4a84-9bec-9253663cc9fb.jpg	2024-08-23 00:38:26.388555+08	56.jpg	3	2024-08-23 00:38:26.388555+08	\N	56
\.


--
-- Data for Name: iclock_devicemoduleconfig; Type: TABLE DATA; Schema: public; Owner: postgres
--

COPY public.iclock_devicemoduleconfig (id, create_time, create_user, change_time, change_user, status, enable_registration, enable_resigned_filter, enable_auto_add, enable_name_upload, enable_name_download, enable_card_upload, encryption, timezone, global_setup, heartbeat, transfer_mode, transfer_interval, transfer_time, transaction_retention, command_retention, dev_log_retention, upload_log_retention, edit_policy, import_policy, mobile_policy, device_policy, api_policy, sync_mode, sync_time, visitor_policy) FROM stdin;
1	2024-08-22 23:22:54.614958+08	\N	2024-09-16 22:22:40.911859+08	\N	0	f	f	t	t	t	t	f	-3	f	10	1	1	00:00;14:05	9999	9999	9999	9999	3	0	0	3	3	1	00:00;12:00	0
\.


--
-- Data for Name: iclock_errorcommandlog; Type: TABLE DATA; Schema: public; Owner: postgres
--

COPY public.iclock_errorcommandlog (id, error_code, error_msg, data_origin, cmd, additional, upload_time, terminal_id) FROM stdin;
\.


--
-- Data for Name: iclock_privatemessage; Type: TABLE DATA; Schema: public; Owner: postgres
--

COPY public.iclock_privatemessage (id, create_time, create_user, change_time, change_user, status, last_send, employee_id, message_id) FROM stdin;
\.


--
-- Data for Name: iclock_publicmessage; Type: TABLE DATA; Schema: public; Owner: postgres
--

COPY public.iclock_publicmessage (id, create_time, create_user, change_time, change_user, status, last_send, message_id, terminal_id) FROM stdin;
\.


--
-- Data for Name: iclock_shortmessage; Type: TABLE DATA; Schema: public; Owner: postgres
--

COPY public.iclock_shortmessage (id, message, start_time, duration, msg_type) FROM stdin;
\.


--
-- Data for Name: iclock_terminal; Type: TABLE DATA; Schema: public; Owner: postgres
--

COPY public.iclock_terminal (id, create_time, create_user, change_time, change_user, status, sn, alias, ip_address, real_ip, state, terminal_tz, heartbeat, transfer_mode, transfer_interval, transfer_time, product_type, is_attendance, is_registration, purpose, controller_type, authentication, style, upload_flag, fw_ver, push_protocol, push_ver, language, is_tft, terminal_name, platform, oem_vendor, log_stamp, op_log_stamp, capture_stamp, user_count, transaction_count, fp_count, fp_alg_ver, face_count, face_alg_ver, fv_count, fv_alg_ver, palm_count, palm_alg_ver, lock_func, last_activity, upload_time, push_time, is_access, area_id) FROM stdin;
2	2024-08-23 00:17:05.029356+08	\N	2024-09-16 22:34:00.040256+08	\N	0	CL3S215260003	ESCALERA	192.168.0.103	192.168.0.103	1	-3	10	1	1	00:00;14:05	9	1	0	\N	0	1	\N	1111100000	ZAM170-NF-Ver1.5.40	2.4.1	Ver 2.0.32S-20200513	101	t	Horus TL1	ZAM170_TFT	ZKTECO CO.	1733515671	1731599481	0	56	1160	0	10.0	31	58.0	0	3	0	12	0	2024-12-09 23:47:53.770427+08	\N	2024-09-20 04:36:37.254933+08	0	34
1	2024-08-23 00:12:01.835329+08	\N	2024-09-20 03:48:13.834734+08	\N	0	CL3S221760001	RECEPCION	192.168.0.147	192.168.0.147	1	-3	10	1	1	00:00;14:05	9	1	0	\N	0	1	\N	1111100000	ZAM170-NF-Ver1.5.40	2.4.1	Ver 2.0.32S-20200513	101	t	Horus TL1	ZAM170_TFT	ZKTECO CO.	1733740028	1733474660	0	51	5697	0	10.0	29	58.0	0	3	0	12	0	2024-12-09 23:37:43.920603+08	2024-09-16 22:32:41.605701+08	2024-09-20 04:25:51.888834+08	0	34
\.


--
-- Data for Name: iclock_terminalcommand; Type: TABLE DATA; Schema: public; Owner: postgres
--

COPY public.iclock_terminalcommand (id, content, commit_time, transfer_time, return_time, return_value, package, terminal_id) FROM stdin;
332	DATA UPDATE USERINFO PIN=15\tName=Alicia\tPri=0\tPasswd=\tCard=\t\tGrp=1\tVerify=0	2024-09-18 22:40:48.34593+08	2024-09-18 23:14:23.648091+08	\N	\N	\N	2
1	CHECK	2024-08-23 00:28:52.516126+08	2024-08-23 00:57:23.740224+08	\N	\N	\N	2
3	INFO	2024-08-23 00:29:51.822589+08	2024-08-23 00:57:23.740224+08	\N	\N	\N	2
4	CHECK ALL	2024-08-23 00:29:51.832591+08	2024-08-23 00:57:23.740224+08	\N	\N	\N	2
336	DATA UPDATE USERINFO PIN=17\tName=Gisela\tPri=0\tPasswd=\tCard=\t\tGrp=1\tVerify=0	2024-09-18 22:40:49.002188+08	2024-09-18 23:14:23.648091+08	\N	\N	\N	2
8	DATA UPDATE USERINFO PIN=1\tName=PRUEBA\tPri=0\tPasswd=\tCard=\t\tGrp=1\tVerify=0	2024-08-23 00:56:13.001555+08	2024-08-23 00:57:23.740224+08	\N	\N	\N	2
318	DATA UPDATE USERINFO PIN=14\tName=Kevin\tPri=0\tPasswd=\tCard=\t\tGrp=1\tVerify=0	2024-09-18 22:25:50.98233+08	2024-09-18 23:14:23.648091+08	\N	\N	\N	2
322	DATA UPDATE USERINFO PIN=15\tName=Alicia\tPri=0\tPasswd=\tCard=\t\tGrp=1\tVerify=0	2024-09-18 22:28:08.595783+08	2024-09-18 23:14:23.648091+08	\N	\N	\N	2
344	DATA UPDATE USERINFO PIN=17\tName=Gisela\tPri=0\tPasswd=\tCard=\t\tGrp=1\tVerify=0	2024-09-20 03:09:17.684836+08	2024-09-20 03:10:14.915427+08	\N	\N	\N	2
114	DATA UPDATE BIOPHOTO PIN=10\tType=9\tFormat=1\tUrl=iclock/doc/biophoto/10.jpg	2024-09-16 22:47:50.231283+08	2024-09-16 22:47:56.11935+08	\N	\N	\N	2
117	DATA UPDATE USERINFO PIN=12\tName=Fabrizio\tPri=0\tPasswd=\tCard=\t\tGrp=1\tVerify=0	2024-09-16 22:47:50.708288+08	2024-09-16 22:47:56.11935+08	\N	\N	\N	2
120	DATA UPDATE BIOPHOTO PIN=13\tType=9\tFormat=1\tUrl=iclock/doc/biophoto/13.jpg	2024-09-16 22:47:51.598334+08	2024-09-16 22:47:56.11935+08	\N	\N	\N	2
123	DATA UPDATE USERINFO PIN=15\tName=Alicia\tPri=0\tPasswd=\tCard=\t\tGrp=1\tVerify=0	2024-09-16 22:47:52.059302+08	2024-09-16 22:47:56.11935+08	\N	\N	\N	2
126	DATA UPDATE BIOPHOTO PIN=16\tType=9\tFormat=1\tUrl=iclock/doc/biophoto/16.jpg	2024-09-16 22:47:52.808311+08	2024-09-16 22:47:56.11935+08	\N	\N	\N	2
129	DATA UPDATE USERINFO PIN=18\tName=Soledad\tPri=0\tPasswd=\tCard=\t\tGrp=1\tVerify=0	2024-09-16 22:47:53.38232+08	2024-09-16 22:47:56.11935+08	\N	\N	\N	2
132	DATA UPDATE BIOPHOTO PIN=19\tType=9\tFormat=1\tUrl=iclock/doc/biophoto/19.jpg	2024-09-16 22:47:54.294328+08	2024-09-16 22:47:56.11935+08	\N	\N	\N	2
135	DATA UPDATE BIOPHOTO PIN=20\tType=9\tFormat=1\tUrl=iclock/doc/biophoto/20.jpg	2024-09-16 22:47:55.047337+08	2024-09-16 22:47:56.11935+08	\N	\N	\N	2
138	DATA UPDATE USERINFO PIN=22\tName=Ariel\tPri=0\tPasswd=\tCard=\t\tGrp=1\tVerify=0	2024-09-16 22:47:55.531343+08	2024-09-16 22:47:56.11935+08	\N	\N	\N	2
314	DATA UPDATE USERINFO PIN=13\tName=Carlos\tPri=0\tPasswd=\tCard=\t\tGrp=1\tVerify=0	2024-09-18 02:42:28.561287+08	2024-09-18 02:50:59.323271+08	\N	\N	\N	2
356	DATA UPDATE USERINFO PIN=21\tName=Pamela\tPri=0\tPasswd=\tCard=\t\tGrp=1\tVerify=0	2024-09-20 03:37:00.958765+08	2024-09-20 03:38:30.23459+08	\N	\N	\N	2
364	DATA UPDATE USERINFO PIN=21\tName=Pamela\tPri=0\tPasswd=\tCard=\t\tGrp=1\tVerify=0	2024-09-20 03:40:56.29857+08	2024-09-20 03:41:24.271958+08	\N	\N	\N	2
9	DATA UPDATE USERINFO PIN=10\tName=Lucas\tPri=0\tPasswd=\tCard=\t\tGrp=1\tVerify=0	2024-08-23 00:56:13.11093+08	2024-08-23 00:57:23.740224+08	\N	\N	\N	2
384	DATA UPDATE USERINFO PIN=26\tName=Romina\tPri=0\tPasswd=\tCard=\t\tGrp=1\tVerify=0	2024-09-20 03:58:16.703992+08	2024-09-20 04:43:12.606324+08	\N	\N	\N	2
400	DATA DELETE USERINFO PIN=44	2024-09-20 04:13:53.322643+08	2024-09-20 04:43:12.606324+08	\N	\N	\N	2
408	DATA DELETE USERINFO PIN=54	2024-09-20 04:16:22.834889+08	2024-09-20 04:43:12.606324+08	\N	\N	\N	2
416	DATA DELETE USERINFO PIN=7	2024-09-20 04:22:11.698415+08	2024-09-20 04:43:12.606324+08	\N	\N	\N	2
428	DATA UPDATE USERINFO PIN=3\tName=Marcela\tPri=0\tPasswd=\tCard=\t\tGrp=1\tVerify=0	2024-09-20 04:36:37.560121+08	2024-09-20 04:43:12.606324+08	\N	\N	\N	2
432	DATA UPDATE BIOPHOTO PIN=32\tType=9\tFormat=1\tUrl=iclock/doc/biophoto/32.jpg	2024-09-20 04:36:38.604647+08	2024-09-20 04:43:12.606324+08	\N	\N	\N	2
436	DATA UPDATE USERINFO PIN=49\tName=Ariel\tPri=0\tPasswd=\tCard=\t\tGrp=1\tVerify=0	2024-09-20 04:36:39.452483+08	2024-09-20 04:43:12.606324+08	\N	\N	\N	2
440	DATA UPDATE USERINFO PIN=51\tName=Chris\tPri=0\tPasswd=\tCard=\t\tGrp=1\tVerify=0	2024-09-20 04:36:40.116416+08	2024-09-20 04:43:12.606324+08	\N	\N	\N	2
444	DATA UPDATE USERINFO PIN=53\tName=Daniela\tPri=0\tPasswd=\tCard=\t\tGrp=1\tVerify=0	2024-09-20 04:36:40.960217+08	2024-09-20 04:43:12.606324+08	\N	\N	\N	2
448	DATA UPDATE USERINFO PIN=56\tName=Brian\tPri=0\tPasswd=\tCard=\t\tGrp=1\tVerify=0	2024-09-20 04:36:41.819568+08	2024-09-20 04:43:12.606324+08	\N	\N	\N	2
452	DATA UPDATE USERINFO PIN=9\tName=Adrian\tPri=0\tPasswd=\tCard=\t\tGrp=1\tVerify=0	2024-09-20 04:36:42.651807+08	2024-09-20 04:43:12.606324+08	\N	\N	\N	2
333	DATA UPDATE BIOPHOTO PIN=15\tType=9\tFormat=1\tUrl=iclock/doc/biophoto/15.jpg	2024-09-18 22:40:48.564768+08	2024-09-18 23:14:23.648091+08	\N	\N	\N	2
337	DATA UPDATE BIOPHOTO PIN=17\tType=9\tFormat=1\tUrl=iclock/doc/biophoto/17.jpg	2024-09-18 22:40:49.345947+08	2024-09-18 23:14:23.648091+08	\N	\N	\N	2
319	DATA UPDATE BIOPHOTO PIN=14\tType=9\tFormat=1\tUrl=iclock/doc/biophoto/14.jpg	2024-09-18 22:25:51.201083+08	2024-09-18 23:14:23.648091+08	\N	\N	\N	2
323	DATA UPDATE BIOPHOTO PIN=15\tType=9\tFormat=1\tUrl=iclock/doc/biophoto/15.jpg	2024-09-18 22:28:08.844277+08	2024-09-18 23:14:23.648091+08	\N	\N	\N	2
365	DATA UPDATE BIOPHOTO PIN=21\tType=9\tFormat=1\tUrl=iclock/doc/biophoto/21.jpg	2024-09-20 03:40:56.610413+08	2024-09-20 03:41:24.271958+08	\N	\N	\N	2
345	DATA UPDATE BIOPHOTO PIN=17\tType=9\tFormat=1\tUrl=iclock/doc/biophoto/17.jpg	2024-09-20 03:09:17.903589+08	2024-09-20 03:10:14.915427+08	\N	\N	\N	2
112	DATA UPDATE USERINFO PIN=1\tName=PRUEBA\tPri=0\tPasswd=\tCard=\t\tGrp=1\tVerify=0	2024-09-16 22:47:49.775279+08	2024-09-16 22:47:56.11935+08	\N	\N	\N	2
115	DATA UPDATE USERINFO PIN=11\tName=Cristian\tPri=0\tPasswd=\tCard=\t\tGrp=1\tVerify=0	2024-09-16 22:47:50.292286+08	2024-09-16 22:47:56.11935+08	\N	\N	\N	2
118	DATA UPDATE BIOPHOTO PIN=12\tType=9\tFormat=1\tUrl=iclock/doc/biophoto/12.jpg	2024-09-16 22:47:51.109293+08	2024-09-16 22:47:56.11935+08	\N	\N	\N	2
121	DATA UPDATE USERINFO PIN=14\tName=Kevin\tPri=0\tPasswd=\tCard=\t\tGrp=1\tVerify=0	2024-09-16 22:47:51.634337+08	2024-09-16 22:47:56.11935+08	\N	\N	\N	2
124	DATA UPDATE BIOPHOTO PIN=15\tType=9\tFormat=1\tUrl=iclock/doc/biophoto/15.jpg	2024-09-16 22:47:52.40231+08	2024-09-16 22:47:56.11935+08	\N	\N	\N	2
127	DATA UPDATE USERINFO PIN=17\tName=Gisela\tPri=0\tPasswd=\tCard=\t\tGrp=1\tVerify=0	2024-09-16 22:47:52.850313+08	2024-09-16 22:47:56.11935+08	\N	\N	\N	2
130	DATA UPDATE BIOPHOTO PIN=18\tType=9\tFormat=1\tUrl=iclock/doc/biophoto/18.jpg	2024-09-16 22:47:53.853324+08	2024-09-16 22:47:56.11935+08	\N	\N	\N	2
133	DATA UPDATE USERINFO PIN=2\tName=Juan Carlos\tPri=0\tPasswd=\tCard=\t\tGrp=1\tVerify=0	2024-09-16 22:47:54.358329+08	2024-09-16 22:47:56.11935+08	\N	\N	\N	2
136	DATA UPDATE USERINFO PIN=21\tName=Pamela\tPri=0\tPasswd=\tCard=\t\tGrp=1\tVerify=0	2024-09-16 22:47:55.06834+08	2024-09-16 22:47:56.11935+08	\N	\N	\N	2
139	DATA UPDATE BIOPHOTO PIN=22\tType=9\tFormat=1\tUrl=iclock/doc/biophoto/22.jpg	2024-09-16 22:47:56.003347+08	2024-09-16 22:47:56.11935+08	\N	\N	\N	2
315	DATA UPDATE BIOPHOTO PIN=13\tType=9\tFormat=1\tUrl=iclock/doc/biophoto/13.jpg	2024-09-18 02:42:28.967543+08	2024-09-18 02:50:59.323271+08	\N	\N	\N	2
10	DATA UPDATE BIODATA Pin=10\tNo=0\tIndex=0\tValid=1\tDuress=0\tType=9\tMajorVer=58\tMinorVer=12\tTmp=zk_bio_data_0000000005_00	2024-08-23 00:56:13.209299+08	2024-08-23 00:57:23.740224+08	\N	\N	\N	2
11	DATA UPDATE USERINFO PIN=11\tName=Cristian\tPri=0\tPasswd=\tCard=\t\tGrp=1\tVerify=0	2024-08-23 00:56:13.236075+08	2024-08-23 00:57:23.740224+08	\N	\N	\N	2
12	DATA UPDATE BIODATA Pin=11\tNo=0\tIndex=0\tValid=1\tDuress=0\tType=9\tMajorVer=58\tMinorVer=12\tTmp=zk_bio_data_0000000023_00	2024-08-23 00:56:13.423497+08	2024-08-23 00:57:23.740224+08	\N	\N	\N	2
13	DATA UPDATE USERINFO PIN=12\tName=Fabrizio\tPri=0\tPasswd=\tCard=\t\tGrp=1\tVerify=0	2024-08-23 00:56:13.439065+08	2024-08-23 00:57:23.740224+08	\N	\N	\N	2
14	DATA UPDATE BIODATA Pin=12\tNo=0\tIndex=0\tValid=1\tDuress=0\tType=9\tMajorVer=58\tMinorVer=12\tTmp=zk_bio_data_0000000003_00	2024-08-23 00:56:13.610944+08	2024-08-23 00:57:23.740224+08	\N	\N	\N	2
15	DATA UPDATE USERINFO PIN=13\tName=Carlos\tPri=0\tPasswd=\tCard=\t\tGrp=1\tVerify=0	2024-08-23 00:56:13.642196+08	2024-08-23 00:57:23.740224+08	\N	\N	\N	2
16	DATA UPDATE BIODATA Pin=13\tNo=0\tIndex=0\tValid=1\tDuress=0\tType=9\tMajorVer=58\tMinorVer=12\tTmp=zk_bio_data_0000000022_00	2024-08-23 00:56:13.829702+08	2024-08-23 00:57:23.740224+08	\N	\N	\N	2
17	DATA UPDATE USERINFO PIN=14\tName=Kevin\tPri=0\tPasswd=\tCard=\t\tGrp=1\tVerify=0	2024-08-23 00:56:13.876581+08	2024-08-23 00:57:23.740224+08	\N	\N	\N	2
18	DATA UPDATE BIODATA Pin=14\tNo=0\tIndex=0\tValid=1\tDuress=0\tType=9\tMajorVer=58\tMinorVer=12\tTmp=zk_bio_data_0000000004_00	2024-08-23 00:56:14.048461+08	2024-08-23 00:57:23.740224+08	\N	\N	\N	2
19	DATA UPDATE USERINFO PIN=15\tName=Alicia\tPri=0\tPasswd=\tCard=\t\tGrp=1\tVerify=0	2024-08-23 00:56:14.064088+08	2024-08-23 00:57:23.740224+08	\N	\N	\N	2
20	DATA UPDATE BIODATA Pin=15\tNo=0\tIndex=0\tValid=1\tDuress=0\tType=9\tMajorVer=58\tMinorVer=12\tTmp=zk_bio_data_0000000007_00	2024-08-23 00:56:14.220393+08	2024-08-23 00:57:23.740224+08	\N	\N	\N	2
21	DATA UPDATE USERINFO PIN=16\tName=Facundo\tPri=0\tPasswd=\tCard=\t\tGrp=1\tVerify=0	2024-08-23 00:56:14.251592+08	2024-08-23 00:57:23.740224+08	\N	\N	\N	2
22	DATA UPDATE BIODATA Pin=16\tNo=0\tIndex=0\tValid=1\tDuress=0\tType=9\tMajorVer=58\tMinorVer=12\tTmp=zk_bio_data_0000000008_00	2024-08-23 00:56:14.407848+08	2024-08-23 00:57:23.740224+08	\N	\N	\N	2
23	DATA UPDATE USERINFO PIN=17\tName=Gisela\tPri=0\tPasswd=\tCard=\t\tGrp=1\tVerify=0	2024-08-23 00:56:14.423477+08	2024-08-23 00:57:23.740224+08	\N	\N	\N	2
24	DATA UPDATE BIODATA Pin=17\tNo=0\tIndex=0\tValid=1\tDuress=0\tType=9\tMajorVer=58\tMinorVer=12\tTmp=zk_bio_data_0000000009_00	2024-08-23 00:56:14.595352+08	2024-08-23 00:57:23.740224+08	\N	\N	\N	2
25	DATA UPDATE USERINFO PIN=18\tName=Soledad\tPri=0\tPasswd=\tCard=\t\tGrp=1\tVerify=0	2024-08-23 00:56:14.626912+08	2024-08-23 00:57:23.740224+08	\N	\N	\N	2
26	DATA UPDATE BIODATA Pin=18\tNo=0\tIndex=0\tValid=1\tDuress=0\tType=9\tMajorVer=58\tMinorVer=12\tTmp=zk_bio_data_0000000010_00	2024-08-23 00:56:14.767302+08	2024-08-23 00:57:23.740224+08	\N	\N	\N	2
27	DATA UPDATE USERINFO PIN=19\tName=Claudia\tPri=0\tPasswd=\tCard=\t\tGrp=1\tVerify=0	2024-08-23 00:56:14.798483+08	2024-08-23 00:57:23.740224+08	\N	\N	\N	2
28	DATA UPDATE BIODATA Pin=19\tNo=0\tIndex=0\tValid=1\tDuress=0\tType=9\tMajorVer=58\tMinorVer=12\tTmp=zk_bio_data_0000000011_00	2024-08-23 00:56:14.986405+08	2024-08-23 00:57:23.740224+08	\N	\N	\N	2
385	DATA UPDATE BIOPHOTO PIN=26\tType=9\tFormat=1\tUrl=iclock/doc/biophoto/26.jpg	2024-09-20 03:58:16.891499+08	2024-09-20 04:43:12.606324+08	\N	\N	\N	2
357	DATA UPDATE BIOPHOTO PIN=21\tType=9\tFormat=1\tUrl=iclock/doc/biophoto/21.jpg	2024-09-20 03:37:01.177516+08	2024-09-20 03:38:30.23459+08	\N	\N	\N	2
429	DATA UPDATE USERINFO PIN=30\tName=Lara\tPri=0\tPasswd=\tCard=\t\tGrp=1\tVerify=0	2024-09-20 04:36:37.995304+08	2024-09-20 04:43:12.606324+08	\N	\N	\N	2
433	DATA UPDATE USERINFO PIN=33\tName=Sandra\tPri=0\tPasswd=\tCard=\t\tGrp=1\tVerify=0	2024-09-20 04:36:38.620284+08	2024-09-20 04:43:12.606324+08	\N	\N	\N	2
437	DATA UPDATE BIOPHOTO PIN=49\tType=9\tFormat=1\tUrl=iclock/doc/biophoto/49.jpg	2024-09-20 04:36:39.678904+08	2024-09-20 04:43:12.606324+08	\N	\N	\N	2
441	DATA UPDATE BIOPHOTO PIN=51\tType=9\tFormat=1\tUrl=iclock/doc/biophoto/51.jpg	2024-09-20 04:36:40.491479+08	2024-09-20 04:43:12.606324+08	\N	\N	\N	2
445	DATA UPDATE BIOPHOTO PIN=53\tType=9\tFormat=1\tUrl=iclock/doc/biophoto/53.jpg	2024-09-20 04:36:41.350809+08	2024-09-20 04:43:12.606324+08	\N	\N	\N	2
449	DATA UPDATE BIOPHOTO PIN=56\tType=9\tFormat=1\tUrl=iclock/doc/biophoto/56.jpg	2024-09-20 04:36:42.185516+08	2024-09-20 04:43:12.606324+08	\N	\N	\N	2
453	DATA UPDATE BIOPHOTO PIN=9\tType=9\tFormat=1\tUrl=iclock/doc/biophoto/9.jpg	2024-09-20 04:36:43.07369+08	2024-09-20 04:43:12.606324+08	\N	\N	\N	2
29	DATA UPDATE USERINFO PIN=2\tName=Juan Carlos\tPri=0\tPasswd=\tCard=\t\tGrp=1\tVerify=0	2024-08-23 00:56:15.017447+08	2024-08-23 00:57:23.740224+08	\N	\N	\N	2
30	DATA UPDATE USERINFO PIN=20\tName=Cecilia\tPri=0\tPasswd=\tCard=\t\tGrp=1\tVerify=0	2024-08-23 00:56:15.204748+08	2024-08-23 00:57:23.740224+08	\N	\N	\N	2
31	DATA UPDATE BIODATA Pin=20\tNo=0\tIndex=0\tValid=1\tDuress=0\tType=9\tMajorVer=58\tMinorVer=12\tTmp=zk_bio_data_0000000012_00	2024-08-23 00:56:15.345386+08	2024-08-23 00:57:23.740224+08	\N	\N	\N	2
32	DATA UPDATE USERINFO PIN=21\tName=Pamela\tPri=0\tPasswd=\tCard=\t\tGrp=1\tVerify=0	2024-08-23 00:56:15.407878+08	2024-08-23 00:57:23.740224+08	\N	\N	\N	2
33	DATA UPDATE BIODATA Pin=21\tNo=0\tIndex=0\tValid=1\tDuress=0\tType=9\tMajorVer=58\tMinorVer=12\tTmp=zk_bio_data_0000000013_00	2024-08-23 00:56:15.595389+08	2024-08-23 00:57:23.740224+08	\N	\N	\N	2
34	DATA UPDATE USERINFO PIN=22\tName=Ariel\tPri=0\tPasswd=\tCard=\t\tGrp=1\tVerify=0	2024-08-23 00:56:15.642297+08	2024-08-23 00:57:23.740224+08	\N	\N	\N	2
35	DATA UPDATE BIODATA Pin=22\tNo=0\tIndex=0\tValid=1\tDuress=0\tType=9\tMajorVer=58\tMinorVer=12\tTmp=zk_bio_data_0000000014_00	2024-08-23 00:56:15.798519+08	2024-08-23 00:57:23.740224+08	\N	\N	\N	2
36	DATA UPDATE USERINFO PIN=23\tName=Nicolas\tPri=0\tPasswd=\tCard=\t\tGrp=1\tVerify=0	2024-08-23 00:56:15.829766+08	2024-08-23 00:57:23.740224+08	\N	\N	\N	2
37	DATA UPDATE BIODATA Pin=23\tNo=0\tIndex=0\tValid=1\tDuress=0\tType=9\tMajorVer=58\tMinorVer=12\tTmp=zk_bio_data_0000000015_00	2024-08-23 00:56:15.986019+08	2024-08-23 00:57:23.740224+08	\N	\N	\N	2
38	DATA UPDATE USERINFO PIN=24\tName=Jorge\tPri=0\tPasswd=\tCard=\t\tGrp=1\tVerify=0	2024-08-23 00:56:16.017272+08	2024-08-23 00:57:23.740224+08	\N	\N	\N	2
39	DATA UPDATE BIODATA Pin=24\tNo=0\tIndex=0\tValid=1\tDuress=0\tType=9\tMajorVer=58\tMinorVer=12\tTmp=zk_bio_data_0000000016_00	2024-08-23 00:56:16.204777+08	2024-08-23 00:57:23.740224+08	\N	\N	\N	2
40	DATA UPDATE USERINFO PIN=25\tName=Maximiliano\tPri=0\tPasswd=\tCard=\t\tGrp=1\tVerify=0	2024-08-23 00:56:16.23603+08	2024-08-23 00:57:23.740224+08	\N	\N	\N	2
41	DATA UPDATE BIODATA Pin=25\tNo=0\tIndex=0\tValid=1\tDuress=0\tType=9\tMajorVer=58\tMinorVer=12\tTmp=zk_bio_data_0000000017_00	2024-08-23 00:56:16.439159+08	2024-08-23 00:57:23.740224+08	\N	\N	\N	2
42	DATA UPDATE USERINFO PIN=26\tName=Romina\tPri=0\tPasswd=\tCard=\t\tGrp=1\tVerify=0	2024-08-23 00:56:16.47041+08	2024-08-23 00:57:23.740224+08	\N	\N	\N	2
43	DATA UPDATE BIODATA Pin=26\tNo=0\tIndex=0\tValid=1\tDuress=0\tType=9\tMajorVer=58\tMinorVer=12\tTmp=zk_bio_data_0000000018_00	2024-08-23 00:56:16.657917+08	2024-08-23 00:57:23.740224+08	\N	\N	\N	2
44	DATA UPDATE USERINFO PIN=27\tName=Jorge\tPri=0\tPasswd=\tCard=\t\tGrp=1\tVerify=0	2024-08-23 00:56:16.673538+08	2024-08-23 00:57:23.740224+08	\N	\N	\N	2
45	DATA UPDATE USERINFO PIN=28\tName=Fernando\tPri=0\tPasswd=\tCard=\t\tGrp=1\tVerify=0	2024-08-23 00:56:16.829793+08	2024-08-23 00:57:23.740224+08	\N	\N	\N	2
46	DATA UPDATE USERINFO PIN=29\tName=Nestor\tPri=0\tPasswd=\tCard=\t\tGrp=1\tVerify=0	2024-08-23 00:56:16.954796+08	2024-08-23 00:57:23.740224+08	\N	\N	\N	2
47	DATA UPDATE USERINFO PIN=3\tName=Marcela\tPri=0\tPasswd=\tCard=\t\tGrp=1\tVerify=0	2024-08-23 00:56:17.032924+08	2024-08-23 00:57:23.740224+08	\N	\N	\N	2
48	DATA UPDATE USERINFO PIN=30\tName=Lara\tPri=0\tPasswd=\tCard=\t\tGrp=1\tVerify=0	2024-08-23 00:56:17.142303+08	2024-08-23 00:57:23.740224+08	\N	\N	\N	2
49	DATA UPDATE BIODATA Pin=30\tNo=0\tIndex=0\tValid=1\tDuress=0\tType=9\tMajorVer=58\tMinorVer=12\tTmp=zk_bio_data_0000000021_00	2024-08-23 00:56:17.220428+08	2024-08-23 00:57:23.740224+08	\N	\N	\N	2
50	DATA UPDATE USERINFO PIN=31\tName=Leandro\tPri=0\tPasswd=\tCard=\t\tGrp=1\tVerify=0	2024-08-23 00:56:17.251679+08	2024-08-23 00:57:23.740224+08	\N	\N	\N	2
51	DATA UPDATE USERINFO PIN=32\tName=Antonella\tPri=0\tPasswd=\tCard=\t\tGrp=1\tVerify=0	2024-08-23 00:56:17.45481+08	2024-08-23 00:57:23.740224+08	\N	\N	\N	2
52	DATA UPDATE BIODATA Pin=32\tNo=0\tIndex=0\tValid=1\tDuress=0\tType=9\tMajorVer=58\tMinorVer=12\tTmp=zk_bio_data_0000000025_00	2024-08-23 00:56:17.579814+08	2024-08-23 00:57:23.740224+08	\N	\N	\N	2
53	DATA UPDATE USERINFO PIN=33\tName=Sandra\tPri=0\tPasswd=\tCard=\t\tGrp=1\tVerify=0	2024-08-23 00:56:17.595442+08	2024-08-23 00:57:23.740224+08	\N	\N	\N	2
54	DATA UPDATE BIODATA Pin=33\tNo=0\tIndex=0\tValid=1\tDuress=0\tType=9\tMajorVer=58\tMinorVer=12\tTmp=zk_bio_data_0000000024_00	2024-08-23 00:56:17.767317+08	2024-08-23 00:57:23.740224+08	\N	\N	\N	2
55	DATA UPDATE USERINFO PIN=34\tName=Sandra\tPri=0\tPasswd=\tCard=\t\tGrp=1\tVerify=0	2024-08-23 00:56:17.798567+08	2024-08-23 00:57:23.740224+08	\N	\N	\N	2
56	DATA UPDATE USERINFO PIN=35\tName=Cecilia\tPri=0\tPasswd=\tCard=\t\tGrp=1\tVerify=0	2024-08-23 00:56:17.970446+08	2024-08-23 00:57:23.740224+08	\N	\N	\N	2
57	DATA UPDATE USERINFO PIN=36\tName=Maximiliano\tPri=0\tPasswd=\tCard=\t\tGrp=1\tVerify=0	2024-08-23 00:56:18.064198+08	2024-08-23 00:57:23.740224+08	\N	\N	\N	2
58	DATA UPDATE USERINFO PIN=37\tName=Judith\tPri=0\tPasswd=\tCard=\t\tGrp=1\tVerify=0	2024-08-23 00:56:18.189205+08	2024-08-23 00:57:23.740224+08	\N	\N	\N	2
59	DATA UPDATE USERINFO PIN=38\tName=Alejandro\tPri=0\tPasswd=\tCard=\t\tGrp=1\tVerify=0	2024-08-23 00:56:18.282955+08	2024-08-23 00:57:23.740224+08	\N	\N	\N	2
60	DATA UPDATE USERINFO PIN=39\tName=Renzo\tPri=0\tPasswd=\tCard=\t\tGrp=1\tVerify=0	2024-08-23 00:56:18.392334+08	2024-08-23 00:57:23.740224+08	\N	\N	\N	2
61	DATA UPDATE USERINFO PIN=4\tName=Maria Pía\tPri=0\tPasswd=\tCard=\t\tGrp=1\tVerify=0	2024-08-23 00:56:18.517336+08	2024-08-23 00:57:23.740224+08	\N	\N	\N	2
62	DATA UPDATE USERINFO PIN=40\tName=Jose\tPri=0\tPasswd=\tCard=\t\tGrp=1\tVerify=0	2024-08-23 00:56:18.626713+08	2024-08-23 00:57:23.740224+08	\N	\N	\N	2
63	DATA UPDATE USERINFO PIN=41\tName=Silvia\tPri=0\tPasswd=\tCard=\t\tGrp=1\tVerify=0	2024-08-23 00:56:18.736092+08	2024-08-23 00:57:23.740224+08	\N	\N	\N	2
64	DATA UPDATE USERINFO PIN=42\tName=Leila\tPri=0\tPasswd=\tCard=\t\tGrp=1\tVerify=0	2024-08-23 00:56:18.845466+08	2024-08-23 00:57:23.740224+08	\N	\N	\N	2
65	DATA UPDATE USERINFO PIN=43\tName=Catalina\tPri=0\tPasswd=\tCard=\t\tGrp=1\tVerify=0	2024-08-23 00:56:18.986097+08	2024-08-23 00:57:23.740224+08	\N	\N	\N	2
66	DATA UPDATE USERINFO PIN=44\tName=Paula\tPri=0\tPasswd=\tCard=\t\tGrp=1\tVerify=0	2024-08-23 00:56:19.142353+08	2024-08-23 00:57:23.740224+08	\N	\N	\N	2
67	DATA UPDATE USERINFO PIN=45\tName=Carina\tPri=0\tPasswd=\tCard=\t\tGrp=1\tVerify=0	2024-08-23 00:56:19.267353+08	2024-08-23 00:57:23.740224+08	\N	\N	\N	2
68	DATA UPDATE USERINFO PIN=46\tName=Silvana\tPri=0\tPasswd=\tCard=\t\tGrp=1\tVerify=0	2024-08-23 00:56:19.392542+08	2024-08-23 00:57:23.740224+08	\N	\N	\N	2
69	DATA UPDATE USERINFO PIN=47\tName=Daniel\tPri=0\tPasswd=\tCard=\t\tGrp=1\tVerify=0	2024-08-23 00:56:19.517358+08	2024-08-23 00:57:23.740224+08	\N	\N	\N	2
70	DATA UPDATE USERINFO PIN=48\tName=Gabriela\tPri=0\tPasswd=\tCard=\t\tGrp=1\tVerify=0	2024-08-23 00:56:19.64236+08	2024-08-23 00:57:23.740224+08	\N	\N	\N	2
71	DATA UPDATE BIODATA Pin=48\tNo=0\tIndex=0\tValid=1\tDuress=0\tType=9\tMajorVer=58\tMinorVer=12\tTmp=zk_bio_data_0000000030_00	2024-08-23 00:56:19.751736+08	2024-08-23 00:57:23.740224+08	\N	\N	\N	2
72	DATA UPDATE USERINFO PIN=49\tName=Ariel\tPri=0\tPasswd=\tCard=\t\tGrp=1\tVerify=0	2024-08-23 00:56:19.798611+08	2024-08-23 00:57:23.740224+08	\N	\N	\N	2
73	DATA UPDATE BIODATA Pin=49\tNo=0\tIndex=0\tValid=1\tDuress=0\tType=9\tMajorVer=58\tMinorVer=12\tTmp=zk_bio_data_0000000031_00	2024-08-23 00:56:20.017367+08	2024-08-23 00:57:23.740224+08	\N	\N	\N	2
74	DATA UPDATE USERINFO PIN=5\tName=Gonzalo\tPri=14\tPasswd=20152022\tCard=\t\tGrp=1\tVerify=0	2024-08-23 00:56:20.064242+08	2024-08-23 00:57:23.740224+08	\N	\N	\N	2
75	DATA UPDATE BIODATA Pin=5\tNo=0\tIndex=0\tValid=1\tDuress=0\tType=9\tMajorVer=58\tMinorVer=12\tTmp=zk_bio_data_0000000001_00	2024-08-23 00:56:20.267448+08	2024-08-23 00:57:23.740224+08	\N	\N	\N	2
76	DATA UPDATE USERINFO PIN=50\tName=Diego\tPri=0\tPasswd=\tCard=\t\tGrp=1\tVerify=0	2024-08-23 00:56:20.298624+08	2024-08-23 00:57:23.740224+08	\N	\N	\N	2
77	DATA UPDATE USERINFO PIN=51\tName=Chris\tPri=0\tPasswd=\tCard=\t\tGrp=1\tVerify=0	2024-08-23 00:56:20.50175+08	2024-08-23 00:57:23.740224+08	\N	\N	\N	2
78	DATA UPDATE BIODATA Pin=51\tNo=0\tIndex=0\tValid=1\tDuress=0\tType=9\tMajorVer=58\tMinorVer=12\tTmp=zk_bio_data_0000000029_00	2024-08-23 00:56:20.611129+08	2024-08-23 00:57:23.740224+08	\N	\N	\N	2
79	DATA UPDATE USERINFO PIN=52\tName=Falon\tPri=0\tPasswd=\tCard=\t\tGrp=1\tVerify=0	2024-08-23 00:56:20.658007+08	2024-08-23 00:57:23.740224+08	\N	\N	\N	2
80	DATA UPDATE BIODATA Pin=52\tNo=0\tIndex=0\tValid=1\tDuress=0\tType=9\tMajorVer=58\tMinorVer=12\tTmp=zk_bio_data_0000000027_00	2024-08-23 00:56:20.798631+08	2024-08-23 00:57:23.740224+08	\N	\N	\N	2
81	DATA UPDATE USERINFO PIN=53\tName=Daniela\tPri=0\tPasswd=\tCard=\t\tGrp=1\tVerify=0	2024-08-23 00:56:20.829879+08	2024-08-23 00:57:23.740224+08	\N	\N	\N	2
82	DATA UPDATE BIODATA Pin=53\tNo=0\tIndex=0\tValid=1\tDuress=0\tType=9\tMajorVer=58\tMinorVer=12\tTmp=zk_bio_data_0000000028_00	2024-08-23 00:56:20.986134+08	2024-08-23 00:57:23.740224+08	\N	\N	\N	2
83	DATA UPDATE USERINFO PIN=54\tName=Liz\tPri=0\tPasswd=\tCard=\t\tGrp=1\tVerify=0	2024-08-23 00:56:21.001763+08	2024-08-23 00:57:23.740224+08	\N	\N	\N	2
84	DATA UPDATE BIODATA Pin=54\tNo=0\tIndex=0\tValid=1\tDuress=0\tType=9\tMajorVer=58\tMinorVer=12\tTmp=zk_bio_data_0000000026_00	2024-08-23 00:56:21.142652+08	2024-08-23 00:57:23.740224+08	\N	\N	\N	2
85	DATA UPDATE USERINFO PIN=55\tName=Lucas\tPri=0\tPasswd=\tCard=\t\tGrp=1\tVerify=0	2024-08-23 00:56:21.158017+08	2024-08-23 00:57:23.740224+08	\N	\N	\N	2
86	DATA UPDATE BIODATA Pin=55\tNo=0\tIndex=0\tValid=1\tDuress=0\tType=9\tMajorVer=58\tMinorVer=12\tTmp=zk_bio_data_0000000019_00	2024-08-23 00:56:21.345571+08	2024-08-23 00:57:23.740224+08	\N	\N	\N	2
87	DATA UPDATE USERINFO PIN=56\tName=Brian\tPri=0\tPasswd=\tCard=\t\tGrp=1\tVerify=0	2024-08-23 00:56:21.361141+08	2024-08-23 00:57:23.740224+08	\N	\N	\N	2
88	DATA UPDATE BIODATA Pin=56\tNo=0\tIndex=0\tValid=1\tDuress=0\tType=9\tMajorVer=58\tMinorVer=12\tTmp=zk_bio_data_0000000020_00	2024-08-23 00:56:21.533019+08	2024-08-23 00:57:23.740224+08	\N	\N	\N	2
89	DATA UPDATE USERINFO PIN=6\tName=Mariano\tPri=0\tPasswd=\tCard=\t\tGrp=1\tVerify=0	2024-08-23 00:56:21.548647+08	2024-08-23 00:57:23.740224+08	\N	\N	\N	2
90	DATA UPDATE USERINFO PIN=7\tName=Florencia\tPri=0\tPasswd=\tCard=\t\tGrp=1\tVerify=0	2024-08-23 00:56:21.720525+08	2024-08-23 00:57:23.740224+08	\N	\N	\N	2
91	DATA UPDATE USERINFO PIN=8\tName=Juan Martin\tPri=0\tPasswd=\tCard=\t\tGrp=1\tVerify=0	2024-08-23 00:56:21.845524+08	2024-08-23 00:57:23.740224+08	\N	\N	\N	2
92	DATA UPDATE BIODATA Pin=8\tNo=0\tIndex=0\tValid=1\tDuress=0\tType=9\tMajorVer=58\tMinorVer=12\tTmp=zk_bio_data_0000000002_00	2024-08-23 00:56:21.939278+08	2024-08-23 00:57:23.740224+08	\N	\N	\N	2
93	DATA UPDATE USERINFO PIN=9\tName=Adrian\tPri=0\tPasswd=\tCard=\t\tGrp=1\tVerify=0	2024-08-23 00:56:21.97053+08	2024-08-23 00:57:23.740224+08	\N	\N	\N	2
94	DATA UPDATE BIODATA Pin=9\tNo=0\tIndex=0\tValid=1\tDuress=0\tType=9\tMajorVer=58\tMinorVer=12\tTmp=zk_bio_data_0000000006_00	2024-08-23 00:56:22.126777+08	2024-08-23 00:57:23.740224+08	\N	\N	\N	2
334	DATA UPDATE USERINFO PIN=16\tName=Facundo\tPri=0\tPasswd=\tCard=\t\tGrp=1\tVerify=0	2024-09-18 22:40:48.59597+08	2024-09-18 23:14:23.648091+08	\N	\N	\N	2
338	DATA UPDATE USERINFO PIN=18\tName=Soledad\tPri=0\tPasswd=\tCard=\t\tGrp=1\tVerify=0	2024-09-20 03:08:55.000151+08	2024-09-20 03:10:14.915427+08	\N	\N	\N	2
113	DATA UPDATE USERINFO PIN=10\tName=Lucas\tPri=0\tPasswd=\tCard=\t\tGrp=1\tVerify=0	2024-09-16 22:47:49.993283+08	2024-09-16 22:47:56.11935+08	\N	\N	\N	2
116	DATA UPDATE BIOPHOTO PIN=11\tType=9\tFormat=1\tUrl=iclock/doc/biophoto/11.jpg	2024-09-16 22:47:50.679321+08	2024-09-16 22:47:56.11935+08	\N	\N	\N	2
119	DATA UPDATE USERINFO PIN=13\tName=Carlos\tPri=0\tPasswd=\tCard=\t\tGrp=1\tVerify=0	2024-09-16 22:47:51.165294+08	2024-09-16 22:47:56.11935+08	\N	\N	\N	2
122	DATA UPDATE BIOPHOTO PIN=14\tType=9\tFormat=1\tUrl=iclock/doc/biophoto/14.jpg	2024-09-16 22:47:52.032303+08	2024-09-16 22:47:56.11935+08	\N	\N	\N	2
125	DATA UPDATE USERINFO PIN=16\tName=Facundo\tPri=0\tPasswd=\tCard=\t\tGrp=1\tVerify=0	2024-09-16 22:47:52.433307+08	2024-09-16 22:47:56.11935+08	\N	\N	\N	2
128	DATA UPDATE BIOPHOTO PIN=17\tType=9\tFormat=1\tUrl=iclock/doc/biophoto/17.jpg	2024-09-16 22:47:53.337318+08	2024-09-16 22:47:56.11935+08	\N	\N	\N	2
131	DATA UPDATE USERINFO PIN=19\tName=Claudia\tPri=0\tPasswd=\tCard=\t\tGrp=1\tVerify=0	2024-09-16 22:47:53.884327+08	2024-09-16 22:47:56.11935+08	\N	\N	\N	2
134	DATA UPDATE USERINFO PIN=20\tName=Cecilia\tPri=0\tPasswd=\tCard=\t\tGrp=1\tVerify=0	2024-09-16 22:47:54.841336+08	2024-09-16 22:47:56.11935+08	\N	\N	\N	2
137	DATA UPDATE BIOPHOTO PIN=21\tType=9\tFormat=1\tUrl=iclock/doc/biophoto/21.jpg	2024-09-16 22:47:55.486343+08	2024-09-16 22:47:56.11935+08	\N	\N	\N	2
312	DATA UPDATE USERINFO PIN=12\tName=Fabrizio\tPri=0\tPasswd=\tCard=\t\tGrp=1\tVerify=0	2024-09-18 02:42:28.264404+08	2024-09-18 02:50:59.323271+08	\N	\N	\N	2
362	DATA UPDATE USERINFO PIN=22\tName=Ariel\tPri=0\tPasswd=\tCard=\t\tGrp=1\tVerify=0	2024-09-20 03:40:37.378532+08	2024-09-20 03:41:24.271958+08	\N	\N	\N	2
398	DATA DELETE USERINFO PIN=39	2024-09-20 04:12:07.163322+08	2024-09-20 04:43:12.606324+08	\N	\N	\N	2
402	DATA DELETE USERINFO PIN=48	2024-09-20 04:14:01.432261+08	2024-09-20 04:43:12.606324+08	\N	\N	\N	2
426	DATA UPDATE USERINFO PIN=25\tName=Maximiliano\tPri=0\tPasswd=\tCard=\t\tGrp=1\tVerify=0	2024-09-20 04:36:37.268191+08	2024-09-20 04:43:12.606324+08	\N	\N	\N	2
430	DATA UPDATE BIOPHOTO PIN=30\tType=9\tFormat=1\tUrl=iclock/doc/biophoto/30.jpg	2024-09-20 04:36:38.182766+08	2024-09-20 04:43:12.606324+08	\N	\N	\N	2
434	DATA UPDATE BIOPHOTO PIN=33\tType=9\tFormat=1\tUrl=iclock/doc/biophoto/33.jpg	2024-09-20 04:36:38.983727+08	2024-09-20 04:43:12.606324+08	\N	\N	\N	2
438	DATA UPDATE USERINFO PIN=5\tName=Gonzalo\tPri=14\tPasswd=20152022\tCard=\t\tGrp=1\tVerify=0	2024-09-20 04:36:39.710158+08	2024-09-20 04:43:12.606324+08	\N	\N	\N	2
442	DATA UPDATE USERINFO PIN=52\tName=Falon\tPri=0\tPasswd=\tCard=\t\tGrp=1\tVerify=0	2024-09-20 04:36:40.569548+08	2024-09-20 04:43:12.606324+08	\N	\N	\N	2
446	DATA UPDATE USERINFO PIN=55\tName=Lucas\tPri=0\tPasswd=\tCard=\t\tGrp=1\tVerify=0	2024-09-20 04:36:41.428934+08	2024-09-20 04:43:12.606324+08	\N	\N	\N	2
450	DATA UPDATE USERINFO PIN=8\tName=Juan Martin\tPri=0\tPasswd=\tCard=\t\tGrp=1\tVerify=0	2024-09-20 04:36:42.215869+08	2024-09-20 04:43:12.606324+08	\N	\N	\N	2
335	DATA UPDATE BIOPHOTO PIN=16\tType=9\tFormat=1\tUrl=iclock/doc/biophoto/16.jpg	2024-09-18 22:40:48.987135+08	2024-09-18 23:14:23.648091+08	\N	\N	\N	2
339	DATA UPDATE BIOPHOTO PIN=18\tType=9\tFormat=1\tUrl=iclock/doc/biophoto/18.jpg	2024-09-20 03:08:55.292017+08	2024-09-20 03:10:14.915427+08	\N	\N	\N	2
351	DATA UPDATE USERINFO PIN=2\tName=Juan Carlos\tPri=0\tPasswd=\tCard=\t\tGrp=1\tVerify=0	2024-09-20 03:13:04.277238+08	2024-09-20 03:13:36.339471+08	\N	\N	\N	2
313	DATA UPDATE BIOPHOTO PIN=12\tType=9\tFormat=1\tUrl=iclock/doc/biophoto/12.jpg	2024-09-18 02:42:28.530039+08	2024-09-18 02:50:59.323271+08	\N	\N	\N	2
363	DATA UPDATE BIOPHOTO PIN=22\tType=9\tFormat=1\tUrl=iclock/doc/biophoto/22.jpg	2024-09-20 03:40:37.612908+08	2024-09-20 03:41:24.271958+08	\N	\N	\N	2
427	DATA UPDATE BIOPHOTO PIN=25\tType=9\tFormat=1\tUrl=iclock/doc/biophoto/25.jpg	2024-09-20 04:36:37.507311+08	2024-09-20 04:43:12.606324+08	\N	\N	\N	2
431	DATA UPDATE USERINFO PIN=32\tName=Antonella\tPri=0\tPasswd=\tCard=\t\tGrp=1\tVerify=0	2024-09-20 04:36:38.245269+08	2024-09-20 04:43:12.606324+08	\N	\N	\N	2
435	DATA UPDATE USERINFO PIN=4\tName=Maria Pía\tPri=0\tPasswd=\tCard=\t\tGrp=1\tVerify=0	2024-09-20 04:36:39.061865+08	2024-09-20 04:43:12.606324+08	\N	\N	\N	2
439	DATA UPDATE BIOPHOTO PIN=5\tType=9\tFormat=1\tUrl=iclock/doc/biophoto/5.jpg	2024-09-20 04:36:40.06954+08	2024-09-20 04:43:12.606324+08	\N	\N	\N	2
443	DATA UPDATE BIOPHOTO PIN=52\tType=9\tFormat=1\tUrl=iclock/doc/biophoto/52.jpg	2024-09-20 04:36:40.94456+08	2024-09-20 04:43:12.606324+08	\N	\N	\N	2
447	DATA UPDATE BIOPHOTO PIN=55\tType=9\tFormat=1\tUrl=iclock/doc/biophoto/55.jpg	2024-09-20 04:36:41.788315+08	2024-09-20 04:43:12.606324+08	\N	\N	\N	2
451	DATA UPDATE BIOPHOTO PIN=8\tType=9\tFormat=1\tUrl=iclock/doc/biophoto/8.jpg	2024-09-20 04:36:42.620788+08	2024-09-20 04:43:12.606324+08	\N	\N	\N	2
\.


--
